{"id":5594,"date":"2021-07-01T10:44:26","date_gmt":"2021-07-01T10:44:26","guid":{"rendered":"https:\/\/terradasideias.net\/cmb\/?page_id=5594"},"modified":"2025-09-22T14:44:06","modified_gmt":"2025-09-22T14:44:06","slug":"transportes-escolares","status":"publish","type":"page","link":"https:\/\/www.cm-benavente.pt\/index.php\/viver\/educacao\/transportes-escolares\/","title":{"rendered":"Transportes Escolares"},"content":{"rendered":"\t\t<div data-elementor-type=\"wp-page\" data-elementor-id=\"5594\" class=\"elementor elementor-5594\" data-elementor-post-type=\"page\">\n\t\t\t\t\t\t<section class=\"elementor-section elementor-top-section elementor-element elementor-element-958d8f2 elementor-section-boxed elementor-section-height-default elementor-section-height-default\" data-id=\"958d8f2\" data-element_type=\"section\" data-e-type=\"section\" data-settings=\"{&quot;tmea_shape_divider_top&quot;:&quot;none&quot;,&quot;tmea_shape_divider_bottom&quot;:&quot;none&quot;}\">\n\t\t\t\t\t\t<div class=\"elementor-container elementor-column-gap-default\">\n\t\t\t\t\t<div class=\"elementor-column elementor-col-100 elementor-top-column elementor-element elementor-element-be76bbf\" data-id=\"be76bbf\" data-element_type=\"column\" data-e-type=\"column\">\n\t\t\t<div class=\"elementor-widget-wrap\">\n\t\t\t\t\t\t\t<\/div>\n\t\t<\/div>\n\t\t\t\t\t<\/div>\n\t\t<\/section>\n\t\t\t\t<section class=\"elementor-section elementor-top-section elementor-element elementor-element-b83f1f6 elementor-section-height-min-height elementor-section-boxed elementor-section-height-default elementor-section-items-middle\" data-id=\"b83f1f6\" data-element_type=\"section\" data-e-type=\"section\" data-settings=\"{&quot;background_background&quot;:&quot;slideshow&quot;,&quot;background_slideshow_ken_burns&quot;:&quot;yes&quot;,&quot;background_slideshow_gallery&quot;:[{&quot;id&quot;:49497,&quot;url&quot;:&quot;https:\\\/\\\/www.cm-benavente.pt\\\/wp-content\\\/uploads\\\/2023\\\/10\\\/educacao-transportes-escolares-jpg.webp&quot;}],&quot;tmea_shape_divider_top&quot;:&quot;none&quot;,&quot;tmea_shape_divider_bottom&quot;:&quot;none&quot;,&quot;background_slideshow_loop&quot;:&quot;yes&quot;,&quot;background_slideshow_slide_duration&quot;:5000,&quot;background_slideshow_slide_transition&quot;:&quot;fade&quot;,&quot;background_slideshow_transition_duration&quot;:500,&quot;background_slideshow_ken_burns_zoom_direction&quot;:&quot;in&quot;}\">\n\t\t\t\t\t\t\t<div class=\"elementor-background-overlay\"><\/div>\n\t\t\t\t\t\t\t<div class=\"elementor-container elementor-column-gap-default\">\n\t\t\t\t\t<div class=\"elementor-column elementor-col-100 elementor-top-column elementor-element elementor-element-17dd76a elementor-invisible\" data-id=\"17dd76a\" data-element_type=\"column\" data-e-type=\"column\" data-settings=\"{&quot;animation&quot;:&quot;fadeIn&quot;}\">\n\t\t\t<div class=\"elementor-widget-wrap elementor-element-populated\">\n\t\t\t\t\t\t<div class=\"elementor-element elementor-element-cb2032c elementor-widget elementor-widget-heading\" data-id=\"cb2032c\" data-element_type=\"widget\" data-e-type=\"widget\" data-widget_type=\"heading.default\">\n\t\t\t\t<div class=\"elementor-widget-container\">\n\t\t\t\t\t<h2 class=\"elementor-heading-title elementor-size-default\">EDUCA\u00c7\u00c3O<\/h2>\t\t\t\t<\/div>\n\t\t\t\t<\/div>\n\t\t\t\t<div class=\"elementor-element elementor-element-33b9bdd elementor-widget elementor-widget-heading\" data-id=\"33b9bdd\" data-element_type=\"widget\" data-e-type=\"widget\" data-widget_type=\"heading.default\">\n\t\t\t\t<div class=\"elementor-widget-container\">\n\t\t\t\t\t<h2 class=\"elementor-heading-title elementor-size-default\">Transportes Escolares<\/h2>\t\t\t\t<\/div>\n\t\t\t\t<\/div>\n\t\t\t\t\t<\/div>\n\t\t<\/div>\n\t\t\t\t\t<\/div>\n\t\t<\/section>\n\t\t\t\t<section class=\"elementor-section elementor-top-section elementor-element elementor-element-159685b elementor-section-boxed elementor-section-height-default elementor-section-height-default\" data-id=\"159685b\" data-element_type=\"section\" data-e-type=\"section\" data-settings=\"{&quot;tmea_shape_divider_top&quot;:&quot;none&quot;,&quot;tmea_shape_divider_bottom&quot;:&quot;none&quot;}\">\n\t\t\t\t\t\t<div class=\"elementor-container elementor-column-gap-default\">\n\t\t\t\t\t<div class=\"elementor-column elementor-col-100 elementor-top-column elementor-element elementor-element-54fc2e4\" data-id=\"54fc2e4\" data-element_type=\"column\" data-e-type=\"column\">\n\t\t\t<div class=\"elementor-widget-wrap elementor-element-populated\">\n\t\t\t\t\n\t\t<div class=\"elementor-element elementor-element-429440b elementor-widget elementor-widget-text-editor\" data-id=\"429440b\" data-element_type=\"widget\" data-e-type=\"widget\" data-widget_type=\"text-editor.default\">\n\t\t\t\t<div class=\"elementor-widget-container\">\n\t\t\t\t\t\t\t\t\t<p>Os transportes escolares s\u00e3o gratuitos no \u00e2mbito da Portaria n.\u00ba 7-A\/2024, de 5 de janeiro para todos os alunos at\u00e9 aos 18 anos. O processo \u00e9 realizado diretamente com a empresa transportadora \u2013 Ribatejana.<\/p><p>Os alunos que necessitem de transporte em circuitos municipais, isto \u00e9 quando a rede p\u00fablica n\u00e3o garante a resposta, dever\u00e3o formalizar a candidatura <a href=\"https:\/\/node3.siga.edubox.pt\/backoffice\/modulos\/Candidaturas\/ExternalAccess.aspx?m=499&amp;t=499&amp;Guid=3e787da6-2d8c-40da-b07a-9f46003e5ecf\" target=\"_blank\" rel=\"noopener\"><strong><u>AQUI<\/u><\/strong><\/a><\/p><p>Qualquer d\u00favida contacte atrav\u00e9s <span id=\"cloakfe4ed791aa1d15a09e41949ad27eab81\"><a href=\"mailto:educacao@cm-benavente.pt\">educacao@cm-benavente.pt<\/a><\/span> ou pelo telefone <a href=\"tel:263519645\">263 519 645<\/a>.<\/p><p>Consulte os <strong>Gui\u00f5es informativos<\/strong>, que foram disponibilizados aos encarregados de educa\u00e7\u00e3o no in\u00edcio do ano letivo <a href=\"https:\/\/www.cm-benavente.pt\/index.php\/2025\/09\/22\/educacao-no-municipio-de-benavente-guiao-informativo-ensino-pre-escolar-e-1ociclo-2025-2026\/\" target=\"_blank\" rel=\"noopener\"><strong>AQUI.<\/strong><\/a><\/p>\t\t\t\t\t\t\t\t<\/div>\n\t\t\t\t<\/div>\n\t\t\t\t\t<\/div>\n\t\t<\/div>\n\t\t\t\t\t<\/div>\n\t\t<\/section>\n\t\t\t\t<\/div>\n\t\t","protected":false},"excerpt":{"rendered":"<p>EDUCA\u00c7\u00c3O Transportes Escolares Os transportes escolares s\u00e3o gratuitos no \u00e2mbito da Portaria n.\u00ba 7-A\/2024, de 5 de janeiro para todos os alunos at\u00e9 aos 18 anos. O processo \u00e9 realizado diretamente com a empresa transportadora \u2013 Ribatejana. Os alunos que necessitem de transporte em circuitos municipais, isto \u00e9 quando a rede p\u00fablica n\u00e3o garante a [&hellip;]<\/p>\n","protected":false},"author":6,"featured_media":0,"parent":24458,"menu_order":0,"comment_status":"closed","ping_status":"closed","template":"","meta":{"_vp_format_video_url":"","_vp_image_focal_point":[],"footnotes":""},"class_list":["post-5594","page","type-page","status-publish","hentry"],"_links":{"self":[{"href":"https:\/\/www.cm-benavente.pt\/index.php\/wp-json\/wp\/v2\/pages\/5594","targetHints":{"allow":["GET"]}}],"collection":[{"href":"https:\/\/www.cm-benavente.pt\/index.php\/wp-json\/wp\/v2\/pages"}],"about":[{"href":"https:\/\/www.cm-benavente.pt\/index.php\/wp-json\/wp\/v2\/types\/page"}],"author":[{"embeddable":true,"href":"https:\/\/www.cm-benavente.pt\/index.php\/wp-json\/wp\/v2\/users\/6"}],"replies":[{"embeddable":true,"href":"https:\/\/www.cm-benavente.pt\/index.php\/wp-json\/wp\/v2\/comments?post=5594"}],"version-history":[{"count":33,"href":"https:\/\/www.cm-benavente.pt\/index.php\/wp-json\/wp\/v2\/pages\/5594\/revisions"}],"predecessor-version":[{"id":77773,"href":"https:\/\/www.cm-benavente.pt\/index.php\/wp-json\/wp\/v2\/pages\/5594\/revisions\/77773"}],"up":[{"embeddable":true,"href":"https:\/\/www.cm-benavente.pt\/index.php\/wp-json\/wp\/v2\/pages\/24458"}],"wp:attachment":[{"href":"https:\/\/www.cm-benavente.pt\/index.php\/wp-json\/wp\/v2\/media?parent=5594"}],"curies":[{"name":"wp","href":"https:\/\/api.w.org\/{rel}","templated":true}]}}

<div data-elementor-type="wp-page" data-elementor-id="5594" class="elementor elementor-5594" data-elementor-post-type="page">
						<section class="elementor-section elementor-top-section elementor-element elementor-element-958d8f2 elementor-section-boxed elementor-section-height-default elementor-section-height-default" data-id="958d8f2" data-element_type="section" data-e-type="section" data-settings="{&quot;tmea_shape_divider_top&quot;:&quot;none&quot;,&quot;tmea_shape_divider_bottom&quot;:&quot;none&quot;}">
						<div class="elementor-container elementor-column-gap-default">
					<div class="elementor-column elementor-col-100 elementor-top-column elementor-element elementor-element-be76bbf" data-id="be76bbf" data-element_type="column" data-e-type="column">
			<div class="elementor-widget-wrap">
							</div>
		</div>
					</div>
		</section>
				<section class="elementor-section elementor-top-section elementor-element elementor-element-b83f1f6 elementor-section-height-min-height elementor-section-boxed elementor-section-height-default elementor-section-items-middle" data-id="b83f1f6" data-element_type="section" data-e-type="section" data-settings="{&quot;background_background&quot;:&quot;slideshow&quot;,&quot;background_slideshow_ken_burns&quot;:&quot;yes&quot;,&quot;background_slideshow_gallery&quot;:[{&quot;id&quot;:49497,&quot;url&quot;:&quot;https:\/\/www.cm-benavente.pt\/wp-content\/uploads\/2023\/10\/educacao-transportes-escolares-jpg.webp&quot;}],&quot;tmea_shape_divider_top&quot;:&quot;none&quot;,&quot;tmea_shape_divider_bottom&quot;:&quot;none&quot;,&quot;background_slideshow_loop&quot;:&quot;yes&quot;,&quot;background_slideshow_slide_duration&quot;:5000,&quot;background_slideshow_slide_transition&quot;:&quot;fade&quot;,&quot;background_slideshow_transition_duration&quot;:500,&quot;background_slideshow_ken_burns_zoom_direction&quot;:&quot;in&quot;}">
							<div class="elementor-background-overlay"></div>
							<div class="elementor-container elementor-column-gap-default">
					<div class="elementor-column elementor-col-100 elementor-top-column elementor-element elementor-element-17dd76a elementor-invisible" data-id="17dd76a" data-element_type="column" data-e-type="column" data-settings="{&quot;animation&quot;:&quot;fadeIn&quot;}">
			<div class="elementor-widget-wrap elementor-element-populated">
						<div class="elementor-element elementor-element-cb2032c elementor-widget elementor-widget-heading" data-id="cb2032c" data-element_type="widget" data-e-type="widget" data-widget_type="heading.default">
				<div class="elementor-widget-container">
					<h2 class="elementor-heading-title elementor-size-default">EDUCAÇÃO</h2>				</div>
				</div>
				<div class="elementor-element elementor-element-33b9bdd elementor-widget elementor-widget-heading" data-id="33b9bdd" data-element_type="widget" data-e-type="widget" data-widget_type="heading.default">
				<div class="elementor-widget-container">
					<h2 class="elementor-heading-title elementor-size-default">Transportes Escolares</h2>				</div>
				</div>
					</div>
		</div>
					</div>
		</section>
				<section class="elementor-section elementor-top-section elementor-element elementor-element-159685b elementor-section-boxed elementor-section-height-default elementor-section-height-default" data-id="159685b" data-element_type="section" data-e-type="section" data-settings="{&quot;tmea_shape_divider_top&quot;:&quot;none&quot;,&quot;tmea_shape_divider_bottom&quot;:&quot;none&quot;}">
						<div class="elementor-container elementor-column-gap-default">
					<div class="elementor-column elementor-col-100 elementor-top-column elementor-element elementor-element-54fc2e4" data-id="54fc2e4" data-element_type="column" data-e-type="column">
			<div class="elementor-widget-wrap elementor-element-populated">
				
		<div class="elementor-element elementor-element-429440b elementor-widget elementor-widget-text-editor" data-id="429440b" data-element_type="widget" data-e-type="widget" data-widget_type="text-editor.default">
				<div class="elementor-widget-container">
									<p>Os transportes escolares são gratuitos no âmbito da Portaria n.º 7-A/2024, de 5 de janeiro para todos os alunos até aos 18 anos. O processo é realizado diretamente com a empresa transportadora – Ribatejana.</p><p>Os alunos que necessitem de transporte em circuitos municipais, isto é quando a rede pública não garante a resposta, deverão formalizar a candidatura <a href="https://node3.siga.edubox.pt/backoffice/modulos/Candidaturas/ExternalAccess.aspx?m=499&amp;t=499&amp;Guid=3e787da6-2d8c-40da-b07a-9f46003e5ecf" target="_blank" rel="noopener"><strong><u>AQUI</u></strong></a></p><p>Qualquer dúvida contacte através <span id="cloakfe4ed791aa1d15a09e41949ad27eab81"><a href="mailto:educacao@cm-benavente.pt">educacao@cm-benavente.pt</a></span> ou pelo telefone <a href="tel:263519645">263 519 645</a>.</p><p>Consulte os <strong>Guiões informativos</strong>, que foram disponibilizados aos encarregados de educação no início do ano letivo <a href="https://www.cm-benavente.pt/index.php/2025/09/22/educacao-no-municipio-de-benavente-guiao-informativo-ensino-pre-escolar-e-1ociclo-2025-2026/" target="_blank" rel="noopener"><strong>AQUI.</strong></a></p>								</div>
				</div>
					</div>
		</div>
					</div>
		</section>
				</div>

<p>EDUCAÇÃO Transportes Escolares Os transportes escolares são gratuitos no âmbito da Portaria n.º 7-A/2024, de 5 de janeiro para todos os alunos até aos 18 anos. O processo é realizado diretamente com a empresa transportadora – Ribatejana. Os alunos que necessitem de transporte em circuitos municipais, isto é quando a rede pública não garante a [&hellip;]</p>
