{"id":48664,"date":"2023-08-03T10:17:35","date_gmt":"2023-08-03T10:17:35","guid":{"rendered":"https:\/\/www.cm-benavente.pt\/?page_id=48664"},"modified":"2026-04-01T15:46:05","modified_gmt":"2026-04-01T15:46:05","slug":"rede-social","status":"publish","type":"page","link":"https:\/\/www.cm-benavente.pt\/index.php\/viver\/acao-social\/rede-social\/","title":{"rendered":"Rede Social"},"content":{"rendered":"\t\t<div data-elementor-type=\"wp-page\" data-elementor-id=\"48664\" class=\"elementor elementor-48664\" data-elementor-post-type=\"page\">\n\t\t\t\t\t\t<section class=\"elementor-section elementor-top-section elementor-element elementor-element-c02ad0c elementor-section-boxed elementor-section-height-default elementor-section-height-default\" data-id=\"c02ad0c\" data-element_type=\"section\" data-e-type=\"section\" data-settings=\"{&quot;tmea_shape_divider_top&quot;:&quot;none&quot;,&quot;tmea_shape_divider_bottom&quot;:&quot;none&quot;}\">\n\t\t\t\t\t\t<div class=\"elementor-container elementor-column-gap-default\">\n\t\t\t\t\t<div class=\"elementor-column elementor-col-100 elementor-top-column elementor-element elementor-element-3c80c73\" data-id=\"3c80c73\" data-element_type=\"column\" data-e-type=\"column\">\n\t\t\t<div class=\"elementor-widget-wrap\">\n\t\t\t\t\t\t\t<\/div>\n\t\t<\/div>\n\t\t\t\t\t<\/div>\n\t\t<\/section>\n\t\t\t\t<section class=\"elementor-section elementor-top-section elementor-element elementor-element-7610b8f elementor-section-height-min-height elementor-section-boxed elementor-section-height-default elementor-section-items-middle\" data-id=\"7610b8f\" data-element_type=\"section\" data-e-type=\"section\" data-settings=\"{&quot;background_background&quot;:&quot;slideshow&quot;,&quot;background_slideshow_ken_burns&quot;:&quot;yes&quot;,&quot;background_slideshow_gallery&quot;:[{&quot;id&quot;:48668,&quot;url&quot;:&quot;https:\\\/\\\/www.cm-benavente.pt\\\/wp-content\\\/uploads\\\/2023\\\/08\\\/acao-social-rede-social-jpg.webp&quot;}],&quot;tmea_shape_divider_top&quot;:&quot;none&quot;,&quot;tmea_shape_divider_bottom&quot;:&quot;none&quot;,&quot;background_slideshow_loop&quot;:&quot;yes&quot;,&quot;background_slideshow_slide_duration&quot;:5000,&quot;background_slideshow_slide_transition&quot;:&quot;fade&quot;,&quot;background_slideshow_transition_duration&quot;:500,&quot;background_slideshow_ken_burns_zoom_direction&quot;:&quot;in&quot;}\">\n\t\t\t\t\t\t\t<div class=\"elementor-background-overlay\"><\/div>\n\t\t\t\t\t\t\t<div class=\"elementor-container elementor-column-gap-default\">\n\t\t\t\t\t<div class=\"elementor-column elementor-col-100 elementor-top-column elementor-element elementor-element-63b8a0e elementor-invisible\" data-id=\"63b8a0e\" data-element_type=\"column\" data-e-type=\"column\" data-settings=\"{&quot;animation&quot;:&quot;fadeIn&quot;}\">\n\t\t\t<div class=\"elementor-widget-wrap elementor-element-populated\">\n\t\t\t\t\t\t<div class=\"elementor-element elementor-element-7f4892d elementor-widget elementor-widget-heading\" data-id=\"7f4892d\" data-element_type=\"widget\" data-e-type=\"widget\" data-widget_type=\"heading.default\">\n\t\t\t\t<div class=\"elementor-widget-container\">\n\t\t\t\t\t<h2 class=\"elementor-heading-title elementor-size-default\">A\u00c7\u00c3O SOCIAL<\/h2>\t\t\t\t<\/div>\n\t\t\t\t<\/div>\n\t\t\t\t<div class=\"elementor-element elementor-element-c6a2e7b elementor-widget elementor-widget-heading\" data-id=\"c6a2e7b\" data-element_type=\"widget\" data-e-type=\"widget\" data-widget_type=\"heading.default\">\n\t\t\t\t<div class=\"elementor-widget-container\">\n\t\t\t\t\t<h2 class=\"elementor-heading-title elementor-size-default\">Rede Social<\/h2>\t\t\t\t<\/div>\n\t\t\t\t<\/div>\n\t\t\t\t<div class=\"elementor-element elementor-element-9828215 elementor-widget__width-initial elementor-widget elementor-widget-image\" data-id=\"9828215\" data-element_type=\"widget\" data-e-type=\"widget\" data-widget_type=\"image.default\">\n\t\t\t\t<div class=\"elementor-widget-container\">\n\t\t\t\t\t\t\t\t\t\t\t\t\t\t\t<img decoding=\"async\" width=\"150\" height=\"150\" src=\"https:\/\/www.cm-benavente.pt\/wp-content\/uploads\/2023\/08\/ods-1-150x150.webp\" class=\"attachment-thumbnail size-thumbnail wp-image-48590\" alt=\"\" srcset=\"https:\/\/www.cm-benavente.pt\/wp-content\/uploads\/2023\/08\/ods-1-150x150.webp 150w, https:\/\/www.cm-benavente.pt\/wp-content\/uploads\/2023\/08\/ods-1-300x300.webp 300w, https:\/\/www.cm-benavente.pt\/wp-content\/uploads\/2023\/08\/ods-1-jpg.webp 482w\" sizes=\"(max-width: 150px) 100vw, 150px\" \/>\t\t\t\t\t\t\t\t\t\t\t\t\t\t\t<\/div>\n\t\t\t\t<\/div>\n\t\t\t\t<div class=\"elementor-element elementor-element-5800e8f elementor-widget__width-initial elementor-widget elementor-widget-image\" data-id=\"5800e8f\" data-element_type=\"widget\" data-e-type=\"widget\" data-widget_type=\"image.default\">\n\t\t\t\t<div class=\"elementor-widget-container\">\n\t\t\t\t\t\t\t\t\t\t\t\t\t\t\t<img decoding=\"async\" width=\"150\" height=\"150\" src=\"https:\/\/www.cm-benavente.pt\/wp-content\/uploads\/2023\/08\/ods-2-150x150.webp\" class=\"attachment-thumbnail size-thumbnail wp-image-48596\" alt=\"\" srcset=\"https:\/\/www.cm-benavente.pt\/wp-content\/uploads\/2023\/08\/ods-2-150x150.webp 150w, https:\/\/www.cm-benavente.pt\/wp-content\/uploads\/2023\/08\/ods-2-300x300.webp 300w, https:\/\/www.cm-benavente.pt\/wp-content\/uploads\/2023\/08\/ods-2-jpg.webp 483w\" sizes=\"(max-width: 150px) 100vw, 150px\" \/>\t\t\t\t\t\t\t\t\t\t\t\t\t\t\t<\/div>\n\t\t\t\t<\/div>\n\t\t\t\t<div class=\"elementor-element elementor-element-2ffcadc elementor-widget__width-initial elementor-widget elementor-widget-image\" data-id=\"2ffcadc\" data-element_type=\"widget\" data-e-type=\"widget\" data-widget_type=\"image.default\">\n\t\t\t\t<div class=\"elementor-widget-container\">\n\t\t\t\t\t\t\t\t\t\t\t\t\t\t\t<img decoding=\"async\" width=\"150\" height=\"150\" src=\"https:\/\/www.cm-benavente.pt\/wp-content\/uploads\/2023\/08\/ods-3-150x150.webp\" class=\"attachment-thumbnail size-thumbnail wp-image-48598\" alt=\"\" srcset=\"https:\/\/www.cm-benavente.pt\/wp-content\/uploads\/2023\/08\/ods-3-150x150.webp 150w, https:\/\/www.cm-benavente.pt\/wp-content\/uploads\/2023\/08\/ods-3-300x300.webp 300w, https:\/\/www.cm-benavente.pt\/wp-content\/uploads\/2023\/08\/ods-3-jpg.webp 480w\" sizes=\"(max-width: 150px) 100vw, 150px\" \/>\t\t\t\t\t\t\t\t\t\t\t\t\t\t\t<\/div>\n\t\t\t\t<\/div>\n\t\t\t\t<div class=\"elementor-element elementor-element-c48dbb3 elementor-widget__width-initial elementor-widget elementor-widget-image\" data-id=\"c48dbb3\" data-element_type=\"widget\" data-e-type=\"widget\" data-widget_type=\"image.default\">\n\t\t\t\t<div class=\"elementor-widget-container\">\n\t\t\t\t\t\t\t\t\t\t\t\t\t\t\t<img loading=\"lazy\" decoding=\"async\" width=\"150\" height=\"150\" src=\"https:\/\/www.cm-benavente.pt\/wp-content\/uploads\/2023\/08\/ods-4-150x150.webp\" class=\"attachment-thumbnail size-thumbnail wp-image-48592\" alt=\"\" srcset=\"https:\/\/www.cm-benavente.pt\/wp-content\/uploads\/2023\/08\/ods-4-150x150.webp 150w, https:\/\/www.cm-benavente.pt\/wp-content\/uploads\/2023\/08\/ods-4-300x300.webp 300w, https:\/\/www.cm-benavente.pt\/wp-content\/uploads\/2023\/08\/ods-4-jpg.webp 483w\" sizes=\"(max-width: 150px) 100vw, 150px\" \/>\t\t\t\t\t\t\t\t\t\t\t\t\t\t\t<\/div>\n\t\t\t\t<\/div>\n\t\t\t\t\t<\/div>\n\t\t<\/div>\n\t\t\t\t\t<\/div>\n\t\t<\/section>\n\t\t\t\t<section class=\"elementor-section elementor-top-section elementor-element elementor-element-0db4107 elementor-section-boxed elementor-section-height-default elementor-section-height-default\" data-id=\"0db4107\" data-element_type=\"section\" data-e-type=\"section\" data-settings=\"{&quot;tmea_shape_divider_top&quot;:&quot;none&quot;,&quot;tmea_shape_divider_bottom&quot;:&quot;none&quot;}\">\n\t\t\t\t\t\t<div class=\"elementor-container elementor-column-gap-default\">\n\t\t\t\t\t<div class=\"elementor-column elementor-col-100 elementor-top-column elementor-element elementor-element-f8046d2\" data-id=\"f8046d2\" data-element_type=\"column\" data-e-type=\"column\">\n\t\t\t<div class=\"elementor-widget-wrap elementor-element-populated\">\n\t\t\t\t\t\t<section class=\"elementor-section elementor-inner-section elementor-element elementor-element-4fad7b5 elementor-section-boxed elementor-section-height-default elementor-section-height-default\" data-id=\"4fad7b5\" data-element_type=\"section\" data-e-type=\"section\" data-settings=\"{&quot;tmea_shape_divider_top&quot;:&quot;none&quot;,&quot;tmea_shape_divider_bottom&quot;:&quot;none&quot;}\">\n\t\t\t\t\t\t<div class=\"elementor-container elementor-column-gap-default\">\n\t\t\t\t\t<div class=\"elementor-column elementor-col-50 elementor-inner-column elementor-element elementor-element-eebee1a\" data-id=\"eebee1a\" data-element_type=\"column\" data-e-type=\"column\">\n\t\t\t<div class=\"elementor-widget-wrap elementor-element-populated\">\n\t\t\t\t\t\t<div class=\"elementor-element elementor-element-b001221 elementor-widget__width-initial elementor-widget elementor-widget-image\" data-id=\"b001221\" data-element_type=\"widget\" data-e-type=\"widget\" data-widget_type=\"image.default\">\n\t\t\t\t<div class=\"elementor-widget-container\">\n\t\t\t\t\t\t\t\t\t\t\t\t\t\t\t<img loading=\"lazy\" decoding=\"async\" width=\"733\" height=\"630\" src=\"https:\/\/www.cm-benavente.pt\/wp-content\/uploads\/2023\/08\/rede-social-jpg.webp\" class=\"attachment-full size-full wp-image-48743\" alt=\"\" srcset=\"https:\/\/www.cm-benavente.pt\/wp-content\/uploads\/2023\/08\/rede-social-jpg.webp 733w, https:\/\/www.cm-benavente.pt\/wp-content\/uploads\/2023\/08\/rede-social-300x258.webp 300w, https:\/\/www.cm-benavente.pt\/wp-content\/uploads\/2023\/08\/rede-social-500x430.webp 500w\" sizes=\"(max-width: 733px) 100vw, 733px\" \/>\t\t\t\t\t\t\t\t\t\t\t\t\t\t\t<\/div>\n\t\t\t\t<\/div>\n\t\t\t\t\t<\/div>\n\t\t<\/div>\n\t\t\t\t<div class=\"elementor-column elementor-col-50 elementor-inner-column elementor-element elementor-element-a4a520b\" data-id=\"a4a520b\" data-element_type=\"column\" data-e-type=\"column\">\n\t\t\t<div class=\"elementor-widget-wrap elementor-element-populated\">\n\t\t\t\t\n\t\t<div class=\"elementor-element elementor-element-e10894c elementor-widget elementor-widget-text-editor\" data-id=\"e10894c\" data-element_type=\"widget\" data-e-type=\"widget\" data-widget_type=\"text-editor.default\">\n\t\t\t\t<div class=\"elementor-widget-container\">\n\t\t\t\t\t\t\t\t\t<p>A Rede Social \u00e9 um f\u00f3rum de articula\u00e7\u00e3o e congrega\u00e7\u00e3o de esfor\u00e7os baseado na ades\u00e3o livre por parte das autarquias e das entidades p\u00fablicas ou privadas sem fins lucrativos com vista \u00e0 erradica\u00e7\u00e3o ou atenua\u00e7\u00e3o da pobreza e da exclus\u00e3o e \u00e0 promo\u00e7\u00e3o do desenvolvimento social. Pretende-se fomentar a forma\u00e7\u00e3o de uma consci\u00eancia coletiva dos problemas sociais e contribuir para a ativa\u00e7\u00e3o dos meios e agentes de resposta e para a otimiza\u00e7\u00e3o poss\u00edvel dos meios de a\u00e7\u00e3o nos locais.<\/p>\t\t\t\t\t\t\t\t<\/div>\n\t\t\t\t<\/div>\n\t\t\t\t\t<\/div>\n\t\t<\/div>\n\t\t\t\t\t<\/div>\n\t\t<\/section>\n\t\t\t\t<div class=\"elementor-element elementor-element-a436c49 elementor-widget elementor-widget-text-editor\" data-id=\"a436c49\" data-element_type=\"widget\" data-e-type=\"widget\" data-widget_type=\"text-editor.default\">\n\t\t\t\t<div class=\"elementor-widget-container\">\n\t\t\t\t\t\t\t\t\t<p>O que se prop\u00f5e \u00e9 que, em cada comunidade, as autarquias e as entidades p\u00fablicas e privadas:<\/p><ul><li>Tenham uma vis\u00e3o partilhada dos problemas sociais que existem nessa \u00e1rea;<\/li><li>Definam em conjunto objetivos, prioridades, estrat\u00e9gias e a\u00e7\u00f5es;<\/li><li>Utilizem de forma mais racional os recursos dispon\u00edveis.<\/li><\/ul><div>\u00a0<\/div><p>Foi criada atrav\u00e9s da Resolu\u00e7\u00e3o do Conselho de Ministros N.\u00ba 197\/1997, de 18 de Novembro, e da Declara\u00e7\u00e3o de Retifica\u00e7\u00e3o N.\u00ba 10-O\/1998.<\/p><p>Posteriormente foram publicados o Despacho Normativo N.\u00ba 8\/2002, de 12 de fevereiro, e o Decreto-Lei N.\u00ba 115\/2006, de 14 de junho.<\/p><p>No Munic\u00edpio de Benavente a Rede Social materializa-se atrav\u00e9s do Conselho Local de A\u00e7\u00e3o Social (CLAS), que se constitui como uma plataforma de planeamento e coordena\u00e7\u00e3o da interven\u00e7\u00e3o social.<\/p>\t\t\t\t\t\t\t\t<\/div>\n\t\t\t\t<\/div>\n\t\t\t\t<section class=\"elementor-section elementor-inner-section elementor-element elementor-element-09e0779 elementor-section-boxed elementor-section-height-default elementor-section-height-default\" data-id=\"09e0779\" data-element_type=\"section\" data-e-type=\"section\" data-settings=\"{&quot;tmea_shape_divider_top&quot;:&quot;none&quot;,&quot;tmea_shape_divider_bottom&quot;:&quot;none&quot;}\">\n\t\t\t\t\t\t<div class=\"elementor-container elementor-column-gap-default\">\n\t\t\t\t\t<div class=\"elementor-column elementor-col-50 elementor-inner-column elementor-element elementor-element-1feb516\" data-id=\"1feb516\" data-element_type=\"column\" data-e-type=\"column\">\n\t\t\t<div class=\"elementor-widget-wrap elementor-element-populated\">\n\t\t\t\t\t\t<div class=\"elementor-element elementor-element-5c1dcc9 elementor-position-top elementor-widget elementor-widget-image-box\" data-id=\"5c1dcc9\" data-element_type=\"widget\" data-e-type=\"widget\" data-widget_type=\"image-box.default\">\n\t\t\t\t<div class=\"elementor-widget-container\">\n\t\t\t\t\t<div class=\"elementor-image-box-wrapper\"><figure class=\"elementor-image-box-img\"><img loading=\"lazy\" decoding=\"async\" width=\"1080\" height=\"1080\" src=\"https:\/\/www.cm-benavente.pt\/wp-content\/uploads\/2025\/11\/Sonia-Ferreira-Presidente.jpg\" class=\"attachment-full size-full wp-image-80716\" alt=\"\" srcset=\"https:\/\/www.cm-benavente.pt\/wp-content\/uploads\/2025\/11\/Sonia-Ferreira-Presidente.jpg 1080w, https:\/\/www.cm-benavente.pt\/wp-content\/uploads\/2025\/11\/Sonia-Ferreira-Presidente-300x300.jpg 300w, https:\/\/www.cm-benavente.pt\/wp-content\/uploads\/2025\/11\/Sonia-Ferreira-Presidente-1024x1024.jpg 1024w, https:\/\/www.cm-benavente.pt\/wp-content\/uploads\/2025\/11\/Sonia-Ferreira-Presidente-150x150.jpg 150w, https:\/\/www.cm-benavente.pt\/wp-content\/uploads\/2025\/11\/Sonia-Ferreira-Presidente-768x768.jpg 768w, https:\/\/www.cm-benavente.pt\/wp-content\/uploads\/2025\/11\/Sonia-Ferreira-Presidente-500x500.jpg 500w, https:\/\/www.cm-benavente.pt\/wp-content\/uploads\/2025\/11\/Sonia-Ferreira-Presidente-800x800.jpg 800w\" sizes=\"(max-width: 1080px) 100vw, 1080px\" \/><\/figure><div class=\"elementor-image-box-content\"><h3 class=\"elementor-image-box-title\">S\u00f3nia Ferreira<\/h3><p class=\"elementor-image-box-description\">Presidente do CLAS de Benavente<\/p><\/div><\/div>\t\t\t\t<\/div>\n\t\t\t\t<\/div>\n\t\t\t\t\t<\/div>\n\t\t<\/div>\n\t\t\t\t<div class=\"elementor-column elementor-col-50 elementor-inner-column elementor-element elementor-element-f5b8176\" data-id=\"f5b8176\" data-element_type=\"column\" data-e-type=\"column\">\n\t\t\t<div class=\"elementor-widget-wrap elementor-element-populated\">\n\t\t\t\t\t\t<div class=\"elementor-element elementor-element-bf23422 elementor-position-top elementor-widget elementor-widget-image-box\" data-id=\"bf23422\" data-element_type=\"widget\" data-e-type=\"widget\" data-widget_type=\"image-box.default\">\n\t\t\t\t<div class=\"elementor-widget-container\">\n\t\t\t\t\t<div class=\"elementor-image-box-wrapper\"><figure class=\"elementor-image-box-img\"><img loading=\"lazy\" decoding=\"async\" width=\"1444\" height=\"1838\" src=\"https:\/\/www.cm-benavente.pt\/wp-content\/uploads\/2026\/04\/inescorreia.png\" class=\"attachment-full size-full wp-image-83754\" alt=\"\" srcset=\"https:\/\/www.cm-benavente.pt\/wp-content\/uploads\/2026\/04\/inescorreia.png 1444w, https:\/\/www.cm-benavente.pt\/wp-content\/uploads\/2026\/04\/inescorreia-236x300.png 236w, https:\/\/www.cm-benavente.pt\/wp-content\/uploads\/2026\/04\/inescorreia-804x1024.png 804w, https:\/\/www.cm-benavente.pt\/wp-content\/uploads\/2026\/04\/inescorreia-768x978.png 768w, https:\/\/www.cm-benavente.pt\/wp-content\/uploads\/2026\/04\/inescorreia-1207x1536.png 1207w, https:\/\/www.cm-benavente.pt\/wp-content\/uploads\/2026\/04\/inescorreia-500x636.png 500w, https:\/\/www.cm-benavente.pt\/wp-content\/uploads\/2026\/04\/inescorreia-800x1018.png 800w, https:\/\/www.cm-benavente.pt\/wp-content\/uploads\/2026\/04\/inescorreia-1280x1629.png 1280w\" sizes=\"(max-width: 1444px) 100vw, 1444px\" \/><\/figure><div class=\"elementor-image-box-content\"><h3 class=\"elementor-image-box-title\">In\u00eas Correia<\/h3><p class=\"elementor-image-box-description\">Coordenadora da Rede Social de Benavente<\/p><\/div><\/div>\t\t\t\t<\/div>\n\t\t\t\t<\/div>\n\t\t\t\t\t<\/div>\n\t\t<\/div>\n\t\t\t\t\t<\/div>\n\t\t<\/section>\n\t\t\t\t\t<\/div>\n\t\t<\/div>\n\t\t\t\t\t<\/div>\n\t\t<\/section>\n\t\t<div class=\"elementor-element elementor-element-5721003 e-flex e-con-boxed e-con e-parent\" data-id=\"5721003\" data-element_type=\"container\" data-e-type=\"container\" data-settings=\"{&quot;tmea_shape_divider_top&quot;:&quot;none&quot;,&quot;tmea_shape_divider_bottom&quot;:&quot;none&quot;}\">\n\t\t\t\t\t<div class=\"e-con-inner\">\n\t\t\t\t<div class=\"elementor-element elementor-element-fbf001b elementor-widget elementor-widget-heading\" data-id=\"fbf001b\" data-element_type=\"widget\" data-e-type=\"widget\" data-widget_type=\"heading.default\">\n\t\t\t\t<div class=\"elementor-widget-container\">\n\t\t\t\t\t<h3 class=\"elementor-heading-title elementor-size-default\">Visite o site oficial:<\/h3>\t\t\t\t<\/div>\n\t\t\t\t<\/div>\n\t\t\t\t<div class=\"elementor-element elementor-element-eed6677 elementor-widget elementor-widget-image\" data-id=\"eed6677\" data-element_type=\"widget\" data-e-type=\"widget\" data-widget_type=\"image.default\">\n\t\t\t\t<div class=\"elementor-widget-container\">\n\t\t\t\t\t\t\t\t\t\t\t\t\t\t\t\t<a href=\"https:\/\/redesocial.cm-benavente.pt\/\" target=\"_blank\">\n\t\t\t\t\t\t\t<img loading=\"lazy\" decoding=\"async\" width=\"800\" height=\"375\" src=\"https:\/\/www.cm-benavente.pt\/wp-content\/uploads\/2026\/04\/pagina-oficial-rede-social-municipio-de-benavente-1024x480.png\" class=\"elementor-animation-grow attachment-large size-large wp-image-83731\" alt=\"\" srcset=\"https:\/\/www.cm-benavente.pt\/wp-content\/uploads\/2026\/04\/pagina-oficial-rede-social-municipio-de-benavente-1024x480.png 1024w, https:\/\/www.cm-benavente.pt\/wp-content\/uploads\/2026\/04\/pagina-oficial-rede-social-municipio-de-benavente-300x141.png 300w, https:\/\/www.cm-benavente.pt\/wp-content\/uploads\/2026\/04\/pagina-oficial-rede-social-municipio-de-benavente-768x360.png 768w, https:\/\/www.cm-benavente.pt\/wp-content\/uploads\/2026\/04\/pagina-oficial-rede-social-municipio-de-benavente-1536x721.png 1536w, https:\/\/www.cm-benavente.pt\/wp-content\/uploads\/2026\/04\/pagina-oficial-rede-social-municipio-de-benavente-500x235.png 500w, https:\/\/www.cm-benavente.pt\/wp-content\/uploads\/2026\/04\/pagina-oficial-rede-social-municipio-de-benavente-800x375.png 800w, https:\/\/www.cm-benavente.pt\/wp-content\/uploads\/2026\/04\/pagina-oficial-rede-social-municipio-de-benavente-1280x600.png 1280w, https:\/\/www.cm-benavente.pt\/wp-content\/uploads\/2026\/04\/pagina-oficial-rede-social-municipio-de-benavente.png 1893w\" sizes=\"(max-width: 800px) 100vw, 800px\" \/>\t\t\t\t\t\t\t\t<\/a>\n\t\t\t\t\t\t\t\t\t\t\t\t\t\t\t<\/div>\n\t\t\t\t<\/div>\n\t\t\t\t\t<\/div>\n\t\t\t\t<\/div>\n\t\t\t\t<\/div>\n\t\t","protected":false},"excerpt":{"rendered":"<p>A\u00c7\u00c3O SOCIAL Rede Social A Rede Social \u00e9 um f\u00f3rum de articula\u00e7\u00e3o e congrega\u00e7\u00e3o de esfor\u00e7os baseado na ades\u00e3o livre por parte das autarquias e das entidades p\u00fablicas ou privadas sem fins lucrativos com vista \u00e0 erradica\u00e7\u00e3o ou atenua\u00e7\u00e3o da pobreza e da exclus\u00e3o e \u00e0 promo\u00e7\u00e3o do desenvolvimento social. Pretende-se fomentar a forma\u00e7\u00e3o de [&hellip;]<\/p>\n","protected":false},"author":3,"featured_media":0,"parent":36745,"menu_order":0,"comment_status":"closed","ping_status":"closed","template":"","meta":{"_vp_format_video_url":"","_vp_image_focal_point":[],"footnotes":""},"class_list":["post-48664","page","type-page","status-publish","hentry"],"_links":{"self":[{"href":"https:\/\/www.cm-benavente.pt\/index.php\/wp-json\/wp\/v2\/pages\/48664","targetHints":{"allow":["GET"]}}],"collection":[{"href":"https:\/\/www.cm-benavente.pt\/index.php\/wp-json\/wp\/v2\/pages"}],"about":[{"href":"https:\/\/www.cm-benavente.pt\/index.php\/wp-json\/wp\/v2\/types\/page"}],"author":[{"embeddable":true,"href":"https:\/\/www.cm-benavente.pt\/index.php\/wp-json\/wp\/v2\/users\/3"}],"replies":[{"embeddable":true,"href":"https:\/\/www.cm-benavente.pt\/index.php\/wp-json\/wp\/v2\/comments?post=48664"}],"version-history":[{"count":29,"href":"https:\/\/www.cm-benavente.pt\/index.php\/wp-json\/wp\/v2\/pages\/48664\/revisions"}],"predecessor-version":[{"id":83757,"href":"https:\/\/www.cm-benavente.pt\/index.php\/wp-json\/wp\/v2\/pages\/48664\/revisions\/83757"}],"up":[{"embeddable":true,"href":"https:\/\/www.cm-benavente.pt\/index.php\/wp-json\/wp\/v2\/pages\/36745"}],"wp:attachment":[{"href":"https:\/\/www.cm-benavente.pt\/index.php\/wp-json\/wp\/v2\/media?parent=48664"}],"curies":[{"name":"wp","href":"https:\/\/api.w.org\/{rel}","templated":true}]}}