{"id":41997,"date":"2023-03-13T14:52:25","date_gmt":"2023-03-13T14:52:25","guid":{"rendered":"https:\/\/www.cm-benavente.pt\/?page_id=41997"},"modified":"2023-03-24T14:33:48","modified_gmt":"2023-03-24T14:33:48","slug":"compostagem-domestica","status":"publish","type":"page","link":"https:\/\/www.cm-benavente.pt\/index.php\/viver\/ambiente\/compostagem-domestica\/","title":{"rendered":"Compostagem Dom\u00e9stica"},"content":{"rendered":"\t\t<div data-elementor-type=\"wp-page\" data-elementor-id=\"41997\" class=\"elementor elementor-41997\" data-elementor-post-type=\"page\">\n\t\t\t\t\t\t<section class=\"elementor-section elementor-top-section elementor-element elementor-element-2c789c6 elementor-section-boxed elementor-section-height-default elementor-section-height-default\" data-id=\"2c789c6\" data-element_type=\"section\" data-e-type=\"section\" data-settings=\"{&quot;tmea_shape_divider_top&quot;:&quot;none&quot;,&quot;tmea_shape_divider_bottom&quot;:&quot;none&quot;}\">\n\t\t\t\t\t\t<div class=\"elementor-container elementor-column-gap-default\">\n\t\t\t\t\t<div class=\"elementor-column elementor-col-100 elementor-top-column elementor-element elementor-element-8ffa387\" data-id=\"8ffa387\" data-element_type=\"column\" data-e-type=\"column\">\n\t\t\t<div class=\"elementor-widget-wrap\">\n\t\t\t\t\t\t\t<\/div>\n\t\t<\/div>\n\t\t\t\t\t<\/div>\n\t\t<\/section>\n\t\t\t\t<section class=\"elementor-section elementor-top-section elementor-element elementor-element-68e109b elementor-section-height-min-height elementor-section-boxed elementor-section-height-default elementor-section-items-middle\" data-id=\"68e109b\" data-element_type=\"section\" data-e-type=\"section\" data-settings=\"{&quot;background_background&quot;:&quot;slideshow&quot;,&quot;background_slideshow_ken_burns&quot;:&quot;yes&quot;,&quot;background_slideshow_gallery&quot;:[{&quot;id&quot;:42157,&quot;url&quot;:&quot;https:\\\/\\\/www.cm-benavente.pt\\\/wp-content\\\/uploads\\\/2023\\\/03\\\/MVI_7450-copiar.jpg&quot;},{&quot;id&quot;:43176,&quot;url&quot;:&quot;https:\\\/\\\/www.cm-benavente.pt\\\/wp-content\\\/uploads\\\/2023\\\/03\\\/IMG_7434-scaled.jpg&quot;},{&quot;id&quot;:43177,&quot;url&quot;:&quot;https:\\\/\\\/www.cm-benavente.pt\\\/wp-content\\\/uploads\\\/2023\\\/03\\\/MVI_7440-copiar.jpg&quot;}],&quot;tmea_shape_divider_top&quot;:&quot;none&quot;,&quot;tmea_shape_divider_bottom&quot;:&quot;none&quot;,&quot;background_slideshow_loop&quot;:&quot;yes&quot;,&quot;background_slideshow_slide_duration&quot;:5000,&quot;background_slideshow_slide_transition&quot;:&quot;fade&quot;,&quot;background_slideshow_transition_duration&quot;:500,&quot;background_slideshow_ken_burns_zoom_direction&quot;:&quot;in&quot;}\">\n\t\t\t\t\t\t\t<div class=\"elementor-background-overlay\"><\/div>\n\t\t\t\t\t\t\t<div class=\"elementor-container elementor-column-gap-default\">\n\t\t\t\t\t<div class=\"elementor-column elementor-col-100 elementor-top-column elementor-element elementor-element-57676e3 elementor-invisible\" data-id=\"57676e3\" data-element_type=\"column\" data-e-type=\"column\" data-settings=\"{&quot;animation&quot;:&quot;fadeIn&quot;}\">\n\t\t\t<div class=\"elementor-widget-wrap elementor-element-populated\">\n\t\t\t\t\t\t<div class=\"elementor-element elementor-element-ec804ba elementor-widget elementor-widget-heading\" data-id=\"ec804ba\" data-element_type=\"widget\" data-e-type=\"widget\" data-widget_type=\"heading.default\">\n\t\t\t\t<div class=\"elementor-widget-container\">\n\t\t\t\t\t<h2 class=\"elementor-heading-title elementor-size-default\">AMBIENTE<\/h2>\t\t\t\t<\/div>\n\t\t\t\t<\/div>\n\t\t\t\t<div class=\"elementor-element elementor-element-280ee32 elementor-widget elementor-widget-heading\" data-id=\"280ee32\" data-element_type=\"widget\" data-e-type=\"widget\" data-widget_type=\"heading.default\">\n\t\t\t\t<div class=\"elementor-widget-container\">\n\t\t\t\t\t<h2 class=\"elementor-heading-title elementor-size-default\">Compostagem Dom\u00e9stica<\/h2>\t\t\t\t<\/div>\n\t\t\t\t<\/div>\n\t\t\t\t\t<\/div>\n\t\t<\/div>\n\t\t\t\t\t<\/div>\n\t\t<\/section>\n\t\t\t\t<section class=\"elementor-section elementor-top-section elementor-element elementor-element-2900e89 elementor-section-boxed elementor-section-height-default elementor-section-height-default\" data-id=\"2900e89\" data-element_type=\"section\" data-e-type=\"section\" data-settings=\"{&quot;tmea_shape_divider_top&quot;:&quot;none&quot;,&quot;tmea_shape_divider_bottom&quot;:&quot;none&quot;}\">\n\t\t\t\t\t\t<div class=\"elementor-container elementor-column-gap-default\">\n\t\t\t\t\t<div class=\"elementor-column elementor-col-66 elementor-top-column elementor-element elementor-element-fb418ee\" data-id=\"fb418ee\" data-element_type=\"column\" data-e-type=\"column\">\n\t\t\t<div class=\"elementor-widget-wrap elementor-element-populated\">\n\t\t\t\t\t\t<div class=\"elementor-element elementor-element-6569c86 elementor-widget elementor-widget-heading\" data-id=\"6569c86\" data-element_type=\"widget\" data-e-type=\"widget\" data-widget_type=\"heading.default\">\n\t\t\t\t<div class=\"elementor-widget-container\">\n\t\t\t\t\t<h2 class=\"elementor-heading-title elementor-size-default\">Campanha \u201cAdote um compostor\u201c<\/h2>\t\t\t\t<\/div>\n\t\t\t\t<\/div>\n\t\t\n\t\t<div class=\"elementor-element elementor-element-3bc76e3 elementor-widget elementor-widget-text-editor\" data-id=\"3bc76e3\" data-element_type=\"widget\" data-e-type=\"widget\" data-widget_type=\"text-editor.default\">\n\t\t\t\t<div class=\"elementor-widget-container\">\n\t\t\t\t\t\t\t\t\t<p><strong>Ecolez\u00edria disponibiliza compostores de forma gratuita<\/strong><\/p><p>A\u00a0<strong>Ecolez\u00edria<\/strong>\u00a0\u00e9 uma empresa p\u00fablica que tem como objeto principal a recolha, tratamento e valoriza\u00e7\u00e3o de res\u00edduos urbanos produzidos na \u00e1rea dos\u00a0<strong>Munic\u00edpios<\/strong>\u00a0associados na<strong>\u00a0RESIURB \u2013 Munic\u00edpios de Almeirim, Alpiar\u00e7a, Benavente, Cartaxo, Coruche e Salvaterra de Magos<\/strong>. Em prepara\u00e7\u00e3o est\u00e1 uma vasta campanha de melhoria ambiental, e come\u00e7a com a entrega gratuita a quem quiser fazer compostagem em casa, desde que preencha os requisitos exigidos.<\/p>\t\t\t\t\t\t\t\t<\/div>\n\t\t\t\t<\/div>\n\t\t\t\t<div class=\"elementor-element elementor-element-1882261 elementor-widget elementor-widget-tme-accordion\" data-id=\"1882261\" data-element_type=\"widget\" data-e-type=\"widget\" data-widget_type=\"tme-accordion.default\">\n\t\t\t\t<div class=\"elementor-widget-container\">\n\t\t\t\t\t            <div class=\"tme-accordions\" data-selfclose=\"false\" data-opensingle=\"false\" data-openspeed=\"200\" data-closespeed=\"200\" data-autoscroll=\"false\" data-scrollspeed=\"400\" data-scrolloffset=\"0\">\n               \n                <div id=\"tme-64edf70-916769872\"  class=\"tmeaccordion is-default\" data-tmeaccordion-options='{\"selfBlock\": false}'>\n                    <h5 class=\"tmeaccordion__head\">\t\t\t\t\t\t\t\t\t\t\t\t\t\t\t\t\t\tO que \u00e9 a Compostagem Dom\u00e9stica?                    <\/h5>                    <div class=\"tmeaccordion__body\">\n                        <p>A compostagem \u00e9 um processo natural que consiste na decomposi\u00e7\u00e3o biol\u00f3gica de res\u00edduos org\u00e2nicos, do qual resulta um produto (composto) usado como adubo.<\/p><p>\u00c9 uma excelente solu\u00e7\u00e3o para quem tem moradias com espa\u00e7o exterior e quer ajudar a reciclar os res\u00edduos org\u00e2nicos produzidos, evitando que os mesmos sejam depositados em aterro. Para ajudar nesta tarefa, a\u00a0<strong>ECOLEZ\u00cdRIA<\/strong>\u00a0disponibiliza compostores de forma gratuita a todos os mun\u00edcipes dos seis concelhos de interven\u00e7\u00e3o que queiram fazer compostagem dom\u00e9stica.<\/p>                    <\/div>\n                <\/div>\n               \n                <div id=\"tme-eb3c152-916769872\"  class=\"tmeaccordion is-default\" data-tmeaccordion-options='{\"selfBlock\": false}'>\n                    <h5 class=\"tmeaccordion__head\">\t\t\t\t\t\t\t\t\t\t\t\t\t\t\t\t\t\tQuem se pode inscrever?                    <\/h5>                    <div class=\"tmeaccordion__body\">\n                        <p>Qualquer pessoa que possua casa com zona exterior de tipologia quintal, horta ou jardim.<\/p>                    <\/div>\n                <\/div>\n               \n                <div id=\"tme-3f339f6-916769872\"  class=\"tmeaccordion is-default\" data-tmeaccordion-options='{\"selfBlock\": false}'>\n                    <h5 class=\"tmeaccordion__head\">\t\t\t\t\t\t\t\t\t\t\t\t\t\t\t\t\t\tA partir de quando se podem inscrever?                    <\/h5>                    <div class=\"tmeaccordion__body\">\n                        <p>As inscri\u00e7\u00f5es j\u00e1 est\u00e3o abertas. Quem se pretende inscrever pode faz\u00ea-lo atrav\u00e9s do site da\u00a0<strong>Ecolez\u00edria<\/strong>, da\u00a0<strong>Junta de Freguesia<\/strong>\u00a0ou do\u00a0<strong>Munic\u00edpio<\/strong>\u00a0preenchendo para esse efeito a \u201c<a href=\"https:\/\/www.cm-benavente.pt\/wp-content\/uploads\/2023\/03\/Ficha-de-Inscricao-Compostagem-Domestica.pdf\" target=\"_blank\" rel=\"noopener\"><b>ficha de inscri\u00e7\u00e3o<\/b><\/a>\u201d.<\/p>                    <\/div>\n                <\/div>\n               \n                <div id=\"tme-ab08c2f-916769872\"  class=\"tmeaccordion is-default\" data-tmeaccordion-options='{\"selfBlock\": false}'>\n                    <h5 class=\"tmeaccordion__head\">\t\t\t\t\t\t\t\t\t\t\t\t\t\t\t\t\t\tOnde entregar a Ficha de Inscri\u00e7\u00e3o?                    <\/h5>                    <div class=\"tmeaccordion__body\">\n                        <p>Ap\u00f3s o devido preenchimento da \u201c<a href=\"https:\/\/www.cm-benavente.pt\/wp-content\/uploads\/2023\/03\/Ficha-de-Inscricao-Compostagem-Domestica.pdf\" target=\"_blank\" rel=\"noopener\">ficha de inscri\u00e7\u00e3o<\/a>\u201d a mesma deve ser entregue na\u00a0<strong>Junta de Freguesia<\/strong>\u00a0e\/ou\u00a0<strong>Munic\u00edpio de Benavente<\/strong>.<\/p><p>- Se a Ficha de inscri\u00e7\u00e3o for entregue na\u00a0<strong>Junta de Freguesia<\/strong>\u00a0esta deve ser reencaminhada para o representante do projeto no\u00a0<strong>Munic\u00edpio de Benavente<\/strong>\u00a0sendo para o caso a\u00a0<strong>Eng\u00aa Carla Pard\u00e3o<\/strong>. Posteriormente a Inscri\u00e7\u00e3o ser\u00e1 validada verificando se cumpre os requisitos e depois ser\u00e1 contactado para receber o compostor e o Guia de Compostagem.<\/p>                    <\/div>\n                <\/div>\n               \n                <div id=\"tme-69193df-916769872\"  class=\"tmeaccordion is-default\" data-tmeaccordion-options='{\"selfBlock\": false}'>\n                    <h5 class=\"tmeaccordion__head\">\t\t\t\t\t\t\t\t\t\t\t\t\t\t\t\t\t\tOnde e quando levantar o compostor?                    <\/h5>                    <div class=\"tmeaccordion__body\">\n                        <p>Ap\u00f3s a inscri\u00e7\u00e3o dever\u00e1 aguardar o contacto do seu\u00a0<strong>Munic\u00edpio<\/strong>\u00a0e\/ou\u00a0<strong>Junta<\/strong>\u00a0para definir qual o dia para a entrega ou recolha do compostor.<\/p>                    <\/div>\n                <\/div>\n               \n                <div id=\"tme-bb75b4f-916769872\"  class=\"tmeaccordion is-default\" data-tmeaccordion-options='{\"selfBlock\": false}'>\n                    <h5 class=\"tmeaccordion__head\">\t\t\t\t\t\t\t\t\t\t\t\t\t\t\t\t\t\tComo fazer para obter esclarecimentos?                    <\/h5>                    <div class=\"tmeaccordion__body\">\n                        <p>Qualquer esclarecimento dever\u00e1 ser efetuado para a<strong>\u00a0Ecolez\u00edria<\/strong>\u00a0atrav\u00e9s do email\u00a0<a href=\"mailto:ecoleziria@ecoleziria.pt\">ecoleziria@ecoleziria.pt<\/a>\u00a0ou pelo\u00a0<strong>n\u00famero verde 800\u00a0210\u00a0045<\/strong>\u00a0mencionando o assunto\u00a0<strong>\u201cCompostagem Dom\u00e9stica\u201d.<\/strong><\/p>                    <\/div>\n                <\/div>\n                \n            <\/div>\n            \t\t\t\t<\/div>\n\t\t\t\t<\/div>\n\t\t\t\t\t<\/div>\n\t\t<\/div>\n\t\t\t\t<div class=\"elementor-column elementor-col-33 elementor-top-column elementor-element elementor-element-890de7f\" data-id=\"890de7f\" data-element_type=\"column\" data-e-type=\"column\">\n\t\t\t<div class=\"elementor-widget-wrap elementor-element-populated\">\n\t\t\t\t\t\t<div class=\"elementor-element elementor-element-969c4d6 elementor-widget elementor-widget-image\" data-id=\"969c4d6\" data-element_type=\"widget\" data-e-type=\"widget\" data-widget_type=\"image.default\">\n\t\t\t\t<div class=\"elementor-widget-container\">\n\t\t\t\t\t\t\t\t\t\t\t\t\t\t\t<img fetchpriority=\"high\" decoding=\"async\" width=\"726\" height=\"1024\" src=\"https:\/\/www.cm-benavente.pt\/wp-content\/uploads\/2023\/03\/cartazecoleziria-726x1024.jpg\" class=\"attachment-large size-large wp-image-42042\" alt=\"\" srcset=\"https:\/\/www.cm-benavente.pt\/wp-content\/uploads\/2023\/03\/cartazecoleziria-726x1024.jpg 726w, https:\/\/www.cm-benavente.pt\/wp-content\/uploads\/2023\/03\/cartazecoleziria-213x300.jpg 213w, https:\/\/www.cm-benavente.pt\/wp-content\/uploads\/2023\/03\/cartazecoleziria-768x1083.jpg 768w, https:\/\/www.cm-benavente.pt\/wp-content\/uploads\/2023\/03\/cartazecoleziria-1089x1536.jpg 1089w, https:\/\/www.cm-benavente.pt\/wp-content\/uploads\/2023\/03\/cartazecoleziria-1452x2048.jpg 1452w, https:\/\/www.cm-benavente.pt\/wp-content\/uploads\/2023\/03\/cartazecoleziria-500x705.jpg 500w, https:\/\/www.cm-benavente.pt\/wp-content\/uploads\/2023\/03\/cartazecoleziria-800x1128.jpg 800w, https:\/\/www.cm-benavente.pt\/wp-content\/uploads\/2023\/03\/cartazecoleziria-1280x1805.jpg 1280w, https:\/\/www.cm-benavente.pt\/wp-content\/uploads\/2023\/03\/cartazecoleziria.jpg 1578w\" sizes=\"(max-width: 726px) 100vw, 726px\" \/>\t\t\t\t\t\t\t\t\t\t\t\t\t\t\t<\/div>\n\t\t\t\t<\/div>\n\t\t\t\t\t<\/div>\n\t\t<\/div>\n\t\t\t\t\t<\/div>\n\t\t<\/section>\n\t\t\t\t<section class=\"elementor-section elementor-top-section elementor-element elementor-element-d564076 elementor-section-boxed elementor-section-height-default elementor-section-height-default\" data-id=\"d564076\" data-element_type=\"section\" data-e-type=\"section\" data-settings=\"{&quot;tmea_shape_divider_top&quot;:&quot;none&quot;,&quot;tmea_shape_divider_bottom&quot;:&quot;none&quot;}\">\n\t\t\t\t\t\t<div class=\"elementor-container elementor-column-gap-default\">\n\t\t\t\t\t<div class=\"elementor-column elementor-col-100 elementor-top-column elementor-element elementor-element-a948386\" data-id=\"a948386\" data-element_type=\"column\" data-e-type=\"column\">\n\t\t\t<div class=\"elementor-widget-wrap elementor-element-populated\">\n\t\t\t\t\t\t<div class=\"elementor-element elementor-element-dd30c7f elementor-widget elementor-widget-tme-photo_gallery\" data-id=\"dd30c7f\" data-element_type=\"widget\" data-e-type=\"widget\" data-widget_type=\"tme-photo_gallery.default\">\n\t\t\t\t<div class=\"elementor-widget-container\">\n\t\t\t\t\t        <div id=\"tme-photo-gallery-dd30c7f\" class=\"tme-masonry-grid tme-masonry-alt\">\n            <div class=\"tme-four-columns\" data-columns>\n                                 \n                <div class=\"tme-masonry-item\">\n                <a class=\"tme-gallery-item elementor-animation-\" href=\"https:\/\/www.cm-benavente.pt\/wp-content\/uploads\/2023\/03\/flyer1.jpg\" data-caption=\"\" data-elementor-open-lightbox=\"default\" data-elementor-lightbox-slideshow=\"tme-gallery-dd30c7f\">\n                    <img decoding=\"async\" src=\"https:\/\/www.cm-benavente.pt\/wp-content\/uploads\/2023\/03\/flyer1-521x1024.jpg\" alt=\"\" \/>           \n                                    <\/a>\n                <\/div>\n                                 \n                <div class=\"tme-masonry-item\">\n                <a class=\"tme-gallery-item elementor-animation-\" href=\"https:\/\/www.cm-benavente.pt\/wp-content\/uploads\/2023\/03\/flyer2.jpg\" data-caption=\"\" data-elementor-open-lightbox=\"default\" data-elementor-lightbox-slideshow=\"tme-gallery-dd30c7f\">\n                    <img decoding=\"async\" src=\"https:\/\/www.cm-benavente.pt\/wp-content\/uploads\/2023\/03\/flyer2-478x1024.jpg\" alt=\"\" \/>           \n                                    <\/a>\n                <\/div>\n                                 \n                <div class=\"tme-masonry-item\">\n                <a class=\"tme-gallery-item elementor-animation-\" href=\"https:\/\/www.cm-benavente.pt\/wp-content\/uploads\/2023\/03\/flyer3.jpg\" data-caption=\"\" data-elementor-open-lightbox=\"default\" data-elementor-lightbox-slideshow=\"tme-gallery-dd30c7f\">\n                    <img decoding=\"async\" src=\"https:\/\/www.cm-benavente.pt\/wp-content\/uploads\/2023\/03\/flyer3-476x1024.jpg\" alt=\"\" \/>           \n                                    <\/a>\n                <\/div>\n                                 \n                <div class=\"tme-masonry-item\">\n                <a class=\"tme-gallery-item elementor-animation-\" href=\"https:\/\/www.cm-benavente.pt\/wp-content\/uploads\/2023\/03\/flyer4.jpg\" data-caption=\"\" data-elementor-open-lightbox=\"default\" data-elementor-lightbox-slideshow=\"tme-gallery-dd30c7f\">\n                    <img decoding=\"async\" src=\"https:\/\/www.cm-benavente.pt\/wp-content\/uploads\/2023\/03\/flyer4-479x1024.jpg\" alt=\"\" \/>           \n                                    <\/a>\n                <\/div>\n                            <\/div>\n        <\/div>\n        <div class=\"tme-clear\"><\/div>\n\t\t\t\t\t<\/div>\n\t\t\t\t<\/div>\n\t\t\t\t\t<\/div>\n\t\t<\/div>\n\t\t\t\t\t<\/div>\n\t\t<\/section>\n\t\t\t\t<\/div>\n\t\t","protected":false},"excerpt":{"rendered":"<p>AMBIENTE Compostagem Dom\u00e9stica Campanha \u201cAdote um compostor\u201c Ecolez\u00edria disponibiliza compostores de forma gratuita A\u00a0Ecolez\u00edria\u00a0\u00e9 uma empresa p\u00fablica que tem como objeto principal a recolha, tratamento e valoriza\u00e7\u00e3o de res\u00edduos urbanos produzidos na \u00e1rea dos\u00a0Munic\u00edpios\u00a0associados na\u00a0RESIURB \u2013 Munic\u00edpios de Almeirim, Alpiar\u00e7a, Benavente, Cartaxo, Coruche e Salvaterra de Magos. Em prepara\u00e7\u00e3o est\u00e1 uma vasta campanha de melhoria [&hellip;]<\/p>\n","protected":false},"author":3,"featured_media":0,"parent":3769,"menu_order":0,"comment_status":"closed","ping_status":"closed","template":"","meta":{"_vp_format_video_url":"","_vp_image_focal_point":[],"footnotes":""},"class_list":["post-41997","page","type-page","status-publish","hentry"],"_links":{"self":[{"href":"https:\/\/www.cm-benavente.pt\/index.php\/wp-json\/wp\/v2\/pages\/41997","targetHints":{"allow":["GET"]}}],"collection":[{"href":"https:\/\/www.cm-benavente.pt\/index.php\/wp-json\/wp\/v2\/pages"}],"about":[{"href":"https:\/\/www.cm-benavente.pt\/index.php\/wp-json\/wp\/v2\/types\/page"}],"author":[{"embeddable":true,"href":"https:\/\/www.cm-benavente.pt\/index.php\/wp-json\/wp\/v2\/users\/3"}],"replies":[{"embeddable":true,"href":"https:\/\/www.cm-benavente.pt\/index.php\/wp-json\/wp\/v2\/comments?post=41997"}],"version-history":[{"count":3,"href":"https:\/\/www.cm-benavente.pt\/index.php\/wp-json\/wp\/v2\/pages\/41997\/revisions"}],"predecessor-version":[{"id":43180,"href":"https:\/\/www.cm-benavente.pt\/index.php\/wp-json\/wp\/v2\/pages\/41997\/revisions\/43180"}],"up":[{"embeddable":true,"href":"https:\/\/www.cm-benavente.pt\/index.php\/wp-json\/wp\/v2\/pages\/3769"}],"wp:attachment":[{"href":"https:\/\/www.cm-benavente.pt\/index.php\/wp-json\/wp\/v2\/media?parent=41997"}],"curies":[{"name":"wp","href":"https:\/\/api.w.org\/{rel}","templated":true}]}}