{"id":84285,"date":"2026-04-27T10:57:34","date_gmt":"2026-04-27T10:57:34","guid":{"rendered":"https:\/\/www.cm-benavente.pt\/?post_type=mec-events&#038;p=84285"},"modified":"2026-04-27T10:57:34","modified_gmt":"2026-04-27T10:57:34","slug":"cinema-infantil-my-hero-academia-es-o-proximo","status":"publish","type":"mec-events","link":"https:\/\/www.cm-benavente.pt\/index.php\/events\/cinema-infantil-my-hero-academia-es-o-proximo\/","title":{"rendered":"Cinema Infantil \u201cMy Hero Academia: \u00c9s o pr\u00f3ximo\u201d"},"content":{"rendered":"<p><strong>\u201cMy Hero Academia: \u00c9s o pr\u00f3ximo\u201d<\/strong><br \/>\nM\/12 \u2013 Anima\u00e7\u00e3o \u2013 100m<br \/>\nCineteatro de Benavente<br \/>\n<strong>Domingo \u2013 03 de maio \u2013 16:00h<\/strong><br \/>\n\u2013 Bilhetes \u00e0 venda no Cineteatro de Benavente e online em https:\/\/municipe.cm-benavente.pt\/<br \/>\n<strong>Entrada gratuita<\/strong><\/p>\n<p>&nbsp;<\/p>\n<p><img fetchpriority=\"high\" decoding=\"async\" class=\"alignnone size-full wp-image-84286\" src=\"https:\/\/www.cm-benavente.pt\/wp-content\/uploads\/2026\/04\/1350_3-de-maio_cinema-infantil_2026.jpg\" alt=\"\" width=\"1350\" height=\"1080\" srcset=\"https:\/\/www.cm-benavente.pt\/wp-content\/uploads\/2026\/04\/1350_3-de-maio_cinema-infantil_2026.jpg 1350w, https:\/\/www.cm-benavente.pt\/wp-content\/uploads\/2026\/04\/1350_3-de-maio_cinema-infantil_2026-300x240.jpg 300w, https:\/\/www.cm-benavente.pt\/wp-content\/uploads\/2026\/04\/1350_3-de-maio_cinema-infantil_2026-1024x819.jpg 1024w, https:\/\/www.cm-benavente.pt\/wp-content\/uploads\/2026\/04\/1350_3-de-maio_cinema-infantil_2026-768x614.jpg 768w, https:\/\/www.cm-benavente.pt\/wp-content\/uploads\/2026\/04\/1350_3-de-maio_cinema-infantil_2026-500x400.jpg 500w, https:\/\/www.cm-benavente.pt\/wp-content\/uploads\/2026\/04\/1350_3-de-maio_cinema-infantil_2026-800x640.jpg 800w, https:\/\/www.cm-benavente.pt\/wp-content\/uploads\/2026\/04\/1350_3-de-maio_cinema-infantil_2026-1280x1024.jpg 1280w\" sizes=\"(max-width: 1350px) 100vw, 1350px\" \/><\/p>\n<p>&nbsp;<\/p>\n<p><strong>Sinopse:<\/strong><\/p>\n<p class=\"v-display-text-paragraph\"><span class=\"v-display-text-part\">\u201c\u00c9s o pr\u00f3ximo!\u201d<\/span><\/p>\n<p class=\"v-display-text-paragraph\"><span class=\"v-display-text-part\">Estas foram as palavras que All Might, S\u00edmbolo da Paz, soltou ap\u00f3s derrotar All For One, S\u00edmbolo do Mal. All Might pode j\u00e1 n\u00e3o ser o her\u00f3i n\u00famero 1 de uma sociedade onde a maioria da popula\u00e7\u00e3o tem uma Excentricidade superpoderosa, mas Deku e os seus colegas do Curso de Her\u00f3is no Liceu U.A. est\u00e3o determinados em continuar a sua vontade e ideais como her\u00f3is.<\/span><\/p>\n<p class=\"v-display-text-paragraph\"><span class=\"v-display-text-part\">Foi na primavera do segundo ano de Deku no U.A. que aconteceu uma batalha total entre her\u00f3is e vil\u00f5es. Deku enfrentou o extremamente poderoso Tomura Shigaraki e os dois entraram num violento confronto, e tanto her\u00f3is como vil\u00f5es sofreram pesados danos. Desde ent\u00e3o, a batalha foi interrompida temporariamente com a retirada de Shigaraki, mas o momento do pr\u00f3ximo confronto aproxima-se a cada segundo.<\/span><\/p>\n<p class=\"v-display-text-paragraph\"><span class=\"v-display-text-part\">\u00c9 num Jap\u00e3o devastado pela batalha total que subitamente surge um homem misterioso. Apresenta-se como aquele que substituir\u00e1 All Might, tornando-se o novo S\u00edmbolo. Proclama \u201cEu sou o pr\u00f3ximo!\u201d mas acaba por ser Dark Might! Apesar da apar\u00eancia semelhante com All Might, os ideais de Dark Might n\u00e3o poderiam ser mais diferentes. Utilizando a sua Excentricidade para os seus pr\u00f3prios desejos, cria um enorme forte que come\u00e7a a absorver os cidad\u00e3os, um ap\u00f3s o outro. No grupo que acompanha Dark Might est\u00e1 Anna, uma jovem com uma Excentricidade desconhecida, que est\u00e1 a ser perseguida por um indiv\u00edduo est\u00f3ico com traje de mordomo. Apesar dessa pessoa, Giulio, a chamar de \u201cMenina Anna\u201d, parece querer tirar-lhe a vida. Qual poder\u00e1 ser a conex\u00e3o deles com Dark Might?<\/span><\/p>\n<p class=\"v-display-text-paragraph\"><span class=\"v-display-text-part\">Ser\u00e3o Deku, Bakugo, Todoroki e o resto da Turma 1-A do U.A. capazes de proteger o mundo pondo fim ao Dark Might e aos seus desejos? Ter\u00e3o para isso que enfrentar Dark Might e a obscura organiza\u00e7\u00e3o criminosa sob o seu controlo, a Fam\u00edlia Gollini.<\/span><\/p>\n<p>&nbsp;<\/p>\n<p><iframe title=\"&quot;My Hero Academia: \u00c9s O Pr\u00f3ximo&quot; - Trailer Oficial (Sony Pictures Portugal)\" width=\"800\" height=\"450\" src=\"https:\/\/www.youtube.com\/embed\/OK5FULmQyg4?feature=oembed\" frameborder=\"0\" allow=\"accelerometer; autoplay; clipboard-write; encrypted-media; gyroscope; picture-in-picture; web-share\" referrerpolicy=\"strict-origin-when-cross-origin\" allowfullscreen><\/iframe><\/p>\n","protected":false},"excerpt":{"rendered":"<p>\u201cMy Hero Academia: \u00c9s o pr\u00f3ximo\u201d M\/12 \u2013 Anima\u00e7\u00e3o \u2013 100m Cineteatro de Benavente Domingo \u2013 03 de maio \u2013 16:00h \u2013 Bilhetes \u00e0 venda no Cineteatro de Benavente e online em https:\/\/municipe.cm-benavente.pt\/ Entrada gratuita &nbsp; &nbsp; Sinopse: \u201c\u00c9s o pr\u00f3ximo!\u201d Estas foram as palavras que All Might, S\u00edmbolo da Paz, soltou ap\u00f3s derrotar All [&hellip;]<\/p>\n","protected":false},"author":3,"featured_media":84287,"comment_status":"closed","ping_status":"closed","template":"","meta":{"_vp_format_video_url":"","_vp_image_focal_point":[]},"tags":[16,537,58,5,685,184],"mec_category":[649],"class_list":["post-84285","mec-events","type-mec-events","status-publish","has-post-thumbnail","hentry","tag-benavente","tag-cinema","tag-cineteatro","tag-cultura","tag-filme","tag-infantil","mec_category-cinema"],"_links":{"self":[{"href":"https:\/\/www.cm-benavente.pt\/index.php\/wp-json\/wp\/v2\/mec-events\/84285","targetHints":{"allow":["GET"]}}],"collection":[{"href":"https:\/\/www.cm-benavente.pt\/index.php\/wp-json\/wp\/v2\/mec-events"}],"about":[{"href":"https:\/\/www.cm-benavente.pt\/index.php\/wp-json\/wp\/v2\/types\/mec-events"}],"author":[{"embeddable":true,"href":"https:\/\/www.cm-benavente.pt\/index.php\/wp-json\/wp\/v2\/users\/3"}],"replies":[{"embeddable":true,"href":"https:\/\/www.cm-benavente.pt\/index.php\/wp-json\/wp\/v2\/comments?post=84285"}],"version-history":[{"count":1,"href":"https:\/\/www.cm-benavente.pt\/index.php\/wp-json\/wp\/v2\/mec-events\/84285\/revisions"}],"predecessor-version":[{"id":84288,"href":"https:\/\/www.cm-benavente.pt\/index.php\/wp-json\/wp\/v2\/mec-events\/84285\/revisions\/84288"}],"wp:featuredmedia":[{"embeddable":true,"href":"https:\/\/www.cm-benavente.pt\/index.php\/wp-json\/wp\/v2\/media\/84287"}],"wp:attachment":[{"href":"https:\/\/www.cm-benavente.pt\/index.php\/wp-json\/wp\/v2\/media?parent=84285"}],"wp:term":[{"taxonomy":"post_tag","embeddable":true,"href":"https:\/\/www.cm-benavente.pt\/index.php\/wp-json\/wp\/v2\/tags?post=84285"},{"taxonomy":"mec_category","embeddable":true,"href":"https:\/\/www.cm-benavente.pt\/index.php\/wp-json\/wp\/v2\/mec_category?post=84285"}],"curies":[{"name":"wp","href":"https:\/\/api.w.org\/{rel}","templated":true}]}}

Cinema Infantil “My Hero Academia: És o próximo”

<p><strong>“My Hero Academia: És o próximo”</strong><br />
M/12 – Animação – 100m<br />
Cineteatro de Benavente<br />
<strong>Domingo – 03 de maio – 16:00h</strong><br />
– Bilhetes à venda no Cineteatro de Benavente e online em https://municipe.cm-benavente.pt/<br />
<strong>Entrada gratuita</strong></p>
<p>&nbsp;</p>
<p><img fetchpriority="high" decoding="async" class="alignnone size-full wp-image-84286" src="https://www.cm-benavente.pt/wp-content/uploads/2026/04/1350_3-de-maio_cinema-infantil_2026.jpg" alt="" width="1350" height="1080" srcset="https://www.cm-benavente.pt/wp-content/uploads/2026/04/1350_3-de-maio_cinema-infantil_2026.jpg 1350w, https://www.cm-benavente.pt/wp-content/uploads/2026/04/1350_3-de-maio_cinema-infantil_2026-300x240.jpg 300w, https://www.cm-benavente.pt/wp-content/uploads/2026/04/1350_3-de-maio_cinema-infantil_2026-1024x819.jpg 1024w, https://www.cm-benavente.pt/wp-content/uploads/2026/04/1350_3-de-maio_cinema-infantil_2026-768x614.jpg 768w, https://www.cm-benavente.pt/wp-content/uploads/2026/04/1350_3-de-maio_cinema-infantil_2026-500x400.jpg 500w, https://www.cm-benavente.pt/wp-content/uploads/2026/04/1350_3-de-maio_cinema-infantil_2026-800x640.jpg 800w, https://www.cm-benavente.pt/wp-content/uploads/2026/04/1350_3-de-maio_cinema-infantil_2026-1280x1024.jpg 1280w" sizes="(max-width: 1350px) 100vw, 1350px" /></p>
<p>&nbsp;</p>
<p><strong>Sinopse:</strong></p>
<p class="v-display-text-paragraph"><span class="v-display-text-part">“És o próximo!”</span></p>
<p class="v-display-text-paragraph"><span class="v-display-text-part">Estas foram as palavras que All Might, Símbolo da Paz, soltou após derrotar All For One, Símbolo do Mal. All Might pode já não ser o herói número 1 de uma sociedade onde a maioria da população tem uma Excentricidade superpoderosa, mas Deku e os seus colegas do Curso de Heróis no Liceu U.A. estão determinados em continuar a sua vontade e ideais como heróis.</span></p>
<p class="v-display-text-paragraph"><span class="v-display-text-part">Foi na primavera do segundo ano de Deku no U.A. que aconteceu uma batalha total entre heróis e vilões. Deku enfrentou o extremamente poderoso Tomura Shigaraki e os dois entraram num violento confronto, e tanto heróis como vilões sofreram pesados danos. Desde então, a batalha foi interrompida temporariamente com a retirada de Shigaraki, mas o momento do próximo confronto aproxima-se a cada segundo.</span></p>
<p class="v-display-text-paragraph"><span class="v-display-text-part">É num Japão devastado pela batalha total que subitamente surge um homem misterioso. Apresenta-se como aquele que substituirá All Might, tornando-se o novo Símbolo. Proclama “Eu sou o próximo!” mas acaba por ser Dark Might! Apesar da aparência semelhante com All Might, os ideais de Dark Might não poderiam ser mais diferentes. Utilizando a sua Excentricidade para os seus próprios desejos, cria um enorme forte que começa a absorver os cidadãos, um após o outro. No grupo que acompanha Dark Might está Anna, uma jovem com uma Excentricidade desconhecida, que está a ser perseguida por um indivíduo estóico com traje de mordomo. Apesar dessa pessoa, Giulio, a chamar de “Menina Anna”, parece querer tirar-lhe a vida. Qual poderá ser a conexão deles com Dark Might?</span></p>
<p class="v-display-text-paragraph"><span class="v-display-text-part">Serão Deku, Bakugo, Todoroki e o resto da Turma 1-A do U.A. capazes de proteger o mundo pondo fim ao Dark Might e aos seus desejos? Terão para isso que enfrentar Dark Might e a obscura organização criminosa sob o seu controlo, a Família Gollini.</span></p>
<p>&nbsp;</p>
<p><iframe title="&quot;My Hero Academia: És O Próximo&quot; - Trailer Oficial (Sony Pictures Portugal)" width="800" height="450" src="https://www.youtube.com/embed/OK5FULmQyg4?feature=oembed" frameborder="0" allow="accelerometer; autoplay; clipboard-write; encrypted-media; gyroscope; picture-in-picture; web-share" referrerpolicy="strict-origin-when-cross-origin" allowfullscreen></iframe></p>

<p>“My Hero Academia: És o próximo” M/12 – Animação – 100m Cineteatro de Benavente Domingo – 03 de maio – 16:00h – Bilhetes à venda no Cineteatro de Benavente e online em https://municipe.cm-benavente.pt/ Entrada gratuita &nbsp; &nbsp; Sinopse: “És o próximo!” Estas foram as palavras que All Might, Símbolo da Paz, soltou após derrotar All [&hellip;]</p>
