{"id":84281,"date":"2026-04-27T09:43:52","date_gmt":"2026-04-27T09:43:52","guid":{"rendered":"https:\/\/www.cm-benavente.pt\/?post_type=mec-events&#038;p=84281"},"modified":"2026-04-27T09:43:52","modified_gmt":"2026-04-27T09:43:52","slug":"oficina-tecendo-o-crivo","status":"publish","type":"mec-events","link":"https:\/\/www.cm-benavente.pt\/index.php\/events\/oficina-tecendo-o-crivo\/","title":{"rendered":"Oficina &#8220;Tecendo o Crivo&#8221;"},"content":{"rendered":"<p><strong>Oficina &#8220;Tecendo o Crivo&#8221;<\/strong><\/p>\n<p><strong>02 de maio \u00e0s 10:00h e \u00e0s 15:00h<\/strong> no N\u00facleo Museol\u00f3gico Agr\u00edcola de Benavente<\/p>\n<p>Esta oficina criativa \u00e9 inspirada no crivo da cole\u00e7\u00e3o do Museu de Benavente, onde tradi\u00e7\u00e3o e cria\u00e7\u00e3o contempor\u00e2nea se entrela\u00e7am. A partir da observa\u00e7\u00e3o do objeto \u2014 forma, ritmo e textura \u2014 os participantes s\u00e3o convidados a \u201cpassar pelo crivo\u201d as suas escolhas criativas, explorando a tecelagem circular em tear. O resultado \u00e9 uma pe\u00e7a autoral que reinterpreta o patrim\u00f3nio, num processo que valoriza aten\u00e7\u00e3o, inten\u00e7\u00e3o e gesto.<\/p>\n<p>Pela artista visual e facilitadora Patr\u00edcia Teixeira<\/p>\n<p>Hor\u00e1rio \/ Idades:<br \/>\n10h | 0 aos 5 anos<br \/>\n16h | 6 aos 15 anos<\/p>\n<p><strong>Inscri\u00e7\u00f5es<\/strong> gratuitas, dispon\u00edveis no link <a href=\"https:\/\/forms.gle\/ojesp9zp9dQbQY3W6\" target=\"_blank\" rel=\"noopener\">https:\/\/forms.gle\/ojesp9zp9dQbQY3W6<\/a><\/p>\n<p>&nbsp;<\/p>\n<p><img fetchpriority=\"high\" decoding=\"async\" class=\"alignnone size-full wp-image-84282\" src=\"https:\/\/www.cm-benavente.pt\/wp-content\/uploads\/2026\/04\/672671508_1447265943863407_256026499518522638_n.jpg\" alt=\"\" width=\"1350\" height=\"1080\" srcset=\"https:\/\/www.cm-benavente.pt\/wp-content\/uploads\/2026\/04\/672671508_1447265943863407_256026499518522638_n.jpg 1350w, https:\/\/www.cm-benavente.pt\/wp-content\/uploads\/2026\/04\/672671508_1447265943863407_256026499518522638_n-300x240.jpg 300w, https:\/\/www.cm-benavente.pt\/wp-content\/uploads\/2026\/04\/672671508_1447265943863407_256026499518522638_n-1024x819.jpg 1024w, https:\/\/www.cm-benavente.pt\/wp-content\/uploads\/2026\/04\/672671508_1447265943863407_256026499518522638_n-768x614.jpg 768w, https:\/\/www.cm-benavente.pt\/wp-content\/uploads\/2026\/04\/672671508_1447265943863407_256026499518522638_n-500x400.jpg 500w, https:\/\/www.cm-benavente.pt\/wp-content\/uploads\/2026\/04\/672671508_1447265943863407_256026499518522638_n-800x640.jpg 800w, https:\/\/www.cm-benavente.pt\/wp-content\/uploads\/2026\/04\/672671508_1447265943863407_256026499518522638_n-1280x1024.jpg 1280w\" sizes=\"(max-width: 1350px) 100vw, 1350px\" \/><\/p>\n","protected":false},"excerpt":{"rendered":"<p>Oficina &#8220;Tecendo o Crivo&#8221; 02 de maio \u00e0s 10:00h e \u00e0s 15:00h no N\u00facleo Museol\u00f3gico Agr\u00edcola de Benavente Esta oficina criativa \u00e9 inspirada no crivo da cole\u00e7\u00e3o do Museu de Benavente, onde tradi\u00e7\u00e3o e cria\u00e7\u00e3o contempor\u00e2nea se entrela\u00e7am. A partir da observa\u00e7\u00e3o do objeto \u2014 forma, ritmo e textura \u2014 os participantes s\u00e3o convidados a [&hellip;]<\/p>\n","protected":false},"author":3,"featured_media":84283,"comment_status":"closed","ping_status":"closed","template":"","meta":{"_vp_format_video_url":"","_vp_image_focal_point":[]},"tags":[796,16,3234,17,1127,3233],"mec_category":[795],"class_list":["post-84281","mec-events","type-mec-events","status-publish","has-post-thumbnail","hentry","tag-arte","tag-benavente","tag-crivo","tag-museu","tag-oficina","tag-tecendo","mec_category-arte"],"_links":{"self":[{"href":"https:\/\/www.cm-benavente.pt\/index.php\/wp-json\/wp\/v2\/mec-events\/84281","targetHints":{"allow":["GET"]}}],"collection":[{"href":"https:\/\/www.cm-benavente.pt\/index.php\/wp-json\/wp\/v2\/mec-events"}],"about":[{"href":"https:\/\/www.cm-benavente.pt\/index.php\/wp-json\/wp\/v2\/types\/mec-events"}],"author":[{"embeddable":true,"href":"https:\/\/www.cm-benavente.pt\/index.php\/wp-json\/wp\/v2\/users\/3"}],"replies":[{"embeddable":true,"href":"https:\/\/www.cm-benavente.pt\/index.php\/wp-json\/wp\/v2\/comments?post=84281"}],"version-history":[{"count":1,"href":"https:\/\/www.cm-benavente.pt\/index.php\/wp-json\/wp\/v2\/mec-events\/84281\/revisions"}],"predecessor-version":[{"id":84284,"href":"https:\/\/www.cm-benavente.pt\/index.php\/wp-json\/wp\/v2\/mec-events\/84281\/revisions\/84284"}],"wp:featuredmedia":[{"embeddable":true,"href":"https:\/\/www.cm-benavente.pt\/index.php\/wp-json\/wp\/v2\/media\/84283"}],"wp:attachment":[{"href":"https:\/\/www.cm-benavente.pt\/index.php\/wp-json\/wp\/v2\/media?parent=84281"}],"wp:term":[{"taxonomy":"post_tag","embeddable":true,"href":"https:\/\/www.cm-benavente.pt\/index.php\/wp-json\/wp\/v2\/tags?post=84281"},{"taxonomy":"mec_category","embeddable":true,"href":"https:\/\/www.cm-benavente.pt\/index.php\/wp-json\/wp\/v2\/mec_category?post=84281"}],"curies":[{"name":"wp","href":"https:\/\/api.w.org\/{rel}","templated":true}]}}

<p><strong>Oficina &#8220;Tecendo o Crivo&#8221;</strong></p>
<p><strong>02 de maio às 10:00h e às 15:00h</strong> no Núcleo Museológico Agrícola de Benavente</p>
<p>Esta oficina criativa é inspirada no crivo da coleção do Museu de Benavente, onde tradição e criação contemporânea se entrelaçam. A partir da observação do objeto — forma, ritmo e textura — os participantes são convidados a “passar pelo crivo” as suas escolhas criativas, explorando a tecelagem circular em tear. O resultado é uma peça autoral que reinterpreta o património, num processo que valoriza atenção, intenção e gesto.</p>
<p>Pela artista visual e facilitadora Patrícia Teixeira</p>
<p>Horário / Idades:<br />
10h | 0 aos 5 anos<br />
16h | 6 aos 15 anos</p>
<p><strong>Inscrições</strong> gratuitas, disponíveis no link <a href="https://forms.gle/ojesp9zp9dQbQY3W6" target="_blank" rel="noopener">https://forms.gle/ojesp9zp9dQbQY3W6</a></p>
<p>&nbsp;</p>
<p><img fetchpriority="high" decoding="async" class="alignnone size-full wp-image-84282" src="https://www.cm-benavente.pt/wp-content/uploads/2026/04/672671508_1447265943863407_256026499518522638_n.jpg" alt="" width="1350" height="1080" srcset="https://www.cm-benavente.pt/wp-content/uploads/2026/04/672671508_1447265943863407_256026499518522638_n.jpg 1350w, https://www.cm-benavente.pt/wp-content/uploads/2026/04/672671508_1447265943863407_256026499518522638_n-300x240.jpg 300w, https://www.cm-benavente.pt/wp-content/uploads/2026/04/672671508_1447265943863407_256026499518522638_n-1024x819.jpg 1024w, https://www.cm-benavente.pt/wp-content/uploads/2026/04/672671508_1447265943863407_256026499518522638_n-768x614.jpg 768w, https://www.cm-benavente.pt/wp-content/uploads/2026/04/672671508_1447265943863407_256026499518522638_n-500x400.jpg 500w, https://www.cm-benavente.pt/wp-content/uploads/2026/04/672671508_1447265943863407_256026499518522638_n-800x640.jpg 800w, https://www.cm-benavente.pt/wp-content/uploads/2026/04/672671508_1447265943863407_256026499518522638_n-1280x1024.jpg 1280w" sizes="(max-width: 1350px) 100vw, 1350px" /></p>

<p>Oficina &#8220;Tecendo o Crivo&#8221; 02 de maio às 10:00h e às 15:00h no Núcleo Museológico Agrícola de Benavente Esta oficina criativa é inspirada no crivo da coleção do Museu de Benavente, onde tradição e criação contemporânea se entrelaçam. A partir da observação do objeto — forma, ritmo e textura — os participantes são convidados a [&hellip;]</p>
