{"id":83399,"date":"2026-03-13T11:13:40","date_gmt":"2026-03-13T11:13:40","guid":{"rendered":"https:\/\/www.cm-benavente.pt\/?post_type=mec-events&#038;p=83399"},"modified":"2026-03-13T11:13:40","modified_gmt":"2026-03-13T11:13:40","slug":"sfus-ii-torneio-de-ginastica-ritmica-de-santarem","status":"publish","type":"mec-events","link":"https:\/\/www.cm-benavente.pt\/index.php\/events\/sfus-ii-torneio-de-ginastica-ritmica-de-santarem\/","title":{"rendered":"SFUS &#8211; II Torneio de Gin\u00e1stica R\u00edtmica de Santar\u00e9m"},"content":{"rendered":"<p><img fetchpriority=\"high\" decoding=\"async\" class=\"alignnone size-full wp-image-83400\" src=\"https:\/\/www.cm-benavente.pt\/wp-content\/uploads\/2026\/03\/Torneio-ginastica-sfus.jpg\" alt=\"\" width=\"1084\" height=\"1355\" srcset=\"https:\/\/www.cm-benavente.pt\/wp-content\/uploads\/2026\/03\/Torneio-ginastica-sfus.jpg 1084w, https:\/\/www.cm-benavente.pt\/wp-content\/uploads\/2026\/03\/Torneio-ginastica-sfus-240x300.jpg 240w, https:\/\/www.cm-benavente.pt\/wp-content\/uploads\/2026\/03\/Torneio-ginastica-sfus-819x1024.jpg 819w, https:\/\/www.cm-benavente.pt\/wp-content\/uploads\/2026\/03\/Torneio-ginastica-sfus-768x960.jpg 768w, https:\/\/www.cm-benavente.pt\/wp-content\/uploads\/2026\/03\/Torneio-ginastica-sfus-500x625.jpg 500w, https:\/\/www.cm-benavente.pt\/wp-content\/uploads\/2026\/03\/Torneio-ginastica-sfus-800x1000.jpg 800w\" sizes=\"(max-width: 1084px) 100vw, 1084px\" \/><\/p>\n","protected":false},"excerpt":{"rendered":"","protected":false},"author":3,"featured_media":39908,"comment_status":"closed","ping_status":"closed","template":"","meta":{"_vp_format_video_url":"","_vp_image_focal_point":[]},"tags":[124,877,250,27,499],"mec_category":[1113],"class_list":["post-83399","mec-events","type-mec-events","status-publish","has-post-thumbnail","hentry","tag-desporto","tag-ginastica","tag-porto-alto","tag-samora-correia","tag-sfus","mec_category-ginastica"],"_links":{"self":[{"href":"https:\/\/www.cm-benavente.pt\/index.php\/wp-json\/wp\/v2\/mec-events\/83399","targetHints":{"allow":["GET"]}}],"collection":[{"href":"https:\/\/www.cm-benavente.pt\/index.php\/wp-json\/wp\/v2\/mec-events"}],"about":[{"href":"https:\/\/www.cm-benavente.pt\/index.php\/wp-json\/wp\/v2\/types\/mec-events"}],"author":[{"embeddable":true,"href":"https:\/\/www.cm-benavente.pt\/index.php\/wp-json\/wp\/v2\/users\/3"}],"replies":[{"embeddable":true,"href":"https:\/\/www.cm-benavente.pt\/index.php\/wp-json\/wp\/v2\/comments?post=83399"}],"version-history":[{"count":1,"href":"https:\/\/www.cm-benavente.pt\/index.php\/wp-json\/wp\/v2\/mec-events\/83399\/revisions"}],"predecessor-version":[{"id":83401,"href":"https:\/\/www.cm-benavente.pt\/index.php\/wp-json\/wp\/v2\/mec-events\/83399\/revisions\/83401"}],"wp:featuredmedia":[{"embeddable":true,"href":"https:\/\/www.cm-benavente.pt\/index.php\/wp-json\/wp\/v2\/media\/39908"}],"wp:attachment":[{"href":"https:\/\/www.cm-benavente.pt\/index.php\/wp-json\/wp\/v2\/media?parent=83399"}],"wp:term":[{"taxonomy":"post_tag","embeddable":true,"href":"https:\/\/www.cm-benavente.pt\/index.php\/wp-json\/wp\/v2\/tags?post=83399"},{"taxonomy":"mec_category","embeddable":true,"href":"https:\/\/www.cm-benavente.pt\/index.php\/wp-json\/wp\/v2\/mec_category?post=83399"}],"curies":[{"name":"wp","href":"https:\/\/api.w.org\/{rel}","templated":true}]}}

SFUS &#8211; II Torneio de Ginástica Rítmica de Santarém
