{"id":83292,"date":"2026-03-10T12:36:14","date_gmt":"2026-03-10T12:36:14","guid":{"rendered":"https:\/\/www.cm-benavente.pt\/?post_type=mec-events&#038;p=83292"},"modified":"2026-03-10T12:36:14","modified_gmt":"2026-03-10T12:36:14","slug":"hora-do-conto-para-familias-pe-de-pai","status":"publish","type":"mec-events","link":"https:\/\/www.cm-benavente.pt\/index.php\/events\/hora-do-conto-para-familias-pe-de-pai\/","title":{"rendered":"Hora do Conto para Fam\u00edlias &#8220;P\u00ea de Pai&#8221;"},"content":{"rendered":"<p><strong>Hora do Conto para Fam\u00edlias &#8220;P\u00ea de Pai&#8221;<\/strong><\/p>\n<p><strong>14 de mar\u00e7o \u00e0s 15:30h<\/strong> na Biblioteca Municipal de Benavente<\/p>\n<p>PAI, uma palavra, tantos significados.<br \/>\nO orgulho que se sente, o medo de cometer erros, a gentileza que se ousa revelar, o amor que se demonstra a cada momento.<br \/>\nExistem v\u00e1rios perfis de pais, mas todos eles esperam a mesma coisa\u2026 que os seus filhos sejam o mais felizes poss\u00edvel.<\/p>\n<p><strong>P\u00fablico-alvo:<\/strong> crian\u00e7as a partir dos 4 anos.<br \/>\n<strong>Inscri\u00e7\u00f5es:<\/strong> <a href=\"mailto:bibliotecas@cm-benavente.pt\">bibliotecas@cm-benavente.pt<\/a> (a partir 10.00h de 10 de Mar\u00e7o, limitado \u00e0 capacidade da sala)<\/p>\n<p>&nbsp;<\/p>\n<p><img fetchpriority=\"high\" decoding=\"async\" class=\"alignnone size-full wp-image-83293\" src=\"https:\/\/www.cm-benavente.pt\/wp-content\/uploads\/2026\/03\/14MAR-pedepai_1350.png\" alt=\"\" width=\"1356\" height=\"1086\" srcset=\"https:\/\/www.cm-benavente.pt\/wp-content\/uploads\/2026\/03\/14MAR-pedepai_1350.png 1356w, https:\/\/www.cm-benavente.pt\/wp-content\/uploads\/2026\/03\/14MAR-pedepai_1350-300x240.png 300w, https:\/\/www.cm-benavente.pt\/wp-content\/uploads\/2026\/03\/14MAR-pedepai_1350-1024x820.png 1024w, https:\/\/www.cm-benavente.pt\/wp-content\/uploads\/2026\/03\/14MAR-pedepai_1350-768x615.png 768w, https:\/\/www.cm-benavente.pt\/wp-content\/uploads\/2026\/03\/14MAR-pedepai_1350-500x400.png 500w, https:\/\/www.cm-benavente.pt\/wp-content\/uploads\/2026\/03\/14MAR-pedepai_1350-800x641.png 800w, https:\/\/www.cm-benavente.pt\/wp-content\/uploads\/2026\/03\/14MAR-pedepai_1350-1280x1025.png 1280w\" sizes=\"(max-width: 1356px) 100vw, 1356px\" \/><\/p>\n","protected":false},"excerpt":{"rendered":"<p>Hora do Conto para Fam\u00edlias &#8220;P\u00ea de Pai&#8221; 14 de mar\u00e7o \u00e0s 15:30h na Biblioteca Municipal de Benavente PAI, uma palavra, tantos significados. O orgulho que se sente, o medo de cometer erros, a gentileza que se ousa revelar, o amor que se demonstra a cada momento. Existem v\u00e1rios perfis de pais, mas todos eles [&hellip;]<\/p>\n","protected":false},"author":3,"featured_media":83294,"comment_status":"closed","ping_status":"closed","template":"","meta":{"_vp_format_video_url":"","_vp_image_focal_point":[]},"tags":[16,83,938,1150,794,2037],"mec_category":[757],"class_list":["post-83292","mec-events","type-mec-events","status-publish","has-post-thumbnail","hentry","tag-benavente","tag-biblioteca","tag-conto","tag-hora","tag-literatura","tag-pai","mec_category-literatura"],"_links":{"self":[{"href":"https:\/\/www.cm-benavente.pt\/index.php\/wp-json\/wp\/v2\/mec-events\/83292","targetHints":{"allow":["GET"]}}],"collection":[{"href":"https:\/\/www.cm-benavente.pt\/index.php\/wp-json\/wp\/v2\/mec-events"}],"about":[{"href":"https:\/\/www.cm-benavente.pt\/index.php\/wp-json\/wp\/v2\/types\/mec-events"}],"author":[{"embeddable":true,"href":"https:\/\/www.cm-benavente.pt\/index.php\/wp-json\/wp\/v2\/users\/3"}],"replies":[{"embeddable":true,"href":"https:\/\/www.cm-benavente.pt\/index.php\/wp-json\/wp\/v2\/comments?post=83292"}],"version-history":[{"count":1,"href":"https:\/\/www.cm-benavente.pt\/index.php\/wp-json\/wp\/v2\/mec-events\/83292\/revisions"}],"predecessor-version":[{"id":83295,"href":"https:\/\/www.cm-benavente.pt\/index.php\/wp-json\/wp\/v2\/mec-events\/83292\/revisions\/83295"}],"wp:featuredmedia":[{"embeddable":true,"href":"https:\/\/www.cm-benavente.pt\/index.php\/wp-json\/wp\/v2\/media\/83294"}],"wp:attachment":[{"href":"https:\/\/www.cm-benavente.pt\/index.php\/wp-json\/wp\/v2\/media?parent=83292"}],"wp:term":[{"taxonomy":"post_tag","embeddable":true,"href":"https:\/\/www.cm-benavente.pt\/index.php\/wp-json\/wp\/v2\/tags?post=83292"},{"taxonomy":"mec_category","embeddable":true,"href":"https:\/\/www.cm-benavente.pt\/index.php\/wp-json\/wp\/v2\/mec_category?post=83292"}],"curies":[{"name":"wp","href":"https:\/\/api.w.org\/{rel}","templated":true}]}}

Hora do Conto para Famílias &#8220;Pê de Pai&#8221;

<p><strong>Hora do Conto para Famílias &#8220;Pê de Pai&#8221;</strong></p>
<p><strong>14 de março às 15:30h</strong> na Biblioteca Municipal de Benavente</p>
<p>PAI, uma palavra, tantos significados.<br />
O orgulho que se sente, o medo de cometer erros, a gentileza que se ousa revelar, o amor que se demonstra a cada momento.<br />
Existem vários perfis de pais, mas todos eles esperam a mesma coisa… que os seus filhos sejam o mais felizes possível.</p>
<p><strong>Público-alvo:</strong> crianças a partir dos 4 anos.<br />
<strong>Inscrições:</strong> <a href="mailto:bibliotecas@cm-benavente.pt">bibliotecas@cm-benavente.pt</a> (a partir 10.00h de 10 de Março, limitado à capacidade da sala)</p>
<p>&nbsp;</p>
<p><img fetchpriority="high" decoding="async" class="alignnone size-full wp-image-83293" src="https://www.cm-benavente.pt/wp-content/uploads/2026/03/14MAR-pedepai_1350.png" alt="" width="1356" height="1086" srcset="https://www.cm-benavente.pt/wp-content/uploads/2026/03/14MAR-pedepai_1350.png 1356w, https://www.cm-benavente.pt/wp-content/uploads/2026/03/14MAR-pedepai_1350-300x240.png 300w, https://www.cm-benavente.pt/wp-content/uploads/2026/03/14MAR-pedepai_1350-1024x820.png 1024w, https://www.cm-benavente.pt/wp-content/uploads/2026/03/14MAR-pedepai_1350-768x615.png 768w, https://www.cm-benavente.pt/wp-content/uploads/2026/03/14MAR-pedepai_1350-500x400.png 500w, https://www.cm-benavente.pt/wp-content/uploads/2026/03/14MAR-pedepai_1350-800x641.png 800w, https://www.cm-benavente.pt/wp-content/uploads/2026/03/14MAR-pedepai_1350-1280x1025.png 1280w" sizes="(max-width: 1356px) 100vw, 1356px" /></p>

<p>Hora do Conto para Famílias &#8220;Pê de Pai&#8221; 14 de março às 15:30h na Biblioteca Municipal de Benavente PAI, uma palavra, tantos significados. O orgulho que se sente, o medo de cometer erros, a gentileza que se ousa revelar, o amor que se demonstra a cada momento. Existem vários perfis de pais, mas todos eles [&hellip;]</p>
