{"id":83283,"date":"2026-03-10T12:00:41","date_gmt":"2026-03-10T12:00:41","guid":{"rendered":"https:\/\/www.cm-benavente.pt\/?post_type=mec-events&#038;p=83283"},"modified":"2026-03-10T12:00:41","modified_gmt":"2026-03-10T12:00:41","slug":"cinema-digital-o-monte-dos-vendavais","status":"publish","type":"mec-events","link":"https:\/\/www.cm-benavente.pt\/index.php\/events\/cinema-digital-o-monte-dos-vendavais\/","title":{"rendered":"Cinema Digital \u201cO Monte dos Vendavais\u201d"},"content":{"rendered":"<p><strong>\u201cO Monte dos Vendavais\u201d<\/strong><br \/>\nM\/14 \u2013 Drama \u2013 125m<br \/>\nRealizador: Emerald F.<br \/>\nCineteatro de Benavente<br \/>\n<strong>Sexta-feira \u2013 13 de mar\u00e7o \u2013 21:30h<\/strong><br \/>\n\u2013 Bilhetes \u00e0 venda no Cineteatro de Benavente e online em https:\/\/municipe.cm-benavente.pt\/<br \/>\n<strong>Pre\u00e7o:<\/strong><br \/>\n3,00\u20ac adultos | 2,5\u20ac para menores de 25 anos | 2,00\u20ac para reformados<\/p>\n<p>&nbsp;<\/p>\n<p><img fetchpriority=\"high\" decoding=\"async\" class=\"alignnone size-full wp-image-83284\" src=\"https:\/\/www.cm-benavente.pt\/wp-content\/uploads\/2026\/03\/13MAR-1350.png\" alt=\"\" width=\"1356\" height=\"1086\" srcset=\"https:\/\/www.cm-benavente.pt\/wp-content\/uploads\/2026\/03\/13MAR-1350.png 1356w, https:\/\/www.cm-benavente.pt\/wp-content\/uploads\/2026\/03\/13MAR-1350-300x240.png 300w, https:\/\/www.cm-benavente.pt\/wp-content\/uploads\/2026\/03\/13MAR-1350-1024x820.png 1024w, https:\/\/www.cm-benavente.pt\/wp-content\/uploads\/2026\/03\/13MAR-1350-768x615.png 768w, https:\/\/www.cm-benavente.pt\/wp-content\/uploads\/2026\/03\/13MAR-1350-500x400.png 500w, https:\/\/www.cm-benavente.pt\/wp-content\/uploads\/2026\/03\/13MAR-1350-800x641.png 800w, https:\/\/www.cm-benavente.pt\/wp-content\/uploads\/2026\/03\/13MAR-1350-1280x1025.png 1280w\" sizes=\"(max-width: 1356px) 100vw, 1356px\" \/><\/p>\n<p>&nbsp;<\/p>\n<p><strong>Sinopse:<\/strong><\/p>\n<p>Numa vis\u00e3o ousada e original de uma das maiores hist\u00f3rias de amor de todos os tempos, \u201cO Monte dos Vendavais\u201d acompanha Cathy (Robbie) e Heathcliff (Elordi), cuja paix\u00e3o proibida passa de rom\u00e2ntica a arrebatadora, numa narrativa \u00e9pica de desejo, amor e loucura.<\/p>\n<p>&nbsp;<\/p>\n<p><iframe title=\"&quot;O Monte dos Vendavais&quot; | Trailer Oficial\" width=\"800\" height=\"450\" src=\"https:\/\/www.youtube.com\/embed\/Kg5uMypfqV0?feature=oembed\" frameborder=\"0\" allow=\"accelerometer; autoplay; clipboard-write; encrypted-media; gyroscope; picture-in-picture; web-share\" referrerpolicy=\"strict-origin-when-cross-origin\" allowfullscreen><\/iframe><\/p>\n","protected":false},"excerpt":{"rendered":"<p>\u201cO Monte dos Vendavais\u201d M\/14 \u2013 Drama \u2013 125m Realizador: Emerald F. Cineteatro de Benavente Sexta-feira \u2013 13 de mar\u00e7o \u2013 21:30h \u2013 Bilhetes \u00e0 venda no Cineteatro de Benavente e online em https:\/\/municipe.cm-benavente.pt\/ Pre\u00e7o: 3,00\u20ac adultos | 2,5\u20ac para menores de 25 anos | 2,00\u20ac para reformados &nbsp; &nbsp; Sinopse: Numa vis\u00e3o ousada e [&hellip;]<\/p>\n","protected":false},"author":3,"featured_media":83285,"comment_status":"closed","ping_status":"closed","template":"","meta":{"_vp_format_video_url":"","_vp_image_focal_point":[]},"tags":[16,537,58,685,3203,3204],"mec_category":[649],"class_list":["post-83283","mec-events","type-mec-events","status-publish","has-post-thumbnail","hentry","tag-benavente","tag-cinema","tag-cineteatro","tag-filme","tag-monte","tag-vendavais","mec_category-cinema"],"_links":{"self":[{"href":"https:\/\/www.cm-benavente.pt\/index.php\/wp-json\/wp\/v2\/mec-events\/83283","targetHints":{"allow":["GET"]}}],"collection":[{"href":"https:\/\/www.cm-benavente.pt\/index.php\/wp-json\/wp\/v2\/mec-events"}],"about":[{"href":"https:\/\/www.cm-benavente.pt\/index.php\/wp-json\/wp\/v2\/types\/mec-events"}],"author":[{"embeddable":true,"href":"https:\/\/www.cm-benavente.pt\/index.php\/wp-json\/wp\/v2\/users\/3"}],"replies":[{"embeddable":true,"href":"https:\/\/www.cm-benavente.pt\/index.php\/wp-json\/wp\/v2\/comments?post=83283"}],"version-history":[{"count":1,"href":"https:\/\/www.cm-benavente.pt\/index.php\/wp-json\/wp\/v2\/mec-events\/83283\/revisions"}],"predecessor-version":[{"id":83286,"href":"https:\/\/www.cm-benavente.pt\/index.php\/wp-json\/wp\/v2\/mec-events\/83283\/revisions\/83286"}],"wp:featuredmedia":[{"embeddable":true,"href":"https:\/\/www.cm-benavente.pt\/index.php\/wp-json\/wp\/v2\/media\/83285"}],"wp:attachment":[{"href":"https:\/\/www.cm-benavente.pt\/index.php\/wp-json\/wp\/v2\/media?parent=83283"}],"wp:term":[{"taxonomy":"post_tag","embeddable":true,"href":"https:\/\/www.cm-benavente.pt\/index.php\/wp-json\/wp\/v2\/tags?post=83283"},{"taxonomy":"mec_category","embeddable":true,"href":"https:\/\/www.cm-benavente.pt\/index.php\/wp-json\/wp\/v2\/mec_category?post=83283"}],"curies":[{"name":"wp","href":"https:\/\/api.w.org\/{rel}","templated":true}]}}

<p><strong>“O Monte dos Vendavais”</strong><br />
M/14 – Drama – 125m<br />
Realizador: Emerald F.<br />
Cineteatro de Benavente<br />
<strong>Sexta-feira – 13 de março – 21:30h</strong><br />
– Bilhetes à venda no Cineteatro de Benavente e online em https://municipe.cm-benavente.pt/<br />
<strong>Preço:</strong><br />
3,00€ adultos | 2,5€ para menores de 25 anos | 2,00€ para reformados</p>
<p>&nbsp;</p>
<p><img fetchpriority="high" decoding="async" class="alignnone size-full wp-image-83284" src="https://www.cm-benavente.pt/wp-content/uploads/2026/03/13MAR-1350.png" alt="" width="1356" height="1086" srcset="https://www.cm-benavente.pt/wp-content/uploads/2026/03/13MAR-1350.png 1356w, https://www.cm-benavente.pt/wp-content/uploads/2026/03/13MAR-1350-300x240.png 300w, https://www.cm-benavente.pt/wp-content/uploads/2026/03/13MAR-1350-1024x820.png 1024w, https://www.cm-benavente.pt/wp-content/uploads/2026/03/13MAR-1350-768x615.png 768w, https://www.cm-benavente.pt/wp-content/uploads/2026/03/13MAR-1350-500x400.png 500w, https://www.cm-benavente.pt/wp-content/uploads/2026/03/13MAR-1350-800x641.png 800w, https://www.cm-benavente.pt/wp-content/uploads/2026/03/13MAR-1350-1280x1025.png 1280w" sizes="(max-width: 1356px) 100vw, 1356px" /></p>
<p>&nbsp;</p>
<p><strong>Sinopse:</strong></p>
<p>Numa visão ousada e original de uma das maiores histórias de amor de todos os tempos, “O Monte dos Vendavais” acompanha Cathy (Robbie) e Heathcliff (Elordi), cuja paixão proibida passa de romântica a arrebatadora, numa narrativa épica de desejo, amor e loucura.</p>
<p>&nbsp;</p>
<p><iframe title="&quot;O Monte dos Vendavais&quot; | Trailer Oficial" width="800" height="450" src="https://www.youtube.com/embed/Kg5uMypfqV0?feature=oembed" frameborder="0" allow="accelerometer; autoplay; clipboard-write; encrypted-media; gyroscope; picture-in-picture; web-share" referrerpolicy="strict-origin-when-cross-origin" allowfullscreen></iframe></p>

<p>“O Monte dos Vendavais” M/14 – Drama – 125m Realizador: Emerald F. Cineteatro de Benavente Sexta-feira – 13 de março – 21:30h – Bilhetes à venda no Cineteatro de Benavente e online em https://municipe.cm-benavente.pt/ Preço: 3,00€ adultos | 2,5€ para menores de 25 anos | 2,00€ para reformados &nbsp; &nbsp; Sinopse: Numa visão ousada e [&hellip;]</p>
