{"id":81982,"date":"2026-01-09T09:55:41","date_gmt":"2026-01-09T09:55:41","guid":{"rendered":"https:\/\/www.cm-benavente.pt\/?post_type=mec-events&#038;p=81982"},"modified":"2026-01-09T09:55:41","modified_gmt":"2026-01-09T09:55:41","slug":"oficina-memorias-sonoras-desfragmentadas","status":"publish","type":"mec-events","link":"https:\/\/www.cm-benavente.pt\/index.php\/events\/oficina-memorias-sonoras-desfragmentadas\/","title":{"rendered":"Oficina &#8220;Mem\u00f3rias Sonoras desfragmentadas&#8221;"},"content":{"rendered":"<p><strong>Oficina &#8220;Mem\u00f3rias Sonoras desfragmentadas&#8221;<\/strong><\/p>\n<p><strong>17 de janeiro \u00e0s 15:00h<\/strong> no N\u00facleo Museol\u00f3gico Agr\u00edcola de Benavente<\/p>\n<p>Nesta oficina vamos explorar como os sons despertam mem\u00f3rias, imagens e sentimentos. Inspirados na exposi\u00e7\u00e3o \u201cZ\u00e9 &#8211; O Meu Mundo\u201d e atrav\u00e9s de sonoridades, o participante poder\u00e1 recordar e transformar lembran\u00e7as em cria\u00e7\u00e3o art\u00edstica. Atrav\u00e9s de sons, palavras e gestos simples, construiremos novas formas de olhar para aquilo que guardamos por dentro.<\/p>\n<p>Pela artista pl\u00e1stica Raquel S. Pereira<\/p>\n<p><strong>P\u00fablico-alvo:<\/strong> +16 anos<\/p>\n<div dir=\"auto\"><strong>Inscri\u00e7\u00f5es<\/strong> gratuitas mas limitadas atrav\u00e9s do link\u00a0<span class=\"html-span xdj266r x14z9mp xat24cr x1lziwak xexx8yu xyri2b x18d9i69 x1c1uobl x1hl2dhg x16tdsg8 x1vvkbs\"><a class=\"x1i10hfl xjbqb8w x1ejq31n x18oe1m7 x1sy0etr xstzfhl x972fbf x10w94by x1qhh985 x14e42zd x9f619 x1ypdohk xt0psk2 x3ct3a4 xdj266r x14z9mp xat24cr x1lziwak xexx8yu xyri2b x18d9i69 x1c1uobl x16tdsg8 x1hl2dhg xggy1nq x1a2a7pz xkrqix3 x1sur9pj x1fey0fg x1s688f\" tabindex=\"0\" role=\"link\" href=\"https:\/\/forms.gle\/K4UKdGHdiSyj4wrQA?fbclid=IwZXh0bgNhZW0CMTAAYnJpZBEwUG4zWld0QURISTNtNHhYRnNydGMGYXBwX2lkEDIyMjAzOTE3ODgyMDA4OTIAAR5rMVmqSF2AYfNd_A6y69dAhx3Y9JzjXg5gDH0YLCbmUg1_h1FdIsIvT2hYbw_aem_fepG6jphzBl4sjylWx3_RQ\" target=\"_blank\" rel=\"nofollow noopener\">https:\/\/forms.gle\/K4UKdGHdiSyj4wrQA<\/a><\/span><\/div>\n<div dir=\"auto\"><\/div>\n<div dir=\"auto\"><\/div>\n<div dir=\"auto\"><img fetchpriority=\"high\" decoding=\"async\" class=\"alignnone size-full wp-image-81983\" src=\"https:\/\/www.cm-benavente.pt\/wp-content\/uploads\/2026\/01\/memorias-sonoras.jpg\" alt=\"\" width=\"1832\" height=\"1832\" srcset=\"https:\/\/www.cm-benavente.pt\/wp-content\/uploads\/2026\/01\/memorias-sonoras.jpg 1832w, https:\/\/www.cm-benavente.pt\/wp-content\/uploads\/2026\/01\/memorias-sonoras-300x300.jpg 300w, https:\/\/www.cm-benavente.pt\/wp-content\/uploads\/2026\/01\/memorias-sonoras-1024x1024.jpg 1024w, https:\/\/www.cm-benavente.pt\/wp-content\/uploads\/2026\/01\/memorias-sonoras-150x150.jpg 150w, https:\/\/www.cm-benavente.pt\/wp-content\/uploads\/2026\/01\/memorias-sonoras-768x768.jpg 768w, https:\/\/www.cm-benavente.pt\/wp-content\/uploads\/2026\/01\/memorias-sonoras-500x500.jpg 500w, https:\/\/www.cm-benavente.pt\/wp-content\/uploads\/2026\/01\/memorias-sonoras-1536x1536.jpg 1536w, https:\/\/www.cm-benavente.pt\/wp-content\/uploads\/2026\/01\/memorias-sonoras-800x800.jpg 800w, https:\/\/www.cm-benavente.pt\/wp-content\/uploads\/2026\/01\/memorias-sonoras-1280x1280.jpg 1280w\" sizes=\"(max-width: 1832px) 100vw, 1832px\" \/><\/div>\n","protected":false},"excerpt":{"rendered":"<p>Oficina &#8220;Mem\u00f3rias Sonoras desfragmentadas&#8221; 17 de janeiro \u00e0s 15:00h no N\u00facleo Museol\u00f3gico Agr\u00edcola de Benavente Nesta oficina vamos explorar como os sons despertam mem\u00f3rias, imagens e sentimentos. Inspirados na exposi\u00e7\u00e3o \u201cZ\u00e9 &#8211; O Meu Mundo\u201d e atrav\u00e9s de sonoridades, o participante poder\u00e1 recordar e transformar lembran\u00e7as em cria\u00e7\u00e3o art\u00edstica. Atrav\u00e9s de sons, palavras e gestos [&hellip;]<\/p>\n","protected":false},"author":3,"featured_media":81984,"comment_status":"closed","ping_status":"closed","template":"","meta":{"_vp_format_video_url":"","_vp_image_focal_point":[]},"tags":[796,16,5,1983,17,1127,3173],"mec_category":[795],"class_list":["post-81982","mec-events","type-mec-events","status-publish","has-post-thumbnail","hentry","tag-arte","tag-benavente","tag-cultura","tag-memorias","tag-museu","tag-oficina","tag-sonoras","mec_category-arte"],"_links":{"self":[{"href":"https:\/\/www.cm-benavente.pt\/index.php\/wp-json\/wp\/v2\/mec-events\/81982","targetHints":{"allow":["GET"]}}],"collection":[{"href":"https:\/\/www.cm-benavente.pt\/index.php\/wp-json\/wp\/v2\/mec-events"}],"about":[{"href":"https:\/\/www.cm-benavente.pt\/index.php\/wp-json\/wp\/v2\/types\/mec-events"}],"author":[{"embeddable":true,"href":"https:\/\/www.cm-benavente.pt\/index.php\/wp-json\/wp\/v2\/users\/3"}],"replies":[{"embeddable":true,"href":"https:\/\/www.cm-benavente.pt\/index.php\/wp-json\/wp\/v2\/comments?post=81982"}],"version-history":[{"count":1,"href":"https:\/\/www.cm-benavente.pt\/index.php\/wp-json\/wp\/v2\/mec-events\/81982\/revisions"}],"predecessor-version":[{"id":81985,"href":"https:\/\/www.cm-benavente.pt\/index.php\/wp-json\/wp\/v2\/mec-events\/81982\/revisions\/81985"}],"wp:featuredmedia":[{"embeddable":true,"href":"https:\/\/www.cm-benavente.pt\/index.php\/wp-json\/wp\/v2\/media\/81984"}],"wp:attachment":[{"href":"https:\/\/www.cm-benavente.pt\/index.php\/wp-json\/wp\/v2\/media?parent=81982"}],"wp:term":[{"taxonomy":"post_tag","embeddable":true,"href":"https:\/\/www.cm-benavente.pt\/index.php\/wp-json\/wp\/v2\/tags?post=81982"},{"taxonomy":"mec_category","embeddable":true,"href":"https:\/\/www.cm-benavente.pt\/index.php\/wp-json\/wp\/v2\/mec_category?post=81982"}],"curies":[{"name":"wp","href":"https:\/\/api.w.org\/{rel}","templated":true}]}}

Oficina &#8220;Memórias Sonoras desfragmentadas&#8221;

<p><strong>Oficina &#8220;Memórias Sonoras desfragmentadas&#8221;</strong></p>
<p><strong>17 de janeiro às 15:00h</strong> no Núcleo Museológico Agrícola de Benavente</p>
<p>Nesta oficina vamos explorar como os sons despertam memórias, imagens e sentimentos. Inspirados na exposição “Zé &#8211; O Meu Mundo” e através de sonoridades, o participante poderá recordar e transformar lembranças em criação artística. Através de sons, palavras e gestos simples, construiremos novas formas de olhar para aquilo que guardamos por dentro.</p>
<p>Pela artista plástica Raquel S. Pereira</p>
<p><strong>Público-alvo:</strong> +16 anos</p>
<div dir="auto"><strong>Inscrições</strong> gratuitas mas limitadas através do link <span class="html-span xdj266r x14z9mp xat24cr x1lziwak xexx8yu xyri2b x18d9i69 x1c1uobl x1hl2dhg x16tdsg8 x1vvkbs"><a class="x1i10hfl xjbqb8w x1ejq31n x18oe1m7 x1sy0etr xstzfhl x972fbf x10w94by x1qhh985 x14e42zd x9f619 x1ypdohk xt0psk2 x3ct3a4 xdj266r x14z9mp xat24cr x1lziwak xexx8yu xyri2b x18d9i69 x1c1uobl x16tdsg8 x1hl2dhg xggy1nq x1a2a7pz xkrqix3 x1sur9pj x1fey0fg x1s688f" tabindex="0" role="link" href="https://forms.gle/K4UKdGHdiSyj4wrQA?fbclid=IwZXh0bgNhZW0CMTAAYnJpZBEwUG4zWld0QURISTNtNHhYRnNydGMGYXBwX2lkEDIyMjAzOTE3ODgyMDA4OTIAAR5rMVmqSF2AYfNd_A6y69dAhx3Y9JzjXg5gDH0YLCbmUg1_h1FdIsIvT2hYbw_aem_fepG6jphzBl4sjylWx3_RQ" target="_blank" rel="nofollow noopener">https://forms.gle/K4UKdGHdiSyj4wrQA</a></span></div>
<div dir="auto"></div>
<div dir="auto"></div>
<div dir="auto"><img fetchpriority="high" decoding="async" class="alignnone size-full wp-image-81983" src="https://www.cm-benavente.pt/wp-content/uploads/2026/01/memorias-sonoras.jpg" alt="" width="1832" height="1832" srcset="https://www.cm-benavente.pt/wp-content/uploads/2026/01/memorias-sonoras.jpg 1832w, https://www.cm-benavente.pt/wp-content/uploads/2026/01/memorias-sonoras-300x300.jpg 300w, https://www.cm-benavente.pt/wp-content/uploads/2026/01/memorias-sonoras-1024x1024.jpg 1024w, https://www.cm-benavente.pt/wp-content/uploads/2026/01/memorias-sonoras-150x150.jpg 150w, https://www.cm-benavente.pt/wp-content/uploads/2026/01/memorias-sonoras-768x768.jpg 768w, https://www.cm-benavente.pt/wp-content/uploads/2026/01/memorias-sonoras-500x500.jpg 500w, https://www.cm-benavente.pt/wp-content/uploads/2026/01/memorias-sonoras-1536x1536.jpg 1536w, https://www.cm-benavente.pt/wp-content/uploads/2026/01/memorias-sonoras-800x800.jpg 800w, https://www.cm-benavente.pt/wp-content/uploads/2026/01/memorias-sonoras-1280x1280.jpg 1280w" sizes="(max-width: 1832px) 100vw, 1832px" /></div>

<p>Oficina &#8220;Memórias Sonoras desfragmentadas&#8221; 17 de janeiro às 15:00h no Núcleo Museológico Agrícola de Benavente Nesta oficina vamos explorar como os sons despertam memórias, imagens e sentimentos. Inspirados na exposição “Zé &#8211; O Meu Mundo” e através de sonoridades, o participante poderá recordar e transformar lembranças em criação artística. Através de sons, palavras e gestos [&hellip;]</p>
