{"id":81903,"date":"2026-01-05T14:22:35","date_gmt":"2026-01-05T14:22:35","guid":{"rendered":"https:\/\/www.cm-benavente.pt\/?post_type=mec-events&#038;p=81903"},"modified":"2026-01-05T14:22:35","modified_gmt":"2026-01-05T14:22:35","slug":"tao-balalao-os-elementos-da-natureza-fogo","status":"publish","type":"mec-events","link":"https:\/\/www.cm-benavente.pt\/index.php\/events\/tao-balalao-os-elementos-da-natureza-fogo\/","title":{"rendered":"T\u00e3o Balal\u00e3o &#8220;Os Elementos da Natureza &#8211; Fogo&#8221;"},"content":{"rendered":"<p><strong>T\u00e3o Balal\u00e3o &#8220;Os Elementos da Natureza &#8211; Fogo&#8221;<\/strong><\/p>\n<p><strong>10 de janeiro \u00e0s 10:30h<\/strong> na Biblioteca Municipal de Benavente<\/p>\n<p>com Daniel Manuel<\/p>\n<p><strong>P\u00fablico:<\/strong> Primeira Inf\u00e2ncia (at\u00e9 aos 3 anos)<\/p>\n<p>Pela m\u00e3o de Daniel Manuel daremos continuidade \u00e0 nossa temporada com o elemento &#8211; FOGO.<br \/>\n\u201cOs elementos da natureza\u201d s\u00e3o a base deste ciclo de cinco sess\u00f5es de explora\u00e7\u00e3o musical concebido para a 1.\u00aa inf\u00e2ncia.<\/p>\n<p><strong>Inscri\u00e7\u00f5es e informa\u00e7\u00f5es:<\/strong> Inscri\u00e7\u00f5es gratuitas em <a href=\"mailto:bibliotecas@cm-benavente.pt\">bibliotecas@cm-benavente.pt<\/a><\/p>\n<p>&nbsp;<\/p>\n<p><img fetchpriority=\"high\" decoding=\"async\" class=\"alignnone size-full wp-image-81904\" src=\"https:\/\/www.cm-benavente.pt\/wp-content\/uploads\/2026\/01\/10JAN-elementosdanatureza_1080.png\" alt=\"\" width=\"1081\" height=\"1081\" srcset=\"https:\/\/www.cm-benavente.pt\/wp-content\/uploads\/2026\/01\/10JAN-elementosdanatureza_1080.png 1081w, https:\/\/www.cm-benavente.pt\/wp-content\/uploads\/2026\/01\/10JAN-elementosdanatureza_1080-300x300.png 300w, https:\/\/www.cm-benavente.pt\/wp-content\/uploads\/2026\/01\/10JAN-elementosdanatureza_1080-1024x1024.png 1024w, https:\/\/www.cm-benavente.pt\/wp-content\/uploads\/2026\/01\/10JAN-elementosdanatureza_1080-150x150.png 150w, https:\/\/www.cm-benavente.pt\/wp-content\/uploads\/2026\/01\/10JAN-elementosdanatureza_1080-768x768.png 768w, https:\/\/www.cm-benavente.pt\/wp-content\/uploads\/2026\/01\/10JAN-elementosdanatureza_1080-500x500.png 500w, https:\/\/www.cm-benavente.pt\/wp-content\/uploads\/2026\/01\/10JAN-elementosdanatureza_1080-800x800.png 800w\" sizes=\"(max-width: 1081px) 100vw, 1081px\" \/><\/p>\n","protected":false},"excerpt":{"rendered":"<p>T\u00e3o Balal\u00e3o &#8220;Os Elementos da Natureza &#8211; Fogo&#8221; 10 de janeiro \u00e0s 10:30h na Biblioteca Municipal de Benavente com Daniel Manuel P\u00fablico: Primeira Inf\u00e2ncia (at\u00e9 aos 3 anos) Pela m\u00e3o de Daniel Manuel daremos continuidade \u00e0 nossa temporada com o elemento &#8211; FOGO. \u201cOs elementos da natureza\u201d s\u00e3o a base deste ciclo de cinco sess\u00f5es [&hellip;]<\/p>\n","protected":false},"author":3,"featured_media":81905,"comment_status":"closed","ping_status":"closed","template":"","meta":{"_vp_format_video_url":"","_vp_image_focal_point":[]},"tags":[185,16,83,3171,589,794,1713,4,438,27,13],"mec_category":[757],"class_list":["post-81903","mec-events","type-mec-events","status-publish","has-post-thumbnail","hentry","tag-barrosa","tag-benavente","tag-biblioteca","tag-elementos","tag-fogo","tag-literatura","tag-municipio-de-benavente-2","tag-musica","tag-natureza","tag-samora-correia","tag-santo-estevao","mec_category-literatura"],"_links":{"self":[{"href":"https:\/\/www.cm-benavente.pt\/index.php\/wp-json\/wp\/v2\/mec-events\/81903","targetHints":{"allow":["GET"]}}],"collection":[{"href":"https:\/\/www.cm-benavente.pt\/index.php\/wp-json\/wp\/v2\/mec-events"}],"about":[{"href":"https:\/\/www.cm-benavente.pt\/index.php\/wp-json\/wp\/v2\/types\/mec-events"}],"author":[{"embeddable":true,"href":"https:\/\/www.cm-benavente.pt\/index.php\/wp-json\/wp\/v2\/users\/3"}],"replies":[{"embeddable":true,"href":"https:\/\/www.cm-benavente.pt\/index.php\/wp-json\/wp\/v2\/comments?post=81903"}],"version-history":[{"count":1,"href":"https:\/\/www.cm-benavente.pt\/index.php\/wp-json\/wp\/v2\/mec-events\/81903\/revisions"}],"predecessor-version":[{"id":81906,"href":"https:\/\/www.cm-benavente.pt\/index.php\/wp-json\/wp\/v2\/mec-events\/81903\/revisions\/81906"}],"wp:featuredmedia":[{"embeddable":true,"href":"https:\/\/www.cm-benavente.pt\/index.php\/wp-json\/wp\/v2\/media\/81905"}],"wp:attachment":[{"href":"https:\/\/www.cm-benavente.pt\/index.php\/wp-json\/wp\/v2\/media?parent=81903"}],"wp:term":[{"taxonomy":"post_tag","embeddable":true,"href":"https:\/\/www.cm-benavente.pt\/index.php\/wp-json\/wp\/v2\/tags?post=81903"},{"taxonomy":"mec_category","embeddable":true,"href":"https:\/\/www.cm-benavente.pt\/index.php\/wp-json\/wp\/v2\/mec_category?post=81903"}],"curies":[{"name":"wp","href":"https:\/\/api.w.org\/{rel}","templated":true}]}}

Tão Balalão &#8220;Os Elementos da Natureza &#8211; Fogo&#8221;

<p><strong>Tão Balalão &#8220;Os Elementos da Natureza &#8211; Fogo&#8221;</strong></p>
<p><strong>10 de janeiro às 10:30h</strong> na Biblioteca Municipal de Benavente</p>
<p>com Daniel Manuel</p>
<p><strong>Público:</strong> Primeira Infância (até aos 3 anos)</p>
<p>Pela mão de Daniel Manuel daremos continuidade à nossa temporada com o elemento &#8211; FOGO.<br />
“Os elementos da natureza” são a base deste ciclo de cinco sessões de exploração musical concebido para a 1.ª infância.</p>
<p><strong>Inscrições e informações:</strong> Inscrições gratuitas em <a href="mailto:bibliotecas@cm-benavente.pt">bibliotecas@cm-benavente.pt</a></p>
<p>&nbsp;</p>
<p><img fetchpriority="high" decoding="async" class="alignnone size-full wp-image-81904" src="https://www.cm-benavente.pt/wp-content/uploads/2026/01/10JAN-elementosdanatureza_1080.png" alt="" width="1081" height="1081" srcset="https://www.cm-benavente.pt/wp-content/uploads/2026/01/10JAN-elementosdanatureza_1080.png 1081w, https://www.cm-benavente.pt/wp-content/uploads/2026/01/10JAN-elementosdanatureza_1080-300x300.png 300w, https://www.cm-benavente.pt/wp-content/uploads/2026/01/10JAN-elementosdanatureza_1080-1024x1024.png 1024w, https://www.cm-benavente.pt/wp-content/uploads/2026/01/10JAN-elementosdanatureza_1080-150x150.png 150w, https://www.cm-benavente.pt/wp-content/uploads/2026/01/10JAN-elementosdanatureza_1080-768x768.png 768w, https://www.cm-benavente.pt/wp-content/uploads/2026/01/10JAN-elementosdanatureza_1080-500x500.png 500w, https://www.cm-benavente.pt/wp-content/uploads/2026/01/10JAN-elementosdanatureza_1080-800x800.png 800w" sizes="(max-width: 1081px) 100vw, 1081px" /></p>

<p>Tão Balalão &#8220;Os Elementos da Natureza &#8211; Fogo&#8221; 10 de janeiro às 10:30h na Biblioteca Municipal de Benavente com Daniel Manuel Público: Primeira Infância (até aos 3 anos) Pela mão de Daniel Manuel daremos continuidade à nossa temporada com o elemento &#8211; FOGO. “Os elementos da natureza” são a base deste ciclo de cinco sessões [&hellip;]</p>
