{"id":81899,"date":"2026-01-05T14:17:38","date_gmt":"2026-01-05T14:17:38","guid":{"rendered":"https:\/\/www.cm-benavente.pt\/?post_type=mec-events&#038;p=81899"},"modified":"2026-01-05T14:17:38","modified_gmt":"2026-01-05T14:17:38","slug":"contos-de-lusofonia-os-animais-e-a-fruta","status":"publish","type":"mec-events","link":"https:\/\/www.cm-benavente.pt\/index.php\/events\/contos-de-lusofonia-os-animais-e-a-fruta\/","title":{"rendered":"Contos de Lusofonia &#8220;Os Animais e a Fruta&#8221;"},"content":{"rendered":"<p><strong>Contos de Lusofonia &#8220;Os Animais e a Fruta&#8221;<\/strong><\/p>\n<p><strong>10 de janeiro \u00e0s 15:30h<\/strong> na Biblioteca Municipal de Benavente<\/p>\n<p>com Pap\u00e3o de Contos<\/p>\n<p><strong>P\u00fablico:<\/strong> Fam\u00edlias com crian\u00e7as a partir dos 4 anos<\/p>\n<p>Conto tradicional Africano.<br \/>\nUma \u00e1rvore misteriosa\u2026tantos frutos&#8230; mas nem um se consegue apanhar. Ai que fome! Subimos, trepamos, balan\u00e7amos e nada.<br \/>\nSer\u00e1 que existe uma palavra m\u00e1gica?<\/p>\n<p><strong>Inscri\u00e7\u00f5es e informa\u00e7\u00f5es:<\/strong> Inscri\u00e7\u00f5es gratuitas em <a href=\"mailto:bibliotecas@cm-benavente.pt\">bibliotecas@cm-benavente.pt<\/a><\/p>\n<p>&nbsp;<\/p>\n<p><img fetchpriority=\"high\" decoding=\"async\" class=\"alignnone size-full wp-image-81900\" src=\"https:\/\/www.cm-benavente.pt\/wp-content\/uploads\/2026\/01\/10JAN-contosdalusofonia-1080.jpg\" alt=\"\" width=\"1081\" height=\"1081\" srcset=\"https:\/\/www.cm-benavente.pt\/wp-content\/uploads\/2026\/01\/10JAN-contosdalusofonia-1080.jpg 1081w, https:\/\/www.cm-benavente.pt\/wp-content\/uploads\/2026\/01\/10JAN-contosdalusofonia-1080-300x300.jpg 300w, https:\/\/www.cm-benavente.pt\/wp-content\/uploads\/2026\/01\/10JAN-contosdalusofonia-1080-1024x1024.jpg 1024w, https:\/\/www.cm-benavente.pt\/wp-content\/uploads\/2026\/01\/10JAN-contosdalusofonia-1080-150x150.jpg 150w, https:\/\/www.cm-benavente.pt\/wp-content\/uploads\/2026\/01\/10JAN-contosdalusofonia-1080-768x768.jpg 768w, https:\/\/www.cm-benavente.pt\/wp-content\/uploads\/2026\/01\/10JAN-contosdalusofonia-1080-500x500.jpg 500w, https:\/\/www.cm-benavente.pt\/wp-content\/uploads\/2026\/01\/10JAN-contosdalusofonia-1080-800x800.jpg 800w\" sizes=\"(max-width: 1081px) 100vw, 1081px\" \/><\/p>\n","protected":false},"excerpt":{"rendered":"<p>Contos de Lusofonia &#8220;Os Animais e a Fruta&#8221; 10 de janeiro \u00e0s 15:30h na Biblioteca Municipal de Benavente com Pap\u00e3o de Contos P\u00fablico: Fam\u00edlias com crian\u00e7as a partir dos 4 anos Conto tradicional Africano. Uma \u00e1rvore misteriosa\u2026tantos frutos&#8230; mas nem um se consegue apanhar. Ai que fome! Subimos, trepamos, balan\u00e7amos e nada. Ser\u00e1 que existe [&hellip;]<\/p>\n","protected":false},"author":3,"featured_media":81901,"comment_status":"closed","ping_status":"closed","template":"","meta":{"_vp_format_video_url":"","_vp_image_focal_point":[]},"tags":[3170,223,185,16,83,3125,794,3169,1713,27,13],"mec_category":[757],"class_list":["post-81899","mec-events","type-mec-events","status-publish","has-post-thumbnail","hentry","tag-africa","tag-animais","tag-barrosa","tag-benavente","tag-biblioteca","tag-contos","tag-literatura","tag-lusofonia","tag-municipio-de-benavente-2","tag-samora-correia","tag-santo-estevao","mec_category-literatura"],"_links":{"self":[{"href":"https:\/\/www.cm-benavente.pt\/index.php\/wp-json\/wp\/v2\/mec-events\/81899","targetHints":{"allow":["GET"]}}],"collection":[{"href":"https:\/\/www.cm-benavente.pt\/index.php\/wp-json\/wp\/v2\/mec-events"}],"about":[{"href":"https:\/\/www.cm-benavente.pt\/index.php\/wp-json\/wp\/v2\/types\/mec-events"}],"author":[{"embeddable":true,"href":"https:\/\/www.cm-benavente.pt\/index.php\/wp-json\/wp\/v2\/users\/3"}],"replies":[{"embeddable":true,"href":"https:\/\/www.cm-benavente.pt\/index.php\/wp-json\/wp\/v2\/comments?post=81899"}],"version-history":[{"count":1,"href":"https:\/\/www.cm-benavente.pt\/index.php\/wp-json\/wp\/v2\/mec-events\/81899\/revisions"}],"predecessor-version":[{"id":81902,"href":"https:\/\/www.cm-benavente.pt\/index.php\/wp-json\/wp\/v2\/mec-events\/81899\/revisions\/81902"}],"wp:featuredmedia":[{"embeddable":true,"href":"https:\/\/www.cm-benavente.pt\/index.php\/wp-json\/wp\/v2\/media\/81901"}],"wp:attachment":[{"href":"https:\/\/www.cm-benavente.pt\/index.php\/wp-json\/wp\/v2\/media?parent=81899"}],"wp:term":[{"taxonomy":"post_tag","embeddable":true,"href":"https:\/\/www.cm-benavente.pt\/index.php\/wp-json\/wp\/v2\/tags?post=81899"},{"taxonomy":"mec_category","embeddable":true,"href":"https:\/\/www.cm-benavente.pt\/index.php\/wp-json\/wp\/v2\/mec_category?post=81899"}],"curies":[{"name":"wp","href":"https:\/\/api.w.org\/{rel}","templated":true}]}}

<p><strong>Contos de Lusofonia &#8220;Os Animais e a Fruta&#8221;</strong></p>
<p><strong>10 de janeiro às 15:30h</strong> na Biblioteca Municipal de Benavente</p>
<p>com Papão de Contos</p>
<p><strong>Público:</strong> Famílias com crianças a partir dos 4 anos</p>
<p>Conto tradicional Africano.<br />
Uma árvore misteriosa…tantos frutos&#8230; mas nem um se consegue apanhar. Ai que fome! Subimos, trepamos, balançamos e nada.<br />
Será que existe uma palavra mágica?</p>
<p><strong>Inscrições e informações:</strong> Inscrições gratuitas em <a href="mailto:bibliotecas@cm-benavente.pt">bibliotecas@cm-benavente.pt</a></p>
<p>&nbsp;</p>
<p><img fetchpriority="high" decoding="async" class="alignnone size-full wp-image-81900" src="https://www.cm-benavente.pt/wp-content/uploads/2026/01/10JAN-contosdalusofonia-1080.jpg" alt="" width="1081" height="1081" srcset="https://www.cm-benavente.pt/wp-content/uploads/2026/01/10JAN-contosdalusofonia-1080.jpg 1081w, https://www.cm-benavente.pt/wp-content/uploads/2026/01/10JAN-contosdalusofonia-1080-300x300.jpg 300w, https://www.cm-benavente.pt/wp-content/uploads/2026/01/10JAN-contosdalusofonia-1080-1024x1024.jpg 1024w, https://www.cm-benavente.pt/wp-content/uploads/2026/01/10JAN-contosdalusofonia-1080-150x150.jpg 150w, https://www.cm-benavente.pt/wp-content/uploads/2026/01/10JAN-contosdalusofonia-1080-768x768.jpg 768w, https://www.cm-benavente.pt/wp-content/uploads/2026/01/10JAN-contosdalusofonia-1080-500x500.jpg 500w, https://www.cm-benavente.pt/wp-content/uploads/2026/01/10JAN-contosdalusofonia-1080-800x800.jpg 800w" sizes="(max-width: 1081px) 100vw, 1081px" /></p>

<p>Contos de Lusofonia &#8220;Os Animais e a Fruta&#8221; 10 de janeiro às 15:30h na Biblioteca Municipal de Benavente com Papão de Contos Público: Famílias com crianças a partir dos 4 anos Conto tradicional Africano. Uma árvore misteriosa…tantos frutos&#8230; mas nem um se consegue apanhar. Ai que fome! Subimos, trepamos, balançamos e nada. Será que existe [&hellip;]</p>
