{"id":81348,"date":"2025-12-05T16:00:23","date_gmt":"2025-12-05T16:00:23","guid":{"rendered":"https:\/\/www.cm-benavente.pt\/?post_type=mec-events&#038;p=81348"},"modified":"2025-12-05T16:00:23","modified_gmt":"2025-12-05T16:00:23","slug":"dia-aberto-natal-no-museu-natal-de-pinha","status":"publish","type":"mec-events","link":"https:\/\/www.cm-benavente.pt\/index.php\/events\/dia-aberto-natal-no-museu-natal-de-pinha\/","title":{"rendered":"Dia Aberto | Natal no Museu | Natal de Pinha"},"content":{"rendered":"<div class=\"\" data-block=\"true\" data-editor=\"fhd5g\" data-offset-key=\"eaud8-0-0\">\n<div class=\"_1mf _1mj\" data-offset-key=\"eaud8-0-0\"><strong>Dia Aberto | Natal no Museu | Natal de Pinha<\/strong><\/div>\n<\/div>\n<div class=\"\" data-block=\"true\" data-editor=\"fhd5g\" data-offset-key=\"92aru-0-0\">\n<div class=\"_1mf _1mj\" data-offset-key=\"92aru-0-0\"><span data-offset-key=\"92aru-0-0\">\u00a0<\/span><\/div>\n<\/div>\n<div class=\"\" data-block=\"true\" data-editor=\"fhd5g\" data-offset-key=\"c6hbt-0-0\">\n<div class=\"_1mf _1mj\" data-offset-key=\"c6hbt-0-0\"><span data-offset-key=\"c6hbt-0-0\"><strong>13 de dezembro das 10:00h \u00e0s 13:00h e das 15:00h \u00e0s 18:00h<\/strong> no N\u00facleo Museol\u00f3gico Agr\u00edcola de Benavente<\/span><\/div>\n<\/div>\n<div class=\"\" data-block=\"true\" data-editor=\"fhd5g\" data-offset-key=\"bap04-0-0\">\n<div class=\"_1mf _1mj\" data-offset-key=\"bap04-0-0\"><span data-offset-key=\"bap04-0-0\">\u00a0<\/span><\/div>\n<\/div>\n<div class=\"\" data-block=\"true\" data-editor=\"fhd5g\" data-offset-key=\"9p3rg-0-0\">\n<div class=\"_1mf _1mj\" data-offset-key=\"9p3rg-0-0\"><span data-offset-key=\"9p3rg-0-0\">Oficinas e anima\u00e7\u00e3o com Maria Pinha<\/span><\/div>\n<\/div>\n<div class=\"\" data-block=\"true\" data-editor=\"fhd5g\" data-offset-key=\"b9srl-0-0\">\n<div class=\"_1mf _1mj\" data-offset-key=\"b9srl-0-0\"><span data-offset-key=\"b9srl-0-0\">\u00a0<\/span><\/div>\n<\/div>\n<div class=\"\" data-block=\"true\" data-editor=\"fhd5g\" data-offset-key=\"ac9lo-0-0\">\n<div class=\"_1mf _1mj\" data-offset-key=\"ac9lo-0-0\"><strong>Entrada gratuita<\/strong><\/div>\n<\/div>\n<div class=\"\" data-block=\"true\" data-editor=\"fhd5g\" data-offset-key=\"2tsuc-0-0\"><\/div>\n<div class=\"_1mf _1mj\" data-offset-key=\"b5vlg-0-0\"><\/div>\n<div data-offset-key=\"b5vlg-0-0\"><\/div>\n<div data-offset-key=\"b5vlg-0-0\"><img fetchpriority=\"high\" decoding=\"async\" class=\"alignnone size-full wp-image-81349\" src=\"https:\/\/www.cm-benavente.pt\/wp-content\/uploads\/2025\/12\/Cartaz_Dia-aberto-Natal.jpg\" alt=\"\" width=\"1414\" height=\"1410\" srcset=\"https:\/\/www.cm-benavente.pt\/wp-content\/uploads\/2025\/12\/Cartaz_Dia-aberto-Natal.jpg 1414w, https:\/\/www.cm-benavente.pt\/wp-content\/uploads\/2025\/12\/Cartaz_Dia-aberto-Natal-300x300.jpg 300w, https:\/\/www.cm-benavente.pt\/wp-content\/uploads\/2025\/12\/Cartaz_Dia-aberto-Natal-1024x1021.jpg 1024w, https:\/\/www.cm-benavente.pt\/wp-content\/uploads\/2025\/12\/Cartaz_Dia-aberto-Natal-150x150.jpg 150w, https:\/\/www.cm-benavente.pt\/wp-content\/uploads\/2025\/12\/Cartaz_Dia-aberto-Natal-768x766.jpg 768w, https:\/\/www.cm-benavente.pt\/wp-content\/uploads\/2025\/12\/Cartaz_Dia-aberto-Natal-500x499.jpg 500w, https:\/\/www.cm-benavente.pt\/wp-content\/uploads\/2025\/12\/Cartaz_Dia-aberto-Natal-800x798.jpg 800w, https:\/\/www.cm-benavente.pt\/wp-content\/uploads\/2025\/12\/Cartaz_Dia-aberto-Natal-1280x1276.jpg 1280w\" sizes=\"(max-width: 1414px) 100vw, 1414px\" \/><\/div>\n","protected":false},"excerpt":{"rendered":"<p>Dia Aberto | Natal no Museu | Natal de Pinha \u00a0 13 de dezembro das 10:00h \u00e0s 13:00h e das 15:00h \u00e0s 18:00h no N\u00facleo Museol\u00f3gico Agr\u00edcola de Benavente \u00a0 Oficinas e anima\u00e7\u00e3o com Maria Pinha \u00a0 Entrada gratuita<\/p>\n","protected":false},"author":3,"featured_media":81350,"comment_status":"closed","ping_status":"closed","template":"","meta":{"_vp_format_video_url":"","_vp_image_focal_point":[]},"tags":[16,3164,17,350],"mec_category":[467],"class_list":["post-81348","mec-events","type-mec-events","status-publish","has-post-thumbnail","hentry","tag-benavente","tag-dia-aberto","tag-museu","tag-natal","mec_category-geral"],"_links":{"self":[{"href":"https:\/\/www.cm-benavente.pt\/index.php\/wp-json\/wp\/v2\/mec-events\/81348","targetHints":{"allow":["GET"]}}],"collection":[{"href":"https:\/\/www.cm-benavente.pt\/index.php\/wp-json\/wp\/v2\/mec-events"}],"about":[{"href":"https:\/\/www.cm-benavente.pt\/index.php\/wp-json\/wp\/v2\/types\/mec-events"}],"author":[{"embeddable":true,"href":"https:\/\/www.cm-benavente.pt\/index.php\/wp-json\/wp\/v2\/users\/3"}],"replies":[{"embeddable":true,"href":"https:\/\/www.cm-benavente.pt\/index.php\/wp-json\/wp\/v2\/comments?post=81348"}],"version-history":[{"count":1,"href":"https:\/\/www.cm-benavente.pt\/index.php\/wp-json\/wp\/v2\/mec-events\/81348\/revisions"}],"predecessor-version":[{"id":81351,"href":"https:\/\/www.cm-benavente.pt\/index.php\/wp-json\/wp\/v2\/mec-events\/81348\/revisions\/81351"}],"wp:featuredmedia":[{"embeddable":true,"href":"https:\/\/www.cm-benavente.pt\/index.php\/wp-json\/wp\/v2\/media\/81350"}],"wp:attachment":[{"href":"https:\/\/www.cm-benavente.pt\/index.php\/wp-json\/wp\/v2\/media?parent=81348"}],"wp:term":[{"taxonomy":"post_tag","embeddable":true,"href":"https:\/\/www.cm-benavente.pt\/index.php\/wp-json\/wp\/v2\/tags?post=81348"},{"taxonomy":"mec_category","embeddable":true,"href":"https:\/\/www.cm-benavente.pt\/index.php\/wp-json\/wp\/v2\/mec_category?post=81348"}],"curies":[{"name":"wp","href":"https:\/\/api.w.org\/{rel}","templated":true}]}}

<div class="" data-block="true" data-editor="fhd5g" data-offset-key="eaud8-0-0">
<div class="_1mf _1mj" data-offset-key="eaud8-0-0"><strong>Dia Aberto | Natal no Museu | Natal de Pinha</strong></div>
</div>
<div class="" data-block="true" data-editor="fhd5g" data-offset-key="92aru-0-0">
<div class="_1mf _1mj" data-offset-key="92aru-0-0"><span data-offset-key="92aru-0-0"> </span></div>
</div>
<div class="" data-block="true" data-editor="fhd5g" data-offset-key="c6hbt-0-0">
<div class="_1mf _1mj" data-offset-key="c6hbt-0-0"><span data-offset-key="c6hbt-0-0"><strong>13 de dezembro das 10:00h às 13:00h e das 15:00h às 18:00h</strong> no Núcleo Museológico Agrícola de Benavente</span></div>
</div>
<div class="" data-block="true" data-editor="fhd5g" data-offset-key="bap04-0-0">
<div class="_1mf _1mj" data-offset-key="bap04-0-0"><span data-offset-key="bap04-0-0"> </span></div>
</div>
<div class="" data-block="true" data-editor="fhd5g" data-offset-key="9p3rg-0-0">
<div class="_1mf _1mj" data-offset-key="9p3rg-0-0"><span data-offset-key="9p3rg-0-0">Oficinas e animação com Maria Pinha</span></div>
</div>
<div class="" data-block="true" data-editor="fhd5g" data-offset-key="b9srl-0-0">
<div class="_1mf _1mj" data-offset-key="b9srl-0-0"><span data-offset-key="b9srl-0-0"> </span></div>
</div>
<div class="" data-block="true" data-editor="fhd5g" data-offset-key="ac9lo-0-0">
<div class="_1mf _1mj" data-offset-key="ac9lo-0-0"><strong>Entrada gratuita</strong></div>
</div>
<div class="" data-block="true" data-editor="fhd5g" data-offset-key="2tsuc-0-0"></div>
<div class="_1mf _1mj" data-offset-key="b5vlg-0-0"></div>
<div data-offset-key="b5vlg-0-0"></div>
<div data-offset-key="b5vlg-0-0"><img fetchpriority="high" decoding="async" class="alignnone size-full wp-image-81349" src="https://www.cm-benavente.pt/wp-content/uploads/2025/12/Cartaz_Dia-aberto-Natal.jpg" alt="" width="1414" height="1410" srcset="https://www.cm-benavente.pt/wp-content/uploads/2025/12/Cartaz_Dia-aberto-Natal.jpg 1414w, https://www.cm-benavente.pt/wp-content/uploads/2025/12/Cartaz_Dia-aberto-Natal-300x300.jpg 300w, https://www.cm-benavente.pt/wp-content/uploads/2025/12/Cartaz_Dia-aberto-Natal-1024x1021.jpg 1024w, https://www.cm-benavente.pt/wp-content/uploads/2025/12/Cartaz_Dia-aberto-Natal-150x150.jpg 150w, https://www.cm-benavente.pt/wp-content/uploads/2025/12/Cartaz_Dia-aberto-Natal-768x766.jpg 768w, https://www.cm-benavente.pt/wp-content/uploads/2025/12/Cartaz_Dia-aberto-Natal-500x499.jpg 500w, https://www.cm-benavente.pt/wp-content/uploads/2025/12/Cartaz_Dia-aberto-Natal-800x798.jpg 800w, https://www.cm-benavente.pt/wp-content/uploads/2025/12/Cartaz_Dia-aberto-Natal-1280x1276.jpg 1280w" sizes="(max-width: 1414px) 100vw, 1414px" /></div>

<p>Dia Aberto | Natal no Museu | Natal de Pinha   13 de dezembro das 10:00h às 13:00h e das 15:00h às 18:00h no Núcleo Museológico Agrícola de Benavente   Oficinas e animação com Maria Pinha   Entrada gratuita</p>
