{"id":78826,"date":"2025-10-22T08:28:51","date_gmt":"2025-10-22T08:28:51","guid":{"rendered":"https:\/\/www.cm-benavente.pt\/?post_type=mec-events&#038;p=78826"},"modified":"2025-10-22T08:28:51","modified_gmt":"2025-10-22T08:28:51","slug":"concerto-comemorativo-do-51o-aniversario-da-sfse","status":"publish","type":"mec-events","link":"https:\/\/www.cm-benavente.pt\/index.php\/events\/concerto-comemorativo-do-51o-aniversario-da-sfse\/","title":{"rendered":"Concerto Comemorativo do 51\u00ba Anivers\u00e1rio da SFSE"},"content":{"rendered":"<p><strong>Concerto Comemorativo do 51\u00ba Anivers\u00e1rio da SFSE<\/strong><\/p>\n<p><strong>25 de outubro \u00e0s 16:00h<\/strong> na Sede da SFSE, Santo Est\u00eav\u00e3o<\/p>\n<p>Com a presen\u00e7a da Banda Juvenil e da Banda da Sociedade Filarm\u00f3nica de Santo Est\u00eav\u00e3o<\/p>\n<p>Apresenta\u00e7\u00e3o do novo Maestro Lu\u00eds Leite<\/p>\n<p><strong>Organiza\u00e7\u00e3o:<\/strong> Sociedade Filarm\u00f3nica de Santo Est\u00eav\u00e3o<\/p>\n<p>&nbsp;<\/p>\n<p><img fetchpriority=\"high\" decoding=\"async\" class=\"alignnone size-full wp-image-78827\" src=\"https:\/\/www.cm-benavente.pt\/wp-content\/uploads\/2025\/10\/51o-aniversario-sfse.jpg\" alt=\"\" width=\"1080\" height=\"1350\" srcset=\"https:\/\/www.cm-benavente.pt\/wp-content\/uploads\/2025\/10\/51o-aniversario-sfse.jpg 1080w, https:\/\/www.cm-benavente.pt\/wp-content\/uploads\/2025\/10\/51o-aniversario-sfse-240x300.jpg 240w, https:\/\/www.cm-benavente.pt\/wp-content\/uploads\/2025\/10\/51o-aniversario-sfse-819x1024.jpg 819w, https:\/\/www.cm-benavente.pt\/wp-content\/uploads\/2025\/10\/51o-aniversario-sfse-768x960.jpg 768w, https:\/\/www.cm-benavente.pt\/wp-content\/uploads\/2025\/10\/51o-aniversario-sfse-500x625.jpg 500w, https:\/\/www.cm-benavente.pt\/wp-content\/uploads\/2025\/10\/51o-aniversario-sfse-800x1000.jpg 800w\" sizes=\"(max-width: 1080px) 100vw, 1080px\" \/><\/p>\n","protected":false},"excerpt":{"rendered":"<p>Concerto Comemorativo do 51\u00ba Anivers\u00e1rio da SFSE 25 de outubro \u00e0s 16:00h na Sede da SFSE, Santo Est\u00eav\u00e3o Com a presen\u00e7a da Banda Juvenil e da Banda da Sociedade Filarm\u00f3nica de Santo Est\u00eav\u00e3o Apresenta\u00e7\u00e3o do novo Maestro Lu\u00eds Leite Organiza\u00e7\u00e3o: Sociedade Filarm\u00f3nica de Santo Est\u00eav\u00e3o &nbsp;<\/p>\n","protected":false},"author":3,"featured_media":78828,"comment_status":"closed","ping_status":"closed","template":"","meta":{"_vp_format_video_url":"","_vp_image_focal_point":[]},"tags":[37,4,13,220],"mec_category":[464],"class_list":["post-78826","mec-events","type-mec-events","status-publish","has-post-thumbnail","hentry","tag-concerto","tag-musica","tag-santo-estevao","tag-sociedade-filarmonica","mec_category-musica"],"_links":{"self":[{"href":"https:\/\/www.cm-benavente.pt\/index.php\/wp-json\/wp\/v2\/mec-events\/78826","targetHints":{"allow":["GET"]}}],"collection":[{"href":"https:\/\/www.cm-benavente.pt\/index.php\/wp-json\/wp\/v2\/mec-events"}],"about":[{"href":"https:\/\/www.cm-benavente.pt\/index.php\/wp-json\/wp\/v2\/types\/mec-events"}],"author":[{"embeddable":true,"href":"https:\/\/www.cm-benavente.pt\/index.php\/wp-json\/wp\/v2\/users\/3"}],"replies":[{"embeddable":true,"href":"https:\/\/www.cm-benavente.pt\/index.php\/wp-json\/wp\/v2\/comments?post=78826"}],"version-history":[{"count":1,"href":"https:\/\/www.cm-benavente.pt\/index.php\/wp-json\/wp\/v2\/mec-events\/78826\/revisions"}],"predecessor-version":[{"id":78829,"href":"https:\/\/www.cm-benavente.pt\/index.php\/wp-json\/wp\/v2\/mec-events\/78826\/revisions\/78829"}],"wp:featuredmedia":[{"embeddable":true,"href":"https:\/\/www.cm-benavente.pt\/index.php\/wp-json\/wp\/v2\/media\/78828"}],"wp:attachment":[{"href":"https:\/\/www.cm-benavente.pt\/index.php\/wp-json\/wp\/v2\/media?parent=78826"}],"wp:term":[{"taxonomy":"post_tag","embeddable":true,"href":"https:\/\/www.cm-benavente.pt\/index.php\/wp-json\/wp\/v2\/tags?post=78826"},{"taxonomy":"mec_category","embeddable":true,"href":"https:\/\/www.cm-benavente.pt\/index.php\/wp-json\/wp\/v2\/mec_category?post=78826"}],"curies":[{"name":"wp","href":"https:\/\/api.w.org\/{rel}","templated":true}]}}

Concerto Comemorativo do 51º Aniversário da SFSE

<p><strong>Concerto Comemorativo do 51º Aniversário da SFSE</strong></p>
<p><strong>25 de outubro às 16:00h</strong> na Sede da SFSE, Santo Estêvão</p>
<p>Com a presença da Banda Juvenil e da Banda da Sociedade Filarmónica de Santo Estêvão</p>
<p>Apresentação do novo Maestro Luís Leite</p>
<p><strong>Organização:</strong> Sociedade Filarmónica de Santo Estêvão</p>
<p>&nbsp;</p>
<p><img fetchpriority="high" decoding="async" class="alignnone size-full wp-image-78827" src="https://www.cm-benavente.pt/wp-content/uploads/2025/10/51o-aniversario-sfse.jpg" alt="" width="1080" height="1350" srcset="https://www.cm-benavente.pt/wp-content/uploads/2025/10/51o-aniversario-sfse.jpg 1080w, https://www.cm-benavente.pt/wp-content/uploads/2025/10/51o-aniversario-sfse-240x300.jpg 240w, https://www.cm-benavente.pt/wp-content/uploads/2025/10/51o-aniversario-sfse-819x1024.jpg 819w, https://www.cm-benavente.pt/wp-content/uploads/2025/10/51o-aniversario-sfse-768x960.jpg 768w, https://www.cm-benavente.pt/wp-content/uploads/2025/10/51o-aniversario-sfse-500x625.jpg 500w, https://www.cm-benavente.pt/wp-content/uploads/2025/10/51o-aniversario-sfse-800x1000.jpg 800w" sizes="(max-width: 1080px) 100vw, 1080px" /></p>

<p>Concerto Comemorativo do 51º Aniversário da SFSE 25 de outubro às 16:00h na Sede da SFSE, Santo Estêvão Com a presença da Banda Juvenil e da Banda da Sociedade Filarmónica de Santo Estêvão Apresentação do novo Maestro Luís Leite Organização: Sociedade Filarmónica de Santo Estêvão &nbsp;</p>
