{"id":78782,"date":"2025-10-21T11:17:10","date_gmt":"2025-10-21T11:17:10","guid":{"rendered":"https:\/\/www.cm-benavente.pt\/?post_type=mec-events&#038;p=78782"},"modified":"2025-10-21T11:17:10","modified_gmt":"2025-10-21T11:17:10","slug":"festao-de-halloween","status":"publish","type":"mec-events","link":"https:\/\/www.cm-benavente.pt\/index.php\/events\/festao-de-halloween\/","title":{"rendered":"Fest\u00e3o de Halloween"},"content":{"rendered":"<p><strong>Fest\u00e3o de Halloween<\/strong><\/p>\n<p><strong>31 de outubro \u00e0s 23:00h<\/strong> no Pavilh\u00e3o da ARCAS, Samora Correia<\/p>\n<p><strong>Com:<\/strong> Miguel Azevedo e DJ\/MC Surpresa<\/p>\n<p><strong>Entrada:<\/strong> 5 ARCAS<\/p>\n<p><strong>Organiza\u00e7\u00e3o:<\/strong> ARCAS<\/p>\n<p>&nbsp;<\/p>\n<p><img fetchpriority=\"high\" decoding=\"async\" class=\"alignnone size-full wp-image-78783\" src=\"https:\/\/www.cm-benavente.pt\/wp-content\/uploads\/2025\/10\/festao-halloween-arcas.jpg\" alt=\"\" width=\"905\" height=\"1280\" srcset=\"https:\/\/www.cm-benavente.pt\/wp-content\/uploads\/2025\/10\/festao-halloween-arcas.jpg 905w, https:\/\/www.cm-benavente.pt\/wp-content\/uploads\/2025\/10\/festao-halloween-arcas-212x300.jpg 212w, https:\/\/www.cm-benavente.pt\/wp-content\/uploads\/2025\/10\/festao-halloween-arcas-724x1024.jpg 724w, https:\/\/www.cm-benavente.pt\/wp-content\/uploads\/2025\/10\/festao-halloween-arcas-768x1086.jpg 768w, https:\/\/www.cm-benavente.pt\/wp-content\/uploads\/2025\/10\/festao-halloween-arcas-500x707.jpg 500w, https:\/\/www.cm-benavente.pt\/wp-content\/uploads\/2025\/10\/festao-halloween-arcas-800x1131.jpg 800w\" sizes=\"(max-width: 905px) 100vw, 905px\" \/><\/p>\n","protected":false},"excerpt":{"rendered":"<p>Fest\u00e3o de Halloween 31 de outubro \u00e0s 23:00h no Pavilh\u00e3o da ARCAS, Samora Correia Com: Miguel Azevedo e DJ\/MC Surpresa Entrada: 5 ARCAS Organiza\u00e7\u00e3o: ARCAS &nbsp;<\/p>\n","protected":false},"author":3,"featured_media":78784,"comment_status":"closed","ping_status":"closed","template":"","meta":{"_vp_format_video_url":"","_vp_image_focal_point":[]},"tags":[1460,3098,1695,27],"mec_category":[467],"class_list":["post-78782","mec-events","type-mec-events","status-publish","has-post-thumbnail","hentry","tag-arcas","tag-festao","tag-halloween","tag-samora-correia","mec_category-geral"],"_links":{"self":[{"href":"https:\/\/www.cm-benavente.pt\/index.php\/wp-json\/wp\/v2\/mec-events\/78782","targetHints":{"allow":["GET"]}}],"collection":[{"href":"https:\/\/www.cm-benavente.pt\/index.php\/wp-json\/wp\/v2\/mec-events"}],"about":[{"href":"https:\/\/www.cm-benavente.pt\/index.php\/wp-json\/wp\/v2\/types\/mec-events"}],"author":[{"embeddable":true,"href":"https:\/\/www.cm-benavente.pt\/index.php\/wp-json\/wp\/v2\/users\/3"}],"replies":[{"embeddable":true,"href":"https:\/\/www.cm-benavente.pt\/index.php\/wp-json\/wp\/v2\/comments?post=78782"}],"version-history":[{"count":1,"href":"https:\/\/www.cm-benavente.pt\/index.php\/wp-json\/wp\/v2\/mec-events\/78782\/revisions"}],"predecessor-version":[{"id":78785,"href":"https:\/\/www.cm-benavente.pt\/index.php\/wp-json\/wp\/v2\/mec-events\/78782\/revisions\/78785"}],"wp:featuredmedia":[{"embeddable":true,"href":"https:\/\/www.cm-benavente.pt\/index.php\/wp-json\/wp\/v2\/media\/78784"}],"wp:attachment":[{"href":"https:\/\/www.cm-benavente.pt\/index.php\/wp-json\/wp\/v2\/media?parent=78782"}],"wp:term":[{"taxonomy":"post_tag","embeddable":true,"href":"https:\/\/www.cm-benavente.pt\/index.php\/wp-json\/wp\/v2\/tags?post=78782"},{"taxonomy":"mec_category","embeddable":true,"href":"https:\/\/www.cm-benavente.pt\/index.php\/wp-json\/wp\/v2\/mec_category?post=78782"}],"curies":[{"name":"wp","href":"https:\/\/api.w.org\/{rel}","templated":true}]}}

Festão de Halloween

<p><strong>Festão de Halloween</strong></p>
<p><strong>31 de outubro às 23:00h</strong> no Pavilhão da ARCAS, Samora Correia</p>
<p><strong>Com:</strong> Miguel Azevedo e DJ/MC Surpresa</p>
<p><strong>Entrada:</strong> 5 ARCAS</p>
<p><strong>Organização:</strong> ARCAS</p>
<p>&nbsp;</p>
<p><img fetchpriority="high" decoding="async" class="alignnone size-full wp-image-78783" src="https://www.cm-benavente.pt/wp-content/uploads/2025/10/festao-halloween-arcas.jpg" alt="" width="905" height="1280" srcset="https://www.cm-benavente.pt/wp-content/uploads/2025/10/festao-halloween-arcas.jpg 905w, https://www.cm-benavente.pt/wp-content/uploads/2025/10/festao-halloween-arcas-212x300.jpg 212w, https://www.cm-benavente.pt/wp-content/uploads/2025/10/festao-halloween-arcas-724x1024.jpg 724w, https://www.cm-benavente.pt/wp-content/uploads/2025/10/festao-halloween-arcas-768x1086.jpg 768w, https://www.cm-benavente.pt/wp-content/uploads/2025/10/festao-halloween-arcas-500x707.jpg 500w, https://www.cm-benavente.pt/wp-content/uploads/2025/10/festao-halloween-arcas-800x1131.jpg 800w" sizes="(max-width: 905px) 100vw, 905px" /></p>

<p>Festão de Halloween 31 de outubro às 23:00h no Pavilhão da ARCAS, Samora Correia Com: Miguel Azevedo e DJ/MC Surpresa Entrada: 5 ARCAS Organização: ARCAS &nbsp;</p>
