{"id":78778,"date":"2025-10-21T10:12:01","date_gmt":"2025-10-21T10:12:01","guid":{"rendered":"https:\/\/www.cm-benavente.pt\/?post_type=mec-events&#038;p=78778"},"modified":"2025-10-21T10:12:01","modified_gmt":"2025-10-21T10:12:01","slug":"halloween-party","status":"publish","type":"mec-events","link":"https:\/\/www.cm-benavente.pt\/index.php\/events\/halloween-party\/","title":{"rendered":"Halloween Party"},"content":{"rendered":"<p><strong>Halloween Party<\/strong><\/p>\n<p><strong>31 de outubro \u00e0s 22:00h<\/strong> no Centro Cultural de Benavente<\/p>\n<p><strong>DJ&#8217;s comvidados:<\/strong> DJLima, DJPoco, Yummi<\/p>\n<p>Pr\u00e9mio para a m\u00e1scara mais arrepiante.<\/p>\n<p><strong>Entradas:<\/strong> com guest &#8211; 5 ab\u00f3boras, sem guest &#8211; 7 ab\u00f3boras<\/p>\n<p><strong>Organiza\u00e7\u00e3o:<\/strong> Comiss\u00e3o da Sardinha Assada de Benavente<\/p>\n<p>&nbsp;<\/p>\n<p><img fetchpriority=\"high\" decoding=\"async\" class=\"alignnone size-full wp-image-78779\" src=\"https:\/\/www.cm-benavente.pt\/wp-content\/uploads\/2025\/10\/halloween-party-SA.jpg\" alt=\"\" width=\"1440\" height=\"1920\" srcset=\"https:\/\/www.cm-benavente.pt\/wp-content\/uploads\/2025\/10\/halloween-party-SA.jpg 1440w, https:\/\/www.cm-benavente.pt\/wp-content\/uploads\/2025\/10\/halloween-party-SA-225x300.jpg 225w, https:\/\/www.cm-benavente.pt\/wp-content\/uploads\/2025\/10\/halloween-party-SA-768x1024.jpg 768w, https:\/\/www.cm-benavente.pt\/wp-content\/uploads\/2025\/10\/halloween-party-SA-300x400.jpg 300w, https:\/\/www.cm-benavente.pt\/wp-content\/uploads\/2025\/10\/halloween-party-SA-1152x1536.jpg 1152w, https:\/\/www.cm-benavente.pt\/wp-content\/uploads\/2025\/10\/halloween-party-SA-500x667.jpg 500w, https:\/\/www.cm-benavente.pt\/wp-content\/uploads\/2025\/10\/halloween-party-SA-800x1067.jpg 800w, https:\/\/www.cm-benavente.pt\/wp-content\/uploads\/2025\/10\/halloween-party-SA-1280x1707.jpg 1280w\" sizes=\"(max-width: 1440px) 100vw, 1440px\" \/><\/p>\n","protected":false},"excerpt":{"rendered":"<p>Halloween Party 31 de outubro \u00e0s 22:00h no Centro Cultural de Benavente DJ&#8217;s comvidados: DJLima, DJPoco, Yummi Pr\u00e9mio para a m\u00e1scara mais arrepiante. Entradas: com guest &#8211; 5 ab\u00f3boras, sem guest &#8211; 7 ab\u00f3boras Organiza\u00e7\u00e3o: Comiss\u00e3o da Sardinha Assada de Benavente &nbsp;<\/p>\n","protected":false},"author":3,"featured_media":78780,"comment_status":"closed","ping_status":"closed","template":"","meta":{"_vp_format_video_url":"","_vp_image_focal_point":[]},"tags":[16,900,604,1695,3097,2623],"mec_category":[467],"class_list":["post-78778","mec-events","type-mec-events","status-publish","has-post-thumbnail","hentry","tag-benavente","tag-festa","tag-festa-da-amizade","tag-halloween","tag-party","tag-sardinha-assada-de-benavente","mec_category-geral"],"_links":{"self":[{"href":"https:\/\/www.cm-benavente.pt\/index.php\/wp-json\/wp\/v2\/mec-events\/78778","targetHints":{"allow":["GET"]}}],"collection":[{"href":"https:\/\/www.cm-benavente.pt\/index.php\/wp-json\/wp\/v2\/mec-events"}],"about":[{"href":"https:\/\/www.cm-benavente.pt\/index.php\/wp-json\/wp\/v2\/types\/mec-events"}],"author":[{"embeddable":true,"href":"https:\/\/www.cm-benavente.pt\/index.php\/wp-json\/wp\/v2\/users\/3"}],"replies":[{"embeddable":true,"href":"https:\/\/www.cm-benavente.pt\/index.php\/wp-json\/wp\/v2\/comments?post=78778"}],"version-history":[{"count":1,"href":"https:\/\/www.cm-benavente.pt\/index.php\/wp-json\/wp\/v2\/mec-events\/78778\/revisions"}],"predecessor-version":[{"id":78781,"href":"https:\/\/www.cm-benavente.pt\/index.php\/wp-json\/wp\/v2\/mec-events\/78778\/revisions\/78781"}],"wp:featuredmedia":[{"embeddable":true,"href":"https:\/\/www.cm-benavente.pt\/index.php\/wp-json\/wp\/v2\/media\/78780"}],"wp:attachment":[{"href":"https:\/\/www.cm-benavente.pt\/index.php\/wp-json\/wp\/v2\/media?parent=78778"}],"wp:term":[{"taxonomy":"post_tag","embeddable":true,"href":"https:\/\/www.cm-benavente.pt\/index.php\/wp-json\/wp\/v2\/tags?post=78778"},{"taxonomy":"mec_category","embeddable":true,"href":"https:\/\/www.cm-benavente.pt\/index.php\/wp-json\/wp\/v2\/mec_category?post=78778"}],"curies":[{"name":"wp","href":"https:\/\/api.w.org\/{rel}","templated":true}]}}

<p><strong>Halloween Party</strong></p>
<p><strong>31 de outubro às 22:00h</strong> no Centro Cultural de Benavente</p>
<p><strong>DJ&#8217;s comvidados:</strong> DJLima, DJPoco, Yummi</p>
<p>Prémio para a máscara mais arrepiante.</p>
<p><strong>Entradas:</strong> com guest &#8211; 5 abóboras, sem guest &#8211; 7 abóboras</p>
<p><strong>Organização:</strong> Comissão da Sardinha Assada de Benavente</p>
<p>&nbsp;</p>
<p><img fetchpriority="high" decoding="async" class="alignnone size-full wp-image-78779" src="https://www.cm-benavente.pt/wp-content/uploads/2025/10/halloween-party-SA.jpg" alt="" width="1440" height="1920" srcset="https://www.cm-benavente.pt/wp-content/uploads/2025/10/halloween-party-SA.jpg 1440w, https://www.cm-benavente.pt/wp-content/uploads/2025/10/halloween-party-SA-225x300.jpg 225w, https://www.cm-benavente.pt/wp-content/uploads/2025/10/halloween-party-SA-768x1024.jpg 768w, https://www.cm-benavente.pt/wp-content/uploads/2025/10/halloween-party-SA-300x400.jpg 300w, https://www.cm-benavente.pt/wp-content/uploads/2025/10/halloween-party-SA-1152x1536.jpg 1152w, https://www.cm-benavente.pt/wp-content/uploads/2025/10/halloween-party-SA-500x667.jpg 500w, https://www.cm-benavente.pt/wp-content/uploads/2025/10/halloween-party-SA-800x1067.jpg 800w, https://www.cm-benavente.pt/wp-content/uploads/2025/10/halloween-party-SA-1280x1707.jpg 1280w" sizes="(max-width: 1440px) 100vw, 1440px" /></p>

<p>Halloween Party 31 de outubro às 22:00h no Centro Cultural de Benavente DJ&#8217;s comvidados: DJLima, DJPoco, Yummi Prémio para a máscara mais arrepiante. Entradas: com guest &#8211; 5 abóboras, sem guest &#8211; 7 abóboras Organização: Comissão da Sardinha Assada de Benavente &nbsp;</p>
