{"id":78665,"date":"2025-10-20T10:21:22","date_gmt":"2025-10-20T10:21:22","guid":{"rendered":"https:\/\/www.cm-benavente.pt\/?post_type=mec-events&#038;p=78665"},"modified":"2025-10-20T10:21:22","modified_gmt":"2025-10-20T10:21:22","slug":"workshop-suporte-basico-de-vida","status":"publish","type":"mec-events","link":"https:\/\/www.cm-benavente.pt\/index.php\/events\/workshop-suporte-basico-de-vida\/","title":{"rendered":"Workshop Suporte B\u00e1sico de Vida"},"content":{"rendered":"<p><strong>Workshop Suporte B\u00e1sico de Vida <\/strong><\/p>\n<p><strong>01 de novembro das 09:00h \u00e0s 13:00h<\/strong> no Quartel dos Bombeiros Volunt\u00e1rios de Samora Correia<\/p>\n<p><strong>Inscri\u00e7\u00f5es:<\/strong> gratuitas pelo link <a href=\"https:\/\/docs.google.com\/...\/1FAIpQLSdxZRW1rgvBep...\/viewform\" target=\"_blank\" rel=\"noopener\">Inscri\u00e7\u00f5es Workshop<\/a><\/p>\n<p><strong>Organiza\u00e7\u00e3o:<\/strong> Bombeiros Volunt\u00e1rios de Samora Correia<\/p>\n<p>&nbsp;<\/p>\n<p><img fetchpriority=\"high\" decoding=\"async\" class=\"alignnone size-full wp-image-78666\" src=\"https:\/\/www.cm-benavente.pt\/wp-content\/uploads\/2025\/10\/workshop-suporte-basico-vida-bombeiros-samora-correia.jpg\" alt=\"\" width=\"1131\" height=\"1600\" srcset=\"https:\/\/www.cm-benavente.pt\/wp-content\/uploads\/2025\/10\/workshop-suporte-basico-vida-bombeiros-samora-correia.jpg 1131w, https:\/\/www.cm-benavente.pt\/wp-content\/uploads\/2025\/10\/workshop-suporte-basico-vida-bombeiros-samora-correia-212x300.jpg 212w, https:\/\/www.cm-benavente.pt\/wp-content\/uploads\/2025\/10\/workshop-suporte-basico-vida-bombeiros-samora-correia-724x1024.jpg 724w, https:\/\/www.cm-benavente.pt\/wp-content\/uploads\/2025\/10\/workshop-suporte-basico-vida-bombeiros-samora-correia-768x1086.jpg 768w, https:\/\/www.cm-benavente.pt\/wp-content\/uploads\/2025\/10\/workshop-suporte-basico-vida-bombeiros-samora-correia-1086x1536.jpg 1086w, https:\/\/www.cm-benavente.pt\/wp-content\/uploads\/2025\/10\/workshop-suporte-basico-vida-bombeiros-samora-correia-500x707.jpg 500w, https:\/\/www.cm-benavente.pt\/wp-content\/uploads\/2025\/10\/workshop-suporte-basico-vida-bombeiros-samora-correia-800x1132.jpg 800w\" sizes=\"(max-width: 1131px) 100vw, 1131px\" \/><\/p>\n","protected":false},"excerpt":{"rendered":"<p>Workshop Suporte B\u00e1sico de Vida 01 de novembro das 09:00h \u00e0s 13:00h no Quartel dos Bombeiros Volunt\u00e1rios de Samora Correia Inscri\u00e7\u00f5es: gratuitas pelo link Inscri\u00e7\u00f5es Workshop Organiza\u00e7\u00e3o: Bombeiros Volunt\u00e1rios de Samora Correia &nbsp;<\/p>\n","protected":false},"author":3,"featured_media":78667,"comment_status":"closed","ping_status":"closed","template":"","meta":{"_vp_format_video_url":"","_vp_image_focal_point":[]},"tags":[170,1036,27,2388,1155],"mec_category":[467],"class_list":["post-78665","mec-events","type-mec-events","status-publish","has-post-thumbnail","hentry","tag-bombeiros","tag-formacao","tag-samora-correia","tag-suporte-basico-de-vida","tag-workshop","mec_category-geral"],"_links":{"self":[{"href":"https:\/\/www.cm-benavente.pt\/index.php\/wp-json\/wp\/v2\/mec-events\/78665","targetHints":{"allow":["GET"]}}],"collection":[{"href":"https:\/\/www.cm-benavente.pt\/index.php\/wp-json\/wp\/v2\/mec-events"}],"about":[{"href":"https:\/\/www.cm-benavente.pt\/index.php\/wp-json\/wp\/v2\/types\/mec-events"}],"author":[{"embeddable":true,"href":"https:\/\/www.cm-benavente.pt\/index.php\/wp-json\/wp\/v2\/users\/3"}],"replies":[{"embeddable":true,"href":"https:\/\/www.cm-benavente.pt\/index.php\/wp-json\/wp\/v2\/comments?post=78665"}],"version-history":[{"count":1,"href":"https:\/\/www.cm-benavente.pt\/index.php\/wp-json\/wp\/v2\/mec-events\/78665\/revisions"}],"predecessor-version":[{"id":78668,"href":"https:\/\/www.cm-benavente.pt\/index.php\/wp-json\/wp\/v2\/mec-events\/78665\/revisions\/78668"}],"wp:featuredmedia":[{"embeddable":true,"href":"https:\/\/www.cm-benavente.pt\/index.php\/wp-json\/wp\/v2\/media\/78667"}],"wp:attachment":[{"href":"https:\/\/www.cm-benavente.pt\/index.php\/wp-json\/wp\/v2\/media?parent=78665"}],"wp:term":[{"taxonomy":"post_tag","embeddable":true,"href":"https:\/\/www.cm-benavente.pt\/index.php\/wp-json\/wp\/v2\/tags?post=78665"},{"taxonomy":"mec_category","embeddable":true,"href":"https:\/\/www.cm-benavente.pt\/index.php\/wp-json\/wp\/v2\/mec_category?post=78665"}],"curies":[{"name":"wp","href":"https:\/\/api.w.org\/{rel}","templated":true}]}}

Workshop Suporte Básico de Vida

<p><strong>Workshop Suporte Básico de Vida </strong></p>
<p><strong>01 de novembro das 09:00h às 13:00h</strong> no Quartel dos Bombeiros Voluntários de Samora Correia</p>
<p><strong>Inscrições:</strong> gratuitas pelo link <a href="https://docs.google.com/.../1FAIpQLSdxZRW1rgvBep.../viewform" target="_blank" rel="noopener">Inscrições Workshop</a></p>
<p><strong>Organização:</strong> Bombeiros Voluntários de Samora Correia</p>
<p>&nbsp;</p>
<p><img fetchpriority="high" decoding="async" class="alignnone size-full wp-image-78666" src="https://www.cm-benavente.pt/wp-content/uploads/2025/10/workshop-suporte-basico-vida-bombeiros-samora-correia.jpg" alt="" width="1131" height="1600" srcset="https://www.cm-benavente.pt/wp-content/uploads/2025/10/workshop-suporte-basico-vida-bombeiros-samora-correia.jpg 1131w, https://www.cm-benavente.pt/wp-content/uploads/2025/10/workshop-suporte-basico-vida-bombeiros-samora-correia-212x300.jpg 212w, https://www.cm-benavente.pt/wp-content/uploads/2025/10/workshop-suporte-basico-vida-bombeiros-samora-correia-724x1024.jpg 724w, https://www.cm-benavente.pt/wp-content/uploads/2025/10/workshop-suporte-basico-vida-bombeiros-samora-correia-768x1086.jpg 768w, https://www.cm-benavente.pt/wp-content/uploads/2025/10/workshop-suporte-basico-vida-bombeiros-samora-correia-1086x1536.jpg 1086w, https://www.cm-benavente.pt/wp-content/uploads/2025/10/workshop-suporte-basico-vida-bombeiros-samora-correia-500x707.jpg 500w, https://www.cm-benavente.pt/wp-content/uploads/2025/10/workshop-suporte-basico-vida-bombeiros-samora-correia-800x1132.jpg 800w" sizes="(max-width: 1131px) 100vw, 1131px" /></p>

<p>Workshop Suporte Básico de Vida 01 de novembro das 09:00h às 13:00h no Quartel dos Bombeiros Voluntários de Samora Correia Inscrições: gratuitas pelo link Inscrições Workshop Organização: Bombeiros Voluntários de Samora Correia &nbsp;</p>
