{"id":78657,"date":"2025-10-20T09:43:59","date_gmt":"2025-10-20T09:43:59","guid":{"rendered":"https:\/\/www.cm-benavente.pt\/?post_type=mec-events&#038;p=78657"},"modified":"2025-10-28T14:17:10","modified_gmt":"2025-10-28T14:17:10","slug":"hora-do-conto-noite-das-bruxas-ha-um-fantasma-nesta-casa","status":"publish","type":"mec-events","link":"https:\/\/www.cm-benavente.pt\/index.php\/events\/hora-do-conto-noite-das-bruxas-ha-um-fantasma-nesta-casa\/","title":{"rendered":"ESGOTADO &#8211; Hora do Conto Noite das Bruxas &#8220;H\u00e1 um Fantasma nesta casa&#8221;"},"content":{"rendered":"<p><em><strong>ESGOTADO<\/strong><\/em><\/p>\n<p><strong>Hora do Conto Noite das Bruxas &#8220;H\u00e1 um Fantasma nesta casa&#8221;<\/strong><\/p>\n<p><strong>31 de outubro \u00e0s 21:00h<\/strong> na Biblioteca Municipal de Benavente<\/p>\n<p>De Oliver Jeffers (ED.ORFEU NEGRO)<\/p>\n<p>Ol\u00e1, sejam bem-vindos! H\u00e1 muito tempo que n\u00e3o recebia visitas.<br \/>\nSabem&#8230; ouvi dizer que h\u00e1 um FANTASMA nesta casa. Mas \u00e9 muito dif\u00edcil v\u00ea-lo. J\u00e1 fui ao s\u00f3t\u00e3o e \u00e0 cave, procurei debaixo da cama e entrei nos quartos vazios. DUAS VEZES! Dizem que os fantasmas s\u00e3o brancos e t\u00eam buracos no lugar dos olhos. Mas n\u00e3o sei&#8230; Ser\u00e1 que me podem ajudar?<br \/>\nUm divertido jogo de escondidas que vai expulsar medos e entreter os pequenos (e grandes) ca\u00e7a-fantasmas l\u00e1 de casa!<\/p>\n<p><strong>P\u00fablico-alvo:<\/strong> Fam\u00edlias<br \/>\n<strong>Inscri\u00e7\u00f5es:<\/strong> <a href=\"mailto:bibliotecas@cm-benavente.pt\">bibliotecas@cm-benavente.pt<\/a><\/p>\n<p><strong>Organiza\u00e7\u00e3o: C<\/strong>\u00e2mara Municipal de Benavente<\/p>\n<p>&nbsp;<\/p>\n<p><img fetchpriority=\"high\" decoding=\"async\" class=\"alignnone size-full wp-image-78658\" src=\"https:\/\/www.cm-benavente.pt\/wp-content\/uploads\/2025\/10\/Ha-um-Fantasma-nesta-Casa_31-outubro_1080x1080.jpg\" alt=\"\" width=\"1080\" height=\"1080\" srcset=\"https:\/\/www.cm-benavente.pt\/wp-content\/uploads\/2025\/10\/Ha-um-Fantasma-nesta-Casa_31-outubro_1080x1080.jpg 1080w, https:\/\/www.cm-benavente.pt\/wp-content\/uploads\/2025\/10\/Ha-um-Fantasma-nesta-Casa_31-outubro_1080x1080-300x300.jpg 300w, https:\/\/www.cm-benavente.pt\/wp-content\/uploads\/2025\/10\/Ha-um-Fantasma-nesta-Casa_31-outubro_1080x1080-1024x1024.jpg 1024w, https:\/\/www.cm-benavente.pt\/wp-content\/uploads\/2025\/10\/Ha-um-Fantasma-nesta-Casa_31-outubro_1080x1080-150x150.jpg 150w, https:\/\/www.cm-benavente.pt\/wp-content\/uploads\/2025\/10\/Ha-um-Fantasma-nesta-Casa_31-outubro_1080x1080-768x768.jpg 768w, https:\/\/www.cm-benavente.pt\/wp-content\/uploads\/2025\/10\/Ha-um-Fantasma-nesta-Casa_31-outubro_1080x1080-500x500.jpg 500w, https:\/\/www.cm-benavente.pt\/wp-content\/uploads\/2025\/10\/Ha-um-Fantasma-nesta-Casa_31-outubro_1080x1080-800x800.jpg 800w\" sizes=\"(max-width: 1080px) 100vw, 1080px\" \/><\/p>\n","protected":false},"excerpt":{"rendered":"<p>ESGOTADO Hora do Conto Noite das Bruxas &#8220;H\u00e1 um Fantasma nesta casa&#8221; 31 de outubro \u00e0s 21:00h na Biblioteca Municipal de Benavente De Oliver Jeffers (ED.ORFEU NEGRO) Ol\u00e1, sejam bem-vindos! H\u00e1 muito tempo que n\u00e3o recebia visitas. Sabem&#8230; ouvi dizer que h\u00e1 um FANTASMA nesta casa. Mas \u00e9 muito dif\u00edcil v\u00ea-lo. J\u00e1 fui ao s\u00f3t\u00e3o [&hellip;]<\/p>\n","protected":false},"author":3,"featured_media":78659,"comment_status":"closed","ping_status":"closed","template":"","meta":{"_vp_format_video_url":"","_vp_image_focal_point":[]},"tags":[16,83,938,1695,794],"mec_category":[757],"class_list":["post-78657","mec-events","type-mec-events","status-publish","has-post-thumbnail","hentry","tag-benavente","tag-biblioteca","tag-conto","tag-halloween","tag-literatura","mec_category-literatura"],"_links":{"self":[{"href":"https:\/\/www.cm-benavente.pt\/index.php\/wp-json\/wp\/v2\/mec-events\/78657","targetHints":{"allow":["GET"]}}],"collection":[{"href":"https:\/\/www.cm-benavente.pt\/index.php\/wp-json\/wp\/v2\/mec-events"}],"about":[{"href":"https:\/\/www.cm-benavente.pt\/index.php\/wp-json\/wp\/v2\/types\/mec-events"}],"author":[{"embeddable":true,"href":"https:\/\/www.cm-benavente.pt\/index.php\/wp-json\/wp\/v2\/users\/3"}],"replies":[{"embeddable":true,"href":"https:\/\/www.cm-benavente.pt\/index.php\/wp-json\/wp\/v2\/comments?post=78657"}],"version-history":[{"count":2,"href":"https:\/\/www.cm-benavente.pt\/index.php\/wp-json\/wp\/v2\/mec-events\/78657\/revisions"}],"predecessor-version":[{"id":79261,"href":"https:\/\/www.cm-benavente.pt\/index.php\/wp-json\/wp\/v2\/mec-events\/78657\/revisions\/79261"}],"wp:featuredmedia":[{"embeddable":true,"href":"https:\/\/www.cm-benavente.pt\/index.php\/wp-json\/wp\/v2\/media\/78659"}],"wp:attachment":[{"href":"https:\/\/www.cm-benavente.pt\/index.php\/wp-json\/wp\/v2\/media?parent=78657"}],"wp:term":[{"taxonomy":"post_tag","embeddable":true,"href":"https:\/\/www.cm-benavente.pt\/index.php\/wp-json\/wp\/v2\/tags?post=78657"},{"taxonomy":"mec_category","embeddable":true,"href":"https:\/\/www.cm-benavente.pt\/index.php\/wp-json\/wp\/v2\/mec_category?post=78657"}],"curies":[{"name":"wp","href":"https:\/\/api.w.org\/{rel}","templated":true}]}}

ESGOTADO &#8211; Hora do Conto Noite das Bruxas &#8220;Há um Fantasma nesta casa&#8221;

<p><em><strong>ESGOTADO</strong></em></p>
<p><strong>Hora do Conto Noite das Bruxas &#8220;Há um Fantasma nesta casa&#8221;</strong></p>
<p><strong>31 de outubro às 21:00h</strong> na Biblioteca Municipal de Benavente</p>
<p>De Oliver Jeffers (ED.ORFEU NEGRO)</p>
<p>Olá, sejam bem-vindos! Há muito tempo que não recebia visitas.<br />
Sabem&#8230; ouvi dizer que há um FANTASMA nesta casa. Mas é muito difícil vê-lo. Já fui ao sótão e à cave, procurei debaixo da cama e entrei nos quartos vazios. DUAS VEZES! Dizem que os fantasmas são brancos e têm buracos no lugar dos olhos. Mas não sei&#8230; Será que me podem ajudar?<br />
Um divertido jogo de escondidas que vai expulsar medos e entreter os pequenos (e grandes) caça-fantasmas lá de casa!</p>
<p><strong>Público-alvo:</strong> Famílias<br />
<strong>Inscrições:</strong> <a href="mailto:bibliotecas@cm-benavente.pt">bibliotecas@cm-benavente.pt</a></p>
<p><strong>Organização: C</strong>âmara Municipal de Benavente</p>
<p>&nbsp;</p>
<p><img fetchpriority="high" decoding="async" class="alignnone size-full wp-image-78658" src="https://www.cm-benavente.pt/wp-content/uploads/2025/10/Ha-um-Fantasma-nesta-Casa_31-outubro_1080x1080.jpg" alt="" width="1080" height="1080" srcset="https://www.cm-benavente.pt/wp-content/uploads/2025/10/Ha-um-Fantasma-nesta-Casa_31-outubro_1080x1080.jpg 1080w, https://www.cm-benavente.pt/wp-content/uploads/2025/10/Ha-um-Fantasma-nesta-Casa_31-outubro_1080x1080-300x300.jpg 300w, https://www.cm-benavente.pt/wp-content/uploads/2025/10/Ha-um-Fantasma-nesta-Casa_31-outubro_1080x1080-1024x1024.jpg 1024w, https://www.cm-benavente.pt/wp-content/uploads/2025/10/Ha-um-Fantasma-nesta-Casa_31-outubro_1080x1080-150x150.jpg 150w, https://www.cm-benavente.pt/wp-content/uploads/2025/10/Ha-um-Fantasma-nesta-Casa_31-outubro_1080x1080-768x768.jpg 768w, https://www.cm-benavente.pt/wp-content/uploads/2025/10/Ha-um-Fantasma-nesta-Casa_31-outubro_1080x1080-500x500.jpg 500w, https://www.cm-benavente.pt/wp-content/uploads/2025/10/Ha-um-Fantasma-nesta-Casa_31-outubro_1080x1080-800x800.jpg 800w" sizes="(max-width: 1080px) 100vw, 1080px" /></p>

<p>ESGOTADO Hora do Conto Noite das Bruxas &#8220;Há um Fantasma nesta casa&#8221; 31 de outubro às 21:00h na Biblioteca Municipal de Benavente De Oliver Jeffers (ED.ORFEU NEGRO) Olá, sejam bem-vindos! Há muito tempo que não recebia visitas. Sabem&#8230; ouvi dizer que há um FANTASMA nesta casa. Mas é muito difícil vê-lo. Já fui ao sótão [&hellip;]</p>
