{"id":78644,"date":"2025-10-20T09:14:45","date_gmt":"2025-10-20T09:14:45","guid":{"rendered":"https:\/\/www.cm-benavente.pt\/?post_type=mec-events&#038;p=78644"},"modified":"2025-10-20T09:14:45","modified_gmt":"2025-10-20T09:14:45","slug":"festa-da-halloween-portas-do-sol","status":"publish","type":"mec-events","link":"https:\/\/www.cm-benavente.pt\/index.php\/events\/festa-da-halloween-portas-do-sol\/","title":{"rendered":"Festa da Halloween Portas do Sol"},"content":{"rendered":"<p><strong>Festa da Halloween Portas do Sol<\/strong><\/p>\n<p><strong>31 de outubro das 18:30h \u00e0s 00:00h<\/strong> no Campo de Futebol Portas do Sol, Benavente<\/p>\n<p><strong>Programa:<\/strong><\/p>\n<p>18:30h &#8211; Abertura das Portas do Sol<br \/>\n18:45h &#8211; Recep\u00e7\u00e3o aos atletas<br \/>\n19:00h &#8211; In\u00edcio das atividades assustadoras<br \/>\n20:00h &#8211; Jantares e petiscos para atletas, familiares e p\u00fablico geral<br \/>\n21:00h at\u00e9 \u00e0s 00:00h &#8211; Jogos de halloween e pinturas faciais<br \/>\n21:30h &#8211; Hist\u00f3ria assustadora no cemit\u00e9rio do campo (dos 9 aos 15 anos)<br \/>\n23:00h &#8211; Nomea\u00e7\u00e3o da melhor m\u00e1scara<br \/>\n00:00h &#8211; Fim das atividades<\/p>\n<p><strong>Nota:<\/strong> Todos os participantes ter\u00e3o acesso \u00e0 zona dos balne\u00e1rios para trocar de roupa ou mascararem-se<\/p>\n<p><strong>Organiza\u00e7\u00e3o:<\/strong> Grupo Desportivo de Benavente<\/p>\n<p>&nbsp;<\/p>\n<p><img fetchpriority=\"high\" decoding=\"async\" class=\"alignnone wp-image-78645 size-full\" src=\"https:\/\/www.cm-benavente.pt\/wp-content\/uploads\/2025\/10\/Festa-Halloween-Portas-Sol-GDB.jpg\" alt=\"\" width=\"423\" height=\"424\" srcset=\"https:\/\/www.cm-benavente.pt\/wp-content\/uploads\/2025\/10\/Festa-Halloween-Portas-Sol-GDB.jpg 423w, https:\/\/www.cm-benavente.pt\/wp-content\/uploads\/2025\/10\/Festa-Halloween-Portas-Sol-GDB-300x300.jpg 300w, https:\/\/www.cm-benavente.pt\/wp-content\/uploads\/2025\/10\/Festa-Halloween-Portas-Sol-GDB-150x150.jpg 150w\" sizes=\"(max-width: 423px) 100vw, 423px\" \/><\/p>\n","protected":false},"excerpt":{"rendered":"<p>Festa da Halloween Portas do Sol 31 de outubro das 18:30h \u00e0s 00:00h no Campo de Futebol Portas do Sol, Benavente Programa: 18:30h &#8211; Abertura das Portas do Sol 18:45h &#8211; Recep\u00e7\u00e3o aos atletas 19:00h &#8211; In\u00edcio das atividades assustadoras 20:00h &#8211; Jantares e petiscos para atletas, familiares e p\u00fablico geral 21:00h at\u00e9 \u00e0s 00:00h [&hellip;]<\/p>\n","protected":false},"author":3,"featured_media":78646,"comment_status":"closed","ping_status":"closed","template":"","meta":{"_vp_format_video_url":"","_vp_image_focal_point":[]},"tags":[16,3092,900,2969,1695,3093],"mec_category":[467],"class_list":["post-78644","mec-events","type-mec-events","status-publish","has-post-thumbnail","hentry","tag-benavente","tag-campo-de-futebol","tag-festa","tag-grupo-desportivo-de-benavente","tag-halloween","tag-portas-do-sol","mec_category-geral"],"_links":{"self":[{"href":"https:\/\/www.cm-benavente.pt\/index.php\/wp-json\/wp\/v2\/mec-events\/78644","targetHints":{"allow":["GET"]}}],"collection":[{"href":"https:\/\/www.cm-benavente.pt\/index.php\/wp-json\/wp\/v2\/mec-events"}],"about":[{"href":"https:\/\/www.cm-benavente.pt\/index.php\/wp-json\/wp\/v2\/types\/mec-events"}],"author":[{"embeddable":true,"href":"https:\/\/www.cm-benavente.pt\/index.php\/wp-json\/wp\/v2\/users\/3"}],"replies":[{"embeddable":true,"href":"https:\/\/www.cm-benavente.pt\/index.php\/wp-json\/wp\/v2\/comments?post=78644"}],"version-history":[{"count":2,"href":"https:\/\/www.cm-benavente.pt\/index.php\/wp-json\/wp\/v2\/mec-events\/78644\/revisions"}],"predecessor-version":[{"id":78648,"href":"https:\/\/www.cm-benavente.pt\/index.php\/wp-json\/wp\/v2\/mec-events\/78644\/revisions\/78648"}],"wp:featuredmedia":[{"embeddable":true,"href":"https:\/\/www.cm-benavente.pt\/index.php\/wp-json\/wp\/v2\/media\/78646"}],"wp:attachment":[{"href":"https:\/\/www.cm-benavente.pt\/index.php\/wp-json\/wp\/v2\/media?parent=78644"}],"wp:term":[{"taxonomy":"post_tag","embeddable":true,"href":"https:\/\/www.cm-benavente.pt\/index.php\/wp-json\/wp\/v2\/tags?post=78644"},{"taxonomy":"mec_category","embeddable":true,"href":"https:\/\/www.cm-benavente.pt\/index.php\/wp-json\/wp\/v2\/mec_category?post=78644"}],"curies":[{"name":"wp","href":"https:\/\/api.w.org\/{rel}","templated":true}]}}

<p><strong>Festa da Halloween Portas do Sol</strong></p>
<p><strong>31 de outubro das 18:30h às 00:00h</strong> no Campo de Futebol Portas do Sol, Benavente</p>
<p><strong>Programa:</strong></p>
<p>18:30h &#8211; Abertura das Portas do Sol<br />
18:45h &#8211; Recepção aos atletas<br />
19:00h &#8211; Início das atividades assustadoras<br />
20:00h &#8211; Jantares e petiscos para atletas, familiares e público geral<br />
21:00h até às 00:00h &#8211; Jogos de halloween e pinturas faciais<br />
21:30h &#8211; História assustadora no cemitério do campo (dos 9 aos 15 anos)<br />
23:00h &#8211; Nomeação da melhor máscara<br />
00:00h &#8211; Fim das atividades</p>
<p><strong>Nota:</strong> Todos os participantes terão acesso à zona dos balneários para trocar de roupa ou mascararem-se</p>
<p><strong>Organização:</strong> Grupo Desportivo de Benavente</p>
<p>&nbsp;</p>
<p><img fetchpriority="high" decoding="async" class="alignnone wp-image-78645 size-full" src="https://www.cm-benavente.pt/wp-content/uploads/2025/10/Festa-Halloween-Portas-Sol-GDB.jpg" alt="" width="423" height="424" srcset="https://www.cm-benavente.pt/wp-content/uploads/2025/10/Festa-Halloween-Portas-Sol-GDB.jpg 423w, https://www.cm-benavente.pt/wp-content/uploads/2025/10/Festa-Halloween-Portas-Sol-GDB-300x300.jpg 300w, https://www.cm-benavente.pt/wp-content/uploads/2025/10/Festa-Halloween-Portas-Sol-GDB-150x150.jpg 150w" sizes="(max-width: 423px) 100vw, 423px" /></p>

<p>Festa da Halloween Portas do Sol 31 de outubro das 18:30h às 00:00h no Campo de Futebol Portas do Sol, Benavente Programa: 18:30h &#8211; Abertura das Portas do Sol 18:45h &#8211; Recepção aos atletas 19:00h &#8211; Início das atividades assustadoras 20:00h &#8211; Jantares e petiscos para atletas, familiares e público geral 21:00h até às 00:00h [&hellip;]</p>
