{"id":78397,"date":"2025-10-13T11:24:54","date_gmt":"2025-10-13T11:24:54","guid":{"rendered":"https:\/\/www.cm-benavente.pt\/?post_type=mec-events&#038;p=78397"},"modified":"2025-10-15T08:38:45","modified_gmt":"2025-10-15T08:38:45","slug":"caminhada-de-sensibilizacao-outubro-rosa","status":"publish","type":"mec-events","link":"https:\/\/www.cm-benavente.pt\/index.php\/events\/caminhada-de-sensibilizacao-outubro-rosa\/","title":{"rendered":"Caminhada de Sensibiliza\u00e7\u00e3o Outubro Rosa"},"content":{"rendered":"<p><strong>Caminhada de Sensibiliza\u00e7\u00e3o Outubro Rosa<\/strong><\/p>\n<p><strong>26 de outubro \u00e0s 10:00h<\/strong> no Parque 25 de Abril, Benavente<\/p>\n<p><strong>Programa:\u00a0<\/strong><\/p>\n<p>09:30h &#8211; Concentra\u00e7\u00e3o no Parque 25 de Abril<br \/>\n10:00h &#8211; In\u00edcio da Caminhada<\/p>\n<p><strong>Percurso:<\/strong><\/p>\n<p>In\u00edcio e fim no Parque 25 de Abril<\/p>\n<p><strong>Inscri\u00e7\u00e3o:<\/strong> donativo m\u00ednimo de 5 la\u00e7o (inclui t-shirt e \u00e1gua)<\/p>\n<p><strong>Contactos e informa\u00e7\u00f5es:<\/strong> Lavandaria do Parque &#8211; <a href=\"tel:914901774\">914 901 774<\/a> , A Z\u00e9 Cabeleireiros &#8211; <a href=\"tel:263151433\">263 151 433<\/a> ou O Manjar da Flor &#8211; <a href=\"tel:263038284\">263 038 284<\/a><\/p>\n<p><strong>Organiza\u00e7\u00e3o:<\/strong> Liga Portuguesa Contra o Cancro<\/p>\n<p>&nbsp;<\/p>\n<p>&nbsp;<\/p>\n<p><img fetchpriority=\"high\" decoding=\"async\" class=\"alignnone size-full wp-image-78458\" src=\"https:\/\/www.cm-benavente.pt\/wp-content\/uploads\/2025\/10\/26.10-BENAVENTE-OR-2025-2.jpg\" alt=\"\" width=\"849\" height=\"1200\" srcset=\"https:\/\/www.cm-benavente.pt\/wp-content\/uploads\/2025\/10\/26.10-BENAVENTE-OR-2025-2.jpg 849w, https:\/\/www.cm-benavente.pt\/wp-content\/uploads\/2025\/10\/26.10-BENAVENTE-OR-2025-2-212x300.jpg 212w, https:\/\/www.cm-benavente.pt\/wp-content\/uploads\/2025\/10\/26.10-BENAVENTE-OR-2025-2-724x1024.jpg 724w, https:\/\/www.cm-benavente.pt\/wp-content\/uploads\/2025\/10\/26.10-BENAVENTE-OR-2025-2-768x1086.jpg 768w, https:\/\/www.cm-benavente.pt\/wp-content\/uploads\/2025\/10\/26.10-BENAVENTE-OR-2025-2-500x707.jpg 500w, https:\/\/www.cm-benavente.pt\/wp-content\/uploads\/2025\/10\/26.10-BENAVENTE-OR-2025-2-800x1131.jpg 800w\" sizes=\"(max-width: 849px) 100vw, 849px\" \/><\/p>\n","protected":false},"excerpt":{"rendered":"<p>Caminhada de Sensibiliza\u00e7\u00e3o Outubro Rosa 26 de outubro \u00e0s 10:00h no Parque 25 de Abril, Benavente Programa:\u00a0 09:30h &#8211; Concentra\u00e7\u00e3o no Parque 25 de Abril 10:00h &#8211; In\u00edcio da Caminhada Percurso: In\u00edcio e fim no Parque 25 de Abril Inscri\u00e7\u00e3o: donativo m\u00ednimo de 5 la\u00e7o (inclui t-shirt e \u00e1gua) Contactos e informa\u00e7\u00f5es: Lavandaria do Parque [&hellip;]<\/p>\n","protected":false},"author":3,"featured_media":78399,"comment_status":"closed","ping_status":"closed","template":"","meta":{"_vp_format_video_url":"","_vp_image_focal_point":[]},"tags":[16,808,124,623,1665,1666,99],"mec_category":[472],"class_list":["post-78397","mec-events","type-mec-events","status-publish","has-post-thumbnail","hentry","tag-benavente","tag-caminhada","tag-desporto","tag-liga-portuguesa-contra-o-cancro","tag-outubro","tag-rosa","tag-saude","mec_category-desporto"],"_links":{"self":[{"href":"https:\/\/www.cm-benavente.pt\/index.php\/wp-json\/wp\/v2\/mec-events\/78397","targetHints":{"allow":["GET"]}}],"collection":[{"href":"https:\/\/www.cm-benavente.pt\/index.php\/wp-json\/wp\/v2\/mec-events"}],"about":[{"href":"https:\/\/www.cm-benavente.pt\/index.php\/wp-json\/wp\/v2\/types\/mec-events"}],"author":[{"embeddable":true,"href":"https:\/\/www.cm-benavente.pt\/index.php\/wp-json\/wp\/v2\/users\/3"}],"replies":[{"embeddable":true,"href":"https:\/\/www.cm-benavente.pt\/index.php\/wp-json\/wp\/v2\/comments?post=78397"}],"version-history":[{"count":3,"href":"https:\/\/www.cm-benavente.pt\/index.php\/wp-json\/wp\/v2\/mec-events\/78397\/revisions"}],"predecessor-version":[{"id":78460,"href":"https:\/\/www.cm-benavente.pt\/index.php\/wp-json\/wp\/v2\/mec-events\/78397\/revisions\/78460"}],"wp:featuredmedia":[{"embeddable":true,"href":"https:\/\/www.cm-benavente.pt\/index.php\/wp-json\/wp\/v2\/media\/78399"}],"wp:attachment":[{"href":"https:\/\/www.cm-benavente.pt\/index.php\/wp-json\/wp\/v2\/media?parent=78397"}],"wp:term":[{"taxonomy":"post_tag","embeddable":true,"href":"https:\/\/www.cm-benavente.pt\/index.php\/wp-json\/wp\/v2\/tags?post=78397"},{"taxonomy":"mec_category","embeddable":true,"href":"https:\/\/www.cm-benavente.pt\/index.php\/wp-json\/wp\/v2\/mec_category?post=78397"}],"curies":[{"name":"wp","href":"https:\/\/api.w.org\/{rel}","templated":true}]}}

Caminhada de Sensibilização Outubro Rosa

<p><strong>Caminhada de Sensibilização Outubro Rosa</strong></p>
<p><strong>26 de outubro às 10:00h</strong> no Parque 25 de Abril, Benavente</p>
<p><strong>Programa: </strong></p>
<p>09:30h &#8211; Concentração no Parque 25 de Abril<br />
10:00h &#8211; Início da Caminhada</p>
<p><strong>Percurso:</strong></p>
<p>Início e fim no Parque 25 de Abril</p>
<p><strong>Inscrição:</strong> donativo mínimo de 5 laço (inclui t-shirt e água)</p>
<p><strong>Contactos e informações:</strong> Lavandaria do Parque &#8211; <a href="tel:914901774">914 901 774</a> , A Zé Cabeleireiros &#8211; <a href="tel:263151433">263 151 433</a> ou O Manjar da Flor &#8211; <a href="tel:263038284">263 038 284</a></p>
<p><strong>Organização:</strong> Liga Portuguesa Contra o Cancro</p>
<p>&nbsp;</p>
<p>&nbsp;</p>
<p><img fetchpriority="high" decoding="async" class="alignnone size-full wp-image-78458" src="https://www.cm-benavente.pt/wp-content/uploads/2025/10/26.10-BENAVENTE-OR-2025-2.jpg" alt="" width="849" height="1200" srcset="https://www.cm-benavente.pt/wp-content/uploads/2025/10/26.10-BENAVENTE-OR-2025-2.jpg 849w, https://www.cm-benavente.pt/wp-content/uploads/2025/10/26.10-BENAVENTE-OR-2025-2-212x300.jpg 212w, https://www.cm-benavente.pt/wp-content/uploads/2025/10/26.10-BENAVENTE-OR-2025-2-724x1024.jpg 724w, https://www.cm-benavente.pt/wp-content/uploads/2025/10/26.10-BENAVENTE-OR-2025-2-768x1086.jpg 768w, https://www.cm-benavente.pt/wp-content/uploads/2025/10/26.10-BENAVENTE-OR-2025-2-500x707.jpg 500w, https://www.cm-benavente.pt/wp-content/uploads/2025/10/26.10-BENAVENTE-OR-2025-2-800x1131.jpg 800w" sizes="(max-width: 849px) 100vw, 849px" /></p>

<p>Caminhada de Sensibilização Outubro Rosa 26 de outubro às 10:00h no Parque 25 de Abril, Benavente Programa:  09:30h &#8211; Concentração no Parque 25 de Abril 10:00h &#8211; Início da Caminhada Percurso: Início e fim no Parque 25 de Abril Inscrição: donativo mínimo de 5 laço (inclui t-shirt e água) Contactos e informações: Lavandaria do Parque [&hellip;]</p>
