{"id":77553,"date":"2025-09-15T09:13:07","date_gmt":"2025-09-15T09:13:07","guid":{"rendered":"https:\/\/www.cm-benavente.pt\/?post_type=mec-events&#038;p=77553"},"modified":"2025-09-15T09:13:07","modified_gmt":"2025-09-15T09:13:07","slug":"gala-nasc-2025","status":"publish","type":"mec-events","link":"https:\/\/www.cm-benavente.pt\/index.php\/events\/gala-nasc-2025\/","title":{"rendered":"Gala NASC 2025"},"content":{"rendered":"<p><strong>Gala NASC 2025<\/strong><\/p>\n<p><strong>19 de setembro \u00e0s 20:30h<\/strong> no Centro Cultural de Samora Correia<\/p>\n<p><strong>Organiza\u00e7\u00e3o:<\/strong> N\u00facleo de Andebol de Samora Correia<\/p>\n<p>&nbsp;<\/p>\n<p>&nbsp;<\/p>\n<p><a href=\"https:\/\/www.cm-benavente.pt\/wp-content\/uploads\/2025\/09\/gala-nasc.jpg\"><img fetchpriority=\"high\" decoding=\"async\" class=\"alignnone size-large wp-image-77555\" src=\"https:\/\/www.cm-benavente.pt\/wp-content\/uploads\/2025\/09\/gala-nasc-1024x768.jpg\" alt=\"\" width=\"800\" height=\"600\" srcset=\"https:\/\/www.cm-benavente.pt\/wp-content\/uploads\/2025\/09\/gala-nasc-1024x768.jpg 1024w, https:\/\/www.cm-benavente.pt\/wp-content\/uploads\/2025\/09\/gala-nasc-300x225.jpg 300w, https:\/\/www.cm-benavente.pt\/wp-content\/uploads\/2025\/09\/gala-nasc-768x576.jpg 768w, https:\/\/www.cm-benavente.pt\/wp-content\/uploads\/2025\/09\/gala-nasc-500x375.jpg 500w, https:\/\/www.cm-benavente.pt\/wp-content\/uploads\/2025\/09\/gala-nasc-800x600.jpg 800w, https:\/\/www.cm-benavente.pt\/wp-content\/uploads\/2025\/09\/gala-nasc-1280x960.jpg 1280w, https:\/\/www.cm-benavente.pt\/wp-content\/uploads\/2025\/09\/gala-nasc.jpg 1440w\" sizes=\"(max-width: 800px) 100vw, 800px\" \/><\/a><\/p>\n","protected":false},"excerpt":{"rendered":"<p>Gala NASC 2025 19 de setembro \u00e0s 20:30h no Centro Cultural de Samora Correia Organiza\u00e7\u00e3o: N\u00facleo de Andebol de Samora Correia &nbsp; &nbsp;<\/p>\n","protected":false},"author":3,"featured_media":77554,"comment_status":"closed","ping_status":"closed","template":"","meta":{"_vp_format_video_url":"","_vp_image_focal_point":[]},"tags":[124,94,1106,27],"mec_category":[1112,472],"class_list":["post-77553","mec-events","type-mec-events","status-publish","has-post-thumbnail","hentry","tag-desporto","tag-gala","tag-nasc","tag-samora-correia","mec_category-andebol","mec_category-desporto"],"_links":{"self":[{"href":"https:\/\/www.cm-benavente.pt\/index.php\/wp-json\/wp\/v2\/mec-events\/77553","targetHints":{"allow":["GET"]}}],"collection":[{"href":"https:\/\/www.cm-benavente.pt\/index.php\/wp-json\/wp\/v2\/mec-events"}],"about":[{"href":"https:\/\/www.cm-benavente.pt\/index.php\/wp-json\/wp\/v2\/types\/mec-events"}],"author":[{"embeddable":true,"href":"https:\/\/www.cm-benavente.pt\/index.php\/wp-json\/wp\/v2\/users\/3"}],"replies":[{"embeddable":true,"href":"https:\/\/www.cm-benavente.pt\/index.php\/wp-json\/wp\/v2\/comments?post=77553"}],"version-history":[{"count":1,"href":"https:\/\/www.cm-benavente.pt\/index.php\/wp-json\/wp\/v2\/mec-events\/77553\/revisions"}],"predecessor-version":[{"id":77556,"href":"https:\/\/www.cm-benavente.pt\/index.php\/wp-json\/wp\/v2\/mec-events\/77553\/revisions\/77556"}],"wp:featuredmedia":[{"embeddable":true,"href":"https:\/\/www.cm-benavente.pt\/index.php\/wp-json\/wp\/v2\/media\/77554"}],"wp:attachment":[{"href":"https:\/\/www.cm-benavente.pt\/index.php\/wp-json\/wp\/v2\/media?parent=77553"}],"wp:term":[{"taxonomy":"post_tag","embeddable":true,"href":"https:\/\/www.cm-benavente.pt\/index.php\/wp-json\/wp\/v2\/tags?post=77553"},{"taxonomy":"mec_category","embeddable":true,"href":"https:\/\/www.cm-benavente.pt\/index.php\/wp-json\/wp\/v2\/mec_category?post=77553"}],"curies":[{"name":"wp","href":"https:\/\/api.w.org\/{rel}","templated":true}]}}

<p><strong>Gala NASC 2025</strong></p>
<p><strong>19 de setembro às 20:30h</strong> no Centro Cultural de Samora Correia</p>
<p><strong>Organização:</strong> Núcleo de Andebol de Samora Correia</p>
<p>&nbsp;</p>
<p>&nbsp;</p>
<p><a href="https://www.cm-benavente.pt/wp-content/uploads/2025/09/gala-nasc.jpg"><img fetchpriority="high" decoding="async" class="alignnone size-large wp-image-77555" src="https://www.cm-benavente.pt/wp-content/uploads/2025/09/gala-nasc-1024x768.jpg" alt="" width="800" height="600" srcset="https://www.cm-benavente.pt/wp-content/uploads/2025/09/gala-nasc-1024x768.jpg 1024w, https://www.cm-benavente.pt/wp-content/uploads/2025/09/gala-nasc-300x225.jpg 300w, https://www.cm-benavente.pt/wp-content/uploads/2025/09/gala-nasc-768x576.jpg 768w, https://www.cm-benavente.pt/wp-content/uploads/2025/09/gala-nasc-500x375.jpg 500w, https://www.cm-benavente.pt/wp-content/uploads/2025/09/gala-nasc-800x600.jpg 800w, https://www.cm-benavente.pt/wp-content/uploads/2025/09/gala-nasc-1280x960.jpg 1280w, https://www.cm-benavente.pt/wp-content/uploads/2025/09/gala-nasc.jpg 1440w" sizes="(max-width: 800px) 100vw, 800px" /></a></p>

<p>Gala NASC 2025 19 de setembro às 20:30h no Centro Cultural de Samora Correia Organização: Núcleo de Andebol de Samora Correia &nbsp; &nbsp;</p>
