{"id":77478,"date":"2025-09-12T08:51:39","date_gmt":"2025-09-12T08:51:39","guid":{"rendered":"https:\/\/www.cm-benavente.pt\/?post_type=mec-events&#038;p=77478"},"modified":"2025-09-12T08:51:39","modified_gmt":"2025-09-12T08:51:39","slug":"torneio-de-andebol-antonio-madaleno","status":"publish","type":"mec-events","link":"https:\/\/www.cm-benavente.pt\/index.php\/events\/torneio-de-andebol-antonio-madaleno\/","title":{"rendered":"Torneio de Andebol Ant\u00f3nio Madaleno"},"content":{"rendered":"<p><strong>Torneio de Andebol Ant\u00f3nio Madaleno<\/strong><\/p>\n<p><strong>13 de setembro<\/strong> no Pavilh\u00e3o Gimnodesportivo de Samora Correia<\/p>\n<p><strong>Organiza\u00e7\u00e3o:<\/strong> N\u00facleo de Andebol de Samora Correia<\/p>\n<p>&nbsp;<\/p>\n<p><a href=\"https:\/\/www.cm-benavente.pt\/wp-content\/uploads\/2025\/09\/torneio-andebol-antonio-madaleno-nasc.jpg\"><img fetchpriority=\"high\" decoding=\"async\" class=\"alignnone size-large wp-image-77479\" src=\"https:\/\/www.cm-benavente.pt\/wp-content\/uploads\/2025\/09\/torneio-andebol-antonio-madaleno-nasc-820x1024.jpg\" alt=\"\" width=\"800\" height=\"999\" srcset=\"https:\/\/www.cm-benavente.pt\/wp-content\/uploads\/2025\/09\/torneio-andebol-antonio-madaleno-nasc-820x1024.jpg 820w, https:\/\/www.cm-benavente.pt\/wp-content\/uploads\/2025\/09\/torneio-andebol-antonio-madaleno-nasc-240x300.jpg 240w, https:\/\/www.cm-benavente.pt\/wp-content\/uploads\/2025\/09\/torneio-andebol-antonio-madaleno-nasc-768x959.jpg 768w, https:\/\/www.cm-benavente.pt\/wp-content\/uploads\/2025\/09\/torneio-andebol-antonio-madaleno-nasc-500x625.jpg 500w, https:\/\/www.cm-benavente.pt\/wp-content\/uploads\/2025\/09\/torneio-andebol-antonio-madaleno-nasc-800x999.jpg 800w, https:\/\/www.cm-benavente.pt\/wp-content\/uploads\/2025\/09\/torneio-andebol-antonio-madaleno-nasc.jpg 1080w\" sizes=\"(max-width: 800px) 100vw, 800px\" \/><\/a><\/p>\n","protected":false},"excerpt":{"rendered":"<p>Torneio de Andebol Ant\u00f3nio Madaleno 13 de setembro no Pavilh\u00e3o Gimnodesportivo de Samora Correia Organiza\u00e7\u00e3o: N\u00facleo de Andebol de Samora Correia &nbsp;<\/p>\n","protected":false},"author":3,"featured_media":77480,"comment_status":"closed","ping_status":"closed","template":"","meta":{"_vp_format_video_url":"","_vp_image_focal_point":[]},"tags":[1009,2270,124,1106,27,1010],"mec_category":[1112,472],"class_list":["post-77478","mec-events","type-mec-events","status-publish","has-post-thumbnail","hentry","tag-andebol","tag-antonio-madaleno","tag-desporto","tag-nasc","tag-samora-correia","tag-torneio","mec_category-andebol","mec_category-desporto"],"_links":{"self":[{"href":"https:\/\/www.cm-benavente.pt\/index.php\/wp-json\/wp\/v2\/mec-events\/77478","targetHints":{"allow":["GET"]}}],"collection":[{"href":"https:\/\/www.cm-benavente.pt\/index.php\/wp-json\/wp\/v2\/mec-events"}],"about":[{"href":"https:\/\/www.cm-benavente.pt\/index.php\/wp-json\/wp\/v2\/types\/mec-events"}],"author":[{"embeddable":true,"href":"https:\/\/www.cm-benavente.pt\/index.php\/wp-json\/wp\/v2\/users\/3"}],"replies":[{"embeddable":true,"href":"https:\/\/www.cm-benavente.pt\/index.php\/wp-json\/wp\/v2\/comments?post=77478"}],"version-history":[{"count":1,"href":"https:\/\/www.cm-benavente.pt\/index.php\/wp-json\/wp\/v2\/mec-events\/77478\/revisions"}],"predecessor-version":[{"id":77481,"href":"https:\/\/www.cm-benavente.pt\/index.php\/wp-json\/wp\/v2\/mec-events\/77478\/revisions\/77481"}],"wp:featuredmedia":[{"embeddable":true,"href":"https:\/\/www.cm-benavente.pt\/index.php\/wp-json\/wp\/v2\/media\/77480"}],"wp:attachment":[{"href":"https:\/\/www.cm-benavente.pt\/index.php\/wp-json\/wp\/v2\/media?parent=77478"}],"wp:term":[{"taxonomy":"post_tag","embeddable":true,"href":"https:\/\/www.cm-benavente.pt\/index.php\/wp-json\/wp\/v2\/tags?post=77478"},{"taxonomy":"mec_category","embeddable":true,"href":"https:\/\/www.cm-benavente.pt\/index.php\/wp-json\/wp\/v2\/mec_category?post=77478"}],"curies":[{"name":"wp","href":"https:\/\/api.w.org\/{rel}","templated":true}]}}

Torneio de Andebol António Madaleno

<p><strong>Torneio de Andebol António Madaleno</strong></p>
<p><strong>13 de setembro</strong> no Pavilhão Gimnodesportivo de Samora Correia</p>
<p><strong>Organização:</strong> Núcleo de Andebol de Samora Correia</p>
<p>&nbsp;</p>
<p><a href="https://www.cm-benavente.pt/wp-content/uploads/2025/09/torneio-andebol-antonio-madaleno-nasc.jpg"><img fetchpriority="high" decoding="async" class="alignnone size-large wp-image-77479" src="https://www.cm-benavente.pt/wp-content/uploads/2025/09/torneio-andebol-antonio-madaleno-nasc-820x1024.jpg" alt="" width="800" height="999" srcset="https://www.cm-benavente.pt/wp-content/uploads/2025/09/torneio-andebol-antonio-madaleno-nasc-820x1024.jpg 820w, https://www.cm-benavente.pt/wp-content/uploads/2025/09/torneio-andebol-antonio-madaleno-nasc-240x300.jpg 240w, https://www.cm-benavente.pt/wp-content/uploads/2025/09/torneio-andebol-antonio-madaleno-nasc-768x959.jpg 768w, https://www.cm-benavente.pt/wp-content/uploads/2025/09/torneio-andebol-antonio-madaleno-nasc-500x625.jpg 500w, https://www.cm-benavente.pt/wp-content/uploads/2025/09/torneio-andebol-antonio-madaleno-nasc-800x999.jpg 800w, https://www.cm-benavente.pt/wp-content/uploads/2025/09/torneio-andebol-antonio-madaleno-nasc.jpg 1080w" sizes="(max-width: 800px) 100vw, 800px" /></a></p>

<p>Torneio de Andebol António Madaleno 13 de setembro no Pavilhão Gimnodesportivo de Samora Correia Organização: Núcleo de Andebol de Samora Correia &nbsp;</p>
