{"id":77371,"date":"2025-09-05T13:51:44","date_gmt":"2025-09-05T13:51:44","guid":{"rendered":"https:\/\/www.cm-benavente.pt\/?post_type=mec-events&#038;p=77371"},"modified":"2025-09-05T13:51:44","modified_gmt":"2025-09-05T13:51:44","slug":"adra-4o-torneio-adra","status":"publish","type":"mec-events","link":"https:\/\/www.cm-benavente.pt\/index.php\/events\/adra-4o-torneio-adra\/","title":{"rendered":"ADRA | 4\u00ba Torneio ADRA"},"content":{"rendered":"<p><strong>ADRA | 4\u00ba Torneio ADRA<\/strong><\/p>\n<p><strong>27 de setembro \u00e0s 15:00h<\/strong> no Complexo Desportivo dos Camarinhais, Benavente<\/p>\n<p><strong>Organiza\u00e7\u00e3o:<\/strong> ADRA<\/p>\n<p>&nbsp;<\/p>\n<p><a href=\"https:\/\/www.cm-benavente.pt\/wp-content\/uploads\/2025\/09\/adra-27092025.jpg\"><img fetchpriority=\"high\" decoding=\"async\" class=\"alignnone size-large wp-image-77375\" src=\"https:\/\/www.cm-benavente.pt\/wp-content\/uploads\/2025\/09\/adra-27092025-724x1024.jpg\" alt=\"\" width=\"724\" height=\"1024\" srcset=\"https:\/\/www.cm-benavente.pt\/wp-content\/uploads\/2025\/09\/adra-27092025-724x1024.jpg 724w, https:\/\/www.cm-benavente.pt\/wp-content\/uploads\/2025\/09\/adra-27092025-212x300.jpg 212w, https:\/\/www.cm-benavente.pt\/wp-content\/uploads\/2025\/09\/adra-27092025-768x1086.jpg 768w, https:\/\/www.cm-benavente.pt\/wp-content\/uploads\/2025\/09\/adra-27092025-1086x1536.jpg 1086w, https:\/\/www.cm-benavente.pt\/wp-content\/uploads\/2025\/09\/adra-27092025-500x707.jpg 500w, https:\/\/www.cm-benavente.pt\/wp-content\/uploads\/2025\/09\/adra-27092025-800x1132.jpg 800w, https:\/\/www.cm-benavente.pt\/wp-content\/uploads\/2025\/09\/adra-27092025.jpg 1131w\" sizes=\"(max-width: 724px) 100vw, 724px\" \/><\/a><\/p>\n","protected":false},"excerpt":{"rendered":"<p>ADRA | 4\u00ba Torneio ADRA 27 de setembro \u00e0s 15:00h no Complexo Desportivo dos Camarinhais, Benavente Organiza\u00e7\u00e3o: ADRA &nbsp;<\/p>\n","protected":false},"author":3,"featured_media":77376,"comment_status":"closed","ping_status":"closed","template":"","meta":{"_vp_format_video_url":"","_vp_image_focal_point":[]},"tags":[1115,16,124,12,1380],"mec_category":[472,1111],"class_list":["post-77371","mec-events","type-mec-events","status-publish","has-post-thumbnail","hentry","tag-adra","tag-benavente","tag-desporto","tag-futebol","tag-vila-das-areias","mec_category-desporto","mec_category-futebol"],"_links":{"self":[{"href":"https:\/\/www.cm-benavente.pt\/index.php\/wp-json\/wp\/v2\/mec-events\/77371","targetHints":{"allow":["GET"]}}],"collection":[{"href":"https:\/\/www.cm-benavente.pt\/index.php\/wp-json\/wp\/v2\/mec-events"}],"about":[{"href":"https:\/\/www.cm-benavente.pt\/index.php\/wp-json\/wp\/v2\/types\/mec-events"}],"author":[{"embeddable":true,"href":"https:\/\/www.cm-benavente.pt\/index.php\/wp-json\/wp\/v2\/users\/3"}],"replies":[{"embeddable":true,"href":"https:\/\/www.cm-benavente.pt\/index.php\/wp-json\/wp\/v2\/comments?post=77371"}],"version-history":[{"count":1,"href":"https:\/\/www.cm-benavente.pt\/index.php\/wp-json\/wp\/v2\/mec-events\/77371\/revisions"}],"predecessor-version":[{"id":77377,"href":"https:\/\/www.cm-benavente.pt\/index.php\/wp-json\/wp\/v2\/mec-events\/77371\/revisions\/77377"}],"wp:featuredmedia":[{"embeddable":true,"href":"https:\/\/www.cm-benavente.pt\/index.php\/wp-json\/wp\/v2\/media\/77376"}],"wp:attachment":[{"href":"https:\/\/www.cm-benavente.pt\/index.php\/wp-json\/wp\/v2\/media?parent=77371"}],"wp:term":[{"taxonomy":"post_tag","embeddable":true,"href":"https:\/\/www.cm-benavente.pt\/index.php\/wp-json\/wp\/v2\/tags?post=77371"},{"taxonomy":"mec_category","embeddable":true,"href":"https:\/\/www.cm-benavente.pt\/index.php\/wp-json\/wp\/v2\/mec_category?post=77371"}],"curies":[{"name":"wp","href":"https:\/\/api.w.org\/{rel}","templated":true}]}}

ADRA | 4º Torneio ADRA

<p><strong>ADRA | 4º Torneio ADRA</strong></p>
<p><strong>27 de setembro às 15:00h</strong> no Complexo Desportivo dos Camarinhais, Benavente</p>
<p><strong>Organização:</strong> ADRA</p>
<p>&nbsp;</p>
<p><a href="https://www.cm-benavente.pt/wp-content/uploads/2025/09/adra-27092025.jpg"><img fetchpriority="high" decoding="async" class="alignnone size-large wp-image-77375" src="https://www.cm-benavente.pt/wp-content/uploads/2025/09/adra-27092025-724x1024.jpg" alt="" width="724" height="1024" srcset="https://www.cm-benavente.pt/wp-content/uploads/2025/09/adra-27092025-724x1024.jpg 724w, https://www.cm-benavente.pt/wp-content/uploads/2025/09/adra-27092025-212x300.jpg 212w, https://www.cm-benavente.pt/wp-content/uploads/2025/09/adra-27092025-768x1086.jpg 768w, https://www.cm-benavente.pt/wp-content/uploads/2025/09/adra-27092025-1086x1536.jpg 1086w, https://www.cm-benavente.pt/wp-content/uploads/2025/09/adra-27092025-500x707.jpg 500w, https://www.cm-benavente.pt/wp-content/uploads/2025/09/adra-27092025-800x1132.jpg 800w, https://www.cm-benavente.pt/wp-content/uploads/2025/09/adra-27092025.jpg 1131w" sizes="(max-width: 724px) 100vw, 724px" /></a></p>

<p>ADRA | 4º Torneio ADRA 27 de setembro às 15:00h no Complexo Desportivo dos Camarinhais, Benavente Organização: ADRA &nbsp;</p>
