{"id":77323,"date":"2025-09-03T15:21:55","date_gmt":"2025-09-03T15:21:55","guid":{"rendered":"https:\/\/www.cm-benavente.pt\/?post_type=mec-events&#038;p=77323"},"modified":"2025-09-12T09:35:00","modified_gmt":"2025-09-12T09:35:00","slug":"9o-passeio-de-classicas","status":"publish","type":"mec-events","link":"https:\/\/www.cm-benavente.pt\/index.php\/events\/9o-passeio-de-classicas\/","title":{"rendered":"9\u00ba Passeio de Cl\u00e1ssicas"},"content":{"rendered":"<p><strong>9\u00ba Passeio de Cl\u00e1ssicas<\/strong><\/p>\n<p><strong>14 de setembro \u00e0s 08:00h<\/strong> junto ao Coreto de Santo Est\u00eav\u00e3o<\/p>\n<p><strong>Organiza\u00e7\u00e3o:<\/strong> Clube Futebol Estevense e Almansor Motor Clube<\/p>\n<p>&nbsp;<\/p>\n<p><a href=\"https:\/\/www.cm-benavente.pt\/wp-content\/uploads\/2025\/09\/9o-passeio-de-classicas-santo-estevao-nova-data.jpg\"><img fetchpriority=\"high\" decoding=\"async\" class=\"alignnone size-large wp-image-77452\" src=\"https:\/\/www.cm-benavente.pt\/wp-content\/uploads\/2025\/09\/9o-passeio-de-classicas-santo-estevao-nova-data-724x1024.jpg\" alt=\"\" width=\"724\" height=\"1024\" srcset=\"https:\/\/www.cm-benavente.pt\/wp-content\/uploads\/2025\/09\/9o-passeio-de-classicas-santo-estevao-nova-data-724x1024.jpg 724w, https:\/\/www.cm-benavente.pt\/wp-content\/uploads\/2025\/09\/9o-passeio-de-classicas-santo-estevao-nova-data-212x300.jpg 212w, https:\/\/www.cm-benavente.pt\/wp-content\/uploads\/2025\/09\/9o-passeio-de-classicas-santo-estevao-nova-data-768x1086.jpg 768w, https:\/\/www.cm-benavente.pt\/wp-content\/uploads\/2025\/09\/9o-passeio-de-classicas-santo-estevao-nova-data-1086x1536.jpg 1086w, https:\/\/www.cm-benavente.pt\/wp-content\/uploads\/2025\/09\/9o-passeio-de-classicas-santo-estevao-nova-data-500x707.jpg 500w, https:\/\/www.cm-benavente.pt\/wp-content\/uploads\/2025\/09\/9o-passeio-de-classicas-santo-estevao-nova-data-800x1132.jpg 800w, https:\/\/www.cm-benavente.pt\/wp-content\/uploads\/2025\/09\/9o-passeio-de-classicas-santo-estevao-nova-data.jpg 1131w\" sizes=\"(max-width: 724px) 100vw, 724px\" \/><\/a><\/p>\n<p>&nbsp;<\/p>\n","protected":false},"excerpt":{"rendered":"<p>9\u00ba Passeio de Cl\u00e1ssicas 14 de setembro \u00e0s 08:00h junto ao Coreto de Santo Est\u00eav\u00e3o Organiza\u00e7\u00e3o: Clube Futebol Estevense e Almansor Motor Clube &nbsp; &nbsp;<\/p>\n","protected":false},"author":3,"featured_media":77453,"comment_status":"closed","ping_status":"closed","template":"","meta":{"_vp_format_video_url":"","_vp_image_focal_point":[]},"tags":[3036,1108,1547,865,890,110,13],"mec_category":[467],"class_list":["post-77323","mec-events","type-mec-events","status-publish","has-post-thumbnail","hentry","tag-almansor-motor-clube","tag-cfe","tag-classicas","tag-clube-futebol-estevense","tag-mota","tag-passeio","tag-santo-estevao","mec_category-geral"],"_links":{"self":[{"href":"https:\/\/www.cm-benavente.pt\/index.php\/wp-json\/wp\/v2\/mec-events\/77323","targetHints":{"allow":["GET"]}}],"collection":[{"href":"https:\/\/www.cm-benavente.pt\/index.php\/wp-json\/wp\/v2\/mec-events"}],"about":[{"href":"https:\/\/www.cm-benavente.pt\/index.php\/wp-json\/wp\/v2\/types\/mec-events"}],"author":[{"embeddable":true,"href":"https:\/\/www.cm-benavente.pt\/index.php\/wp-json\/wp\/v2\/users\/3"}],"replies":[{"embeddable":true,"href":"https:\/\/www.cm-benavente.pt\/index.php\/wp-json\/wp\/v2\/comments?post=77323"}],"version-history":[{"count":4,"href":"https:\/\/www.cm-benavente.pt\/index.php\/wp-json\/wp\/v2\/mec-events\/77323\/revisions"}],"predecessor-version":[{"id":77488,"href":"https:\/\/www.cm-benavente.pt\/index.php\/wp-json\/wp\/v2\/mec-events\/77323\/revisions\/77488"}],"wp:featuredmedia":[{"embeddable":true,"href":"https:\/\/www.cm-benavente.pt\/index.php\/wp-json\/wp\/v2\/media\/77453"}],"wp:attachment":[{"href":"https:\/\/www.cm-benavente.pt\/index.php\/wp-json\/wp\/v2\/media?parent=77323"}],"wp:term":[{"taxonomy":"post_tag","embeddable":true,"href":"https:\/\/www.cm-benavente.pt\/index.php\/wp-json\/wp\/v2\/tags?post=77323"},{"taxonomy":"mec_category","embeddable":true,"href":"https:\/\/www.cm-benavente.pt\/index.php\/wp-json\/wp\/v2\/mec_category?post=77323"}],"curies":[{"name":"wp","href":"https:\/\/api.w.org\/{rel}","templated":true}]}}

9º Passeio de Clássicas

<p><strong>9º Passeio de Clássicas</strong></p>
<p><strong>14 de setembro às 08:00h</strong> junto ao Coreto de Santo Estêvão</p>
<p><strong>Organização:</strong> Clube Futebol Estevense e Almansor Motor Clube</p>
<p>&nbsp;</p>
<p><a href="https://www.cm-benavente.pt/wp-content/uploads/2025/09/9o-passeio-de-classicas-santo-estevao-nova-data.jpg"><img fetchpriority="high" decoding="async" class="alignnone size-large wp-image-77452" src="https://www.cm-benavente.pt/wp-content/uploads/2025/09/9o-passeio-de-classicas-santo-estevao-nova-data-724x1024.jpg" alt="" width="724" height="1024" srcset="https://www.cm-benavente.pt/wp-content/uploads/2025/09/9o-passeio-de-classicas-santo-estevao-nova-data-724x1024.jpg 724w, https://www.cm-benavente.pt/wp-content/uploads/2025/09/9o-passeio-de-classicas-santo-estevao-nova-data-212x300.jpg 212w, https://www.cm-benavente.pt/wp-content/uploads/2025/09/9o-passeio-de-classicas-santo-estevao-nova-data-768x1086.jpg 768w, https://www.cm-benavente.pt/wp-content/uploads/2025/09/9o-passeio-de-classicas-santo-estevao-nova-data-1086x1536.jpg 1086w, https://www.cm-benavente.pt/wp-content/uploads/2025/09/9o-passeio-de-classicas-santo-estevao-nova-data-500x707.jpg 500w, https://www.cm-benavente.pt/wp-content/uploads/2025/09/9o-passeio-de-classicas-santo-estevao-nova-data-800x1132.jpg 800w, https://www.cm-benavente.pt/wp-content/uploads/2025/09/9o-passeio-de-classicas-santo-estevao-nova-data.jpg 1131w" sizes="(max-width: 724px) 100vw, 724px" /></a></p>
<p>&nbsp;</p>

<p>9º Passeio de Clássicas 14 de setembro às 08:00h junto ao Coreto de Santo Estêvão Organização: Clube Futebol Estevense e Almansor Motor Clube &nbsp; &nbsp;</p>
