{"id":77246,"date":"2025-09-02T14:07:40","date_gmt":"2025-09-02T14:07:40","guid":{"rendered":"https:\/\/www.cm-benavente.pt\/?post_type=mec-events&#038;p=77246"},"modified":"2025-09-02T14:07:40","modified_gmt":"2025-09-02T14:07:40","slug":"41o-festival-de-folclore","status":"publish","type":"mec-events","link":"https:\/\/www.cm-benavente.pt\/index.php\/events\/41o-festival-de-folclore\/","title":{"rendered":"41\u00ba Festival de Folclore"},"content":{"rendered":"<p><strong>41\u00ba Festival de Folclore<\/strong><\/p>\n<p><strong>13 de setembro \u00e0s 20:30h<\/strong> na Zona Ribeirinha de Benavente<\/p>\n<p>Integrado na Feira Anual e Tasquinhas de Benavente<\/p>\n<p><strong>Organiza\u00e7\u00e3o:<\/strong> Rancho T\u00edpico Saia Rodada<\/p>\n<p>&nbsp;<\/p>\n<p><a href=\"https:\/\/www.cm-benavente.pt\/wp-content\/uploads\/2025\/09\/41o-festival-de-folclore.jpeg\"><img fetchpriority=\"high\" decoding=\"async\" class=\"alignnone size-large wp-image-77247\" src=\"https:\/\/www.cm-benavente.pt\/wp-content\/uploads\/2025\/09\/41o-festival-de-folclore-724x1024.jpeg\" alt=\"\" width=\"724\" height=\"1024\" srcset=\"https:\/\/www.cm-benavente.pt\/wp-content\/uploads\/2025\/09\/41o-festival-de-folclore-724x1024.jpeg 724w, https:\/\/www.cm-benavente.pt\/wp-content\/uploads\/2025\/09\/41o-festival-de-folclore-212x300.jpeg 212w, https:\/\/www.cm-benavente.pt\/wp-content\/uploads\/2025\/09\/41o-festival-de-folclore-768x1086.jpeg 768w, https:\/\/www.cm-benavente.pt\/wp-content\/uploads\/2025\/09\/41o-festival-de-folclore-500x707.jpeg 500w, https:\/\/www.cm-benavente.pt\/wp-content\/uploads\/2025\/09\/41o-festival-de-folclore-800x1131.jpeg 800w, https:\/\/www.cm-benavente.pt\/wp-content\/uploads\/2025\/09\/41o-festival-de-folclore.jpeg 1080w\" sizes=\"(max-width: 724px) 100vw, 724px\" \/><\/a><\/p>\n","protected":false},"excerpt":{"rendered":"<p>41\u00ba Festival de Folclore 13 de setembro \u00e0s 20:30h na Zona Ribeirinha de Benavente Integrado na Feira Anual e Tasquinhas de Benavente Organiza\u00e7\u00e3o: Rancho T\u00edpico Saia Rodada &nbsp;<\/p>\n","protected":false},"author":3,"featured_media":77248,"comment_status":"closed","ping_status":"closed","template":"","meta":{"_vp_format_video_url":"","_vp_image_focal_point":[]},"tags":[16,57,1362,698,835,834,1609,1475,1038],"mec_category":[833],"class_list":["post-77246","mec-events","type-mec-events","status-publish","has-post-thumbnail","hentry","tag-benavente","tag-danca","tag-feira-anual","tag-festival","tag-folclore","tag-rancho","tag-saia-rodada","tag-tasquinhas","tag-tradicao","mec_category-danca"],"_links":{"self":[{"href":"https:\/\/www.cm-benavente.pt\/index.php\/wp-json\/wp\/v2\/mec-events\/77246","targetHints":{"allow":["GET"]}}],"collection":[{"href":"https:\/\/www.cm-benavente.pt\/index.php\/wp-json\/wp\/v2\/mec-events"}],"about":[{"href":"https:\/\/www.cm-benavente.pt\/index.php\/wp-json\/wp\/v2\/types\/mec-events"}],"author":[{"embeddable":true,"href":"https:\/\/www.cm-benavente.pt\/index.php\/wp-json\/wp\/v2\/users\/3"}],"replies":[{"embeddable":true,"href":"https:\/\/www.cm-benavente.pt\/index.php\/wp-json\/wp\/v2\/comments?post=77246"}],"version-history":[{"count":1,"href":"https:\/\/www.cm-benavente.pt\/index.php\/wp-json\/wp\/v2\/mec-events\/77246\/revisions"}],"predecessor-version":[{"id":77249,"href":"https:\/\/www.cm-benavente.pt\/index.php\/wp-json\/wp\/v2\/mec-events\/77246\/revisions\/77249"}],"wp:featuredmedia":[{"embeddable":true,"href":"https:\/\/www.cm-benavente.pt\/index.php\/wp-json\/wp\/v2\/media\/77248"}],"wp:attachment":[{"href":"https:\/\/www.cm-benavente.pt\/index.php\/wp-json\/wp\/v2\/media?parent=77246"}],"wp:term":[{"taxonomy":"post_tag","embeddable":true,"href":"https:\/\/www.cm-benavente.pt\/index.php\/wp-json\/wp\/v2\/tags?post=77246"},{"taxonomy":"mec_category","embeddable":true,"href":"https:\/\/www.cm-benavente.pt\/index.php\/wp-json\/wp\/v2\/mec_category?post=77246"}],"curies":[{"name":"wp","href":"https:\/\/api.w.org\/{rel}","templated":true}]}}

41º Festival de Folclore

<p><strong>41º Festival de Folclore</strong></p>
<p><strong>13 de setembro às 20:30h</strong> na Zona Ribeirinha de Benavente</p>
<p>Integrado na Feira Anual e Tasquinhas de Benavente</p>
<p><strong>Organização:</strong> Rancho Típico Saia Rodada</p>
<p>&nbsp;</p>
<p><a href="https://www.cm-benavente.pt/wp-content/uploads/2025/09/41o-festival-de-folclore.jpeg"><img fetchpriority="high" decoding="async" class="alignnone size-large wp-image-77247" src="https://www.cm-benavente.pt/wp-content/uploads/2025/09/41o-festival-de-folclore-724x1024.jpeg" alt="" width="724" height="1024" srcset="https://www.cm-benavente.pt/wp-content/uploads/2025/09/41o-festival-de-folclore-724x1024.jpeg 724w, https://www.cm-benavente.pt/wp-content/uploads/2025/09/41o-festival-de-folclore-212x300.jpeg 212w, https://www.cm-benavente.pt/wp-content/uploads/2025/09/41o-festival-de-folclore-768x1086.jpeg 768w, https://www.cm-benavente.pt/wp-content/uploads/2025/09/41o-festival-de-folclore-500x707.jpeg 500w, https://www.cm-benavente.pt/wp-content/uploads/2025/09/41o-festival-de-folclore-800x1131.jpeg 800w, https://www.cm-benavente.pt/wp-content/uploads/2025/09/41o-festival-de-folclore.jpeg 1080w" sizes="(max-width: 724px) 100vw, 724px" /></a></p>

<p>41º Festival de Folclore 13 de setembro às 20:30h na Zona Ribeirinha de Benavente Integrado na Feira Anual e Tasquinhas de Benavente Organização: Rancho Típico Saia Rodada &nbsp;</p>
