{"id":77174,"date":"2025-09-01T10:12:04","date_gmt":"2025-09-01T10:12:04","guid":{"rendered":"https:\/\/www.cm-benavente.pt\/?post_type=mec-events&#038;p=77174"},"modified":"2025-09-01T10:17:08","modified_gmt":"2025-09-01T10:17:08","slug":"cinetejo-international-short-film-festival","status":"publish","type":"mec-events","link":"https:\/\/www.cm-benavente.pt\/index.php\/events\/cinetejo-international-short-film-festival\/","title":{"rendered":"Cinetejo &#8211; International Short Film Festival"},"content":{"rendered":"<p><strong>Cinetejo &#8211; International Short Film Festival<\/strong><\/p>\n<p><strong>05, 06 e 07 de setembro<\/strong> no Centro Cultural de Samora Correia e Cineteatro de Benavente<\/p>\n<p><strong>Organiza\u00e7\u00e3o:<\/strong> C\u00e2mara Municipal de Benavente<\/p>\n<p>&nbsp;<\/p>\n<p><a href=\"https:\/\/www.cm-benavente.pt\/wp-content\/uploads\/2025\/09\/CINE_TEJO_PUB-AGENDA-CMB_2-copy.png\"><img fetchpriority=\"high\" decoding=\"async\" class=\"alignnone size-large wp-image-77175\" src=\"https:\/\/www.cm-benavente.pt\/wp-content\/uploads\/2025\/09\/CINE_TEJO_PUB-AGENDA-CMB_2-copy-692x1024.png\" alt=\"Cinetejo programa\u00e7\u00e3o\" width=\"692\" height=\"1024\" srcset=\"https:\/\/www.cm-benavente.pt\/wp-content\/uploads\/2025\/09\/CINE_TEJO_PUB-AGENDA-CMB_2-copy-692x1024.png 692w, https:\/\/www.cm-benavente.pt\/wp-content\/uploads\/2025\/09\/CINE_TEJO_PUB-AGENDA-CMB_2-copy-203x300.png 203w, https:\/\/www.cm-benavente.pt\/wp-content\/uploads\/2025\/09\/CINE_TEJO_PUB-AGENDA-CMB_2-copy-768x1136.png 768w, https:\/\/www.cm-benavente.pt\/wp-content\/uploads\/2025\/09\/CINE_TEJO_PUB-AGENDA-CMB_2-copy-1038x1536.png 1038w, https:\/\/www.cm-benavente.pt\/wp-content\/uploads\/2025\/09\/CINE_TEJO_PUB-AGENDA-CMB_2-copy-1384x2048.png 1384w, https:\/\/www.cm-benavente.pt\/wp-content\/uploads\/2025\/09\/CINE_TEJO_PUB-AGENDA-CMB_2-copy-500x740.png 500w, https:\/\/www.cm-benavente.pt\/wp-content\/uploads\/2025\/09\/CINE_TEJO_PUB-AGENDA-CMB_2-copy-800x1184.png 800w, https:\/\/www.cm-benavente.pt\/wp-content\/uploads\/2025\/09\/CINE_TEJO_PUB-AGENDA-CMB_2-copy-1280x1894.png 1280w, https:\/\/www.cm-benavente.pt\/wp-content\/uploads\/2025\/09\/CINE_TEJO_PUB-AGENDA-CMB_2-copy.png 1724w\" sizes=\"(max-width: 692px) 100vw, 692px\" \/><\/a><\/p>\n<p><a href=\"https:\/\/www.cm-benavente.pt\/wp-content\/uploads\/2025\/09\/CINE_TEJO_PUB-AGENDA-CMB_2b-copy.png\"><img decoding=\"async\" class=\"alignnone size-large wp-image-77176\" src=\"https:\/\/www.cm-benavente.pt\/wp-content\/uploads\/2025\/09\/CINE_TEJO_PUB-AGENDA-CMB_2b-copy-692x1024.png\" alt=\"cinetejo experi\u00eancias\" width=\"692\" height=\"1024\" srcset=\"https:\/\/www.cm-benavente.pt\/wp-content\/uploads\/2025\/09\/CINE_TEJO_PUB-AGENDA-CMB_2b-copy-692x1024.png 692w, https:\/\/www.cm-benavente.pt\/wp-content\/uploads\/2025\/09\/CINE_TEJO_PUB-AGENDA-CMB_2b-copy-203x300.png 203w, https:\/\/www.cm-benavente.pt\/wp-content\/uploads\/2025\/09\/CINE_TEJO_PUB-AGENDA-CMB_2b-copy-768x1136.png 768w, https:\/\/www.cm-benavente.pt\/wp-content\/uploads\/2025\/09\/CINE_TEJO_PUB-AGENDA-CMB_2b-copy-1038x1536.png 1038w, https:\/\/www.cm-benavente.pt\/wp-content\/uploads\/2025\/09\/CINE_TEJO_PUB-AGENDA-CMB_2b-copy-1384x2048.png 1384w, https:\/\/www.cm-benavente.pt\/wp-content\/uploads\/2025\/09\/CINE_TEJO_PUB-AGENDA-CMB_2b-copy-500x740.png 500w, https:\/\/www.cm-benavente.pt\/wp-content\/uploads\/2025\/09\/CINE_TEJO_PUB-AGENDA-CMB_2b-copy-800x1184.png 800w, https:\/\/www.cm-benavente.pt\/wp-content\/uploads\/2025\/09\/CINE_TEJO_PUB-AGENDA-CMB_2b-copy-1280x1894.png 1280w, https:\/\/www.cm-benavente.pt\/wp-content\/uploads\/2025\/09\/CINE_TEJO_PUB-AGENDA-CMB_2b-copy.png 1724w\" sizes=\"(max-width: 692px) 100vw, 692px\" \/><\/a><\/p>\n","protected":false},"excerpt":{"rendered":"<p>Cinetejo &#8211; International Short Film Festival 05, 06 e 07 de setembro no Centro Cultural de Samora Correia e Cineteatro de Benavente Organiza\u00e7\u00e3o: C\u00e2mara Municipal de Benavente &nbsp;<\/p>\n","protected":false},"author":3,"featured_media":77177,"comment_status":"closed","ping_status":"closed","template":"","meta":{"_vp_format_video_url":"","_vp_image_focal_point":[]},"tags":[16,537,3026,5,698,1713,27,3027],"mec_category":[649],"class_list":["post-77174","mec-events","type-mec-events","status-publish","has-post-thumbnail","hentry","tag-benavente","tag-cinema","tag-cinetejo","tag-cultura","tag-festival","tag-municipio-de-benavente-2","tag-samora-correia","tag-short-film","mec_category-cinema"],"_links":{"self":[{"href":"https:\/\/www.cm-benavente.pt\/index.php\/wp-json\/wp\/v2\/mec-events\/77174","targetHints":{"allow":["GET"]}}],"collection":[{"href":"https:\/\/www.cm-benavente.pt\/index.php\/wp-json\/wp\/v2\/mec-events"}],"about":[{"href":"https:\/\/www.cm-benavente.pt\/index.php\/wp-json\/wp\/v2\/types\/mec-events"}],"author":[{"embeddable":true,"href":"https:\/\/www.cm-benavente.pt\/index.php\/wp-json\/wp\/v2\/users\/3"}],"replies":[{"embeddable":true,"href":"https:\/\/www.cm-benavente.pt\/index.php\/wp-json\/wp\/v2\/comments?post=77174"}],"version-history":[{"count":1,"href":"https:\/\/www.cm-benavente.pt\/index.php\/wp-json\/wp\/v2\/mec-events\/77174\/revisions"}],"predecessor-version":[{"id":77178,"href":"https:\/\/www.cm-benavente.pt\/index.php\/wp-json\/wp\/v2\/mec-events\/77174\/revisions\/77178"}],"wp:featuredmedia":[{"embeddable":true,"href":"https:\/\/www.cm-benavente.pt\/index.php\/wp-json\/wp\/v2\/media\/77177"}],"wp:attachment":[{"href":"https:\/\/www.cm-benavente.pt\/index.php\/wp-json\/wp\/v2\/media?parent=77174"}],"wp:term":[{"taxonomy":"post_tag","embeddable":true,"href":"https:\/\/www.cm-benavente.pt\/index.php\/wp-json\/wp\/v2\/tags?post=77174"},{"taxonomy":"mec_category","embeddable":true,"href":"https:\/\/www.cm-benavente.pt\/index.php\/wp-json\/wp\/v2\/mec_category?post=77174"}],"curies":[{"name":"wp","href":"https:\/\/api.w.org\/{rel}","templated":true}]}}

<p><strong>Cinetejo &#8211; International Short Film Festival</strong></p>
<p><strong>05, 06 e 07 de setembro</strong> no Centro Cultural de Samora Correia e Cineteatro de Benavente</p>
<p><strong>Organização:</strong> Câmara Municipal de Benavente</p>
<p>&nbsp;</p>
<p><a href="https://www.cm-benavente.pt/wp-content/uploads/2025/09/CINE_TEJO_PUB-AGENDA-CMB_2-copy.png"><img fetchpriority="high" decoding="async" class="alignnone size-large wp-image-77175" src="https://www.cm-benavente.pt/wp-content/uploads/2025/09/CINE_TEJO_PUB-AGENDA-CMB_2-copy-692x1024.png" alt="Cinetejo programação" width="692" height="1024" srcset="https://www.cm-benavente.pt/wp-content/uploads/2025/09/CINE_TEJO_PUB-AGENDA-CMB_2-copy-692x1024.png 692w, https://www.cm-benavente.pt/wp-content/uploads/2025/09/CINE_TEJO_PUB-AGENDA-CMB_2-copy-203x300.png 203w, https://www.cm-benavente.pt/wp-content/uploads/2025/09/CINE_TEJO_PUB-AGENDA-CMB_2-copy-768x1136.png 768w, https://www.cm-benavente.pt/wp-content/uploads/2025/09/CINE_TEJO_PUB-AGENDA-CMB_2-copy-1038x1536.png 1038w, https://www.cm-benavente.pt/wp-content/uploads/2025/09/CINE_TEJO_PUB-AGENDA-CMB_2-copy-1384x2048.png 1384w, https://www.cm-benavente.pt/wp-content/uploads/2025/09/CINE_TEJO_PUB-AGENDA-CMB_2-copy-500x740.png 500w, https://www.cm-benavente.pt/wp-content/uploads/2025/09/CINE_TEJO_PUB-AGENDA-CMB_2-copy-800x1184.png 800w, https://www.cm-benavente.pt/wp-content/uploads/2025/09/CINE_TEJO_PUB-AGENDA-CMB_2-copy-1280x1894.png 1280w, https://www.cm-benavente.pt/wp-content/uploads/2025/09/CINE_TEJO_PUB-AGENDA-CMB_2-copy.png 1724w" sizes="(max-width: 692px) 100vw, 692px" /></a></p>
<p><a href="https://www.cm-benavente.pt/wp-content/uploads/2025/09/CINE_TEJO_PUB-AGENDA-CMB_2b-copy.png"><img decoding="async" class="alignnone size-large wp-image-77176" src="https://www.cm-benavente.pt/wp-content/uploads/2025/09/CINE_TEJO_PUB-AGENDA-CMB_2b-copy-692x1024.png" alt="cinetejo experiências" width="692" height="1024" srcset="https://www.cm-benavente.pt/wp-content/uploads/2025/09/CINE_TEJO_PUB-AGENDA-CMB_2b-copy-692x1024.png 692w, https://www.cm-benavente.pt/wp-content/uploads/2025/09/CINE_TEJO_PUB-AGENDA-CMB_2b-copy-203x300.png 203w, https://www.cm-benavente.pt/wp-content/uploads/2025/09/CINE_TEJO_PUB-AGENDA-CMB_2b-copy-768x1136.png 768w, https://www.cm-benavente.pt/wp-content/uploads/2025/09/CINE_TEJO_PUB-AGENDA-CMB_2b-copy-1038x1536.png 1038w, https://www.cm-benavente.pt/wp-content/uploads/2025/09/CINE_TEJO_PUB-AGENDA-CMB_2b-copy-1384x2048.png 1384w, https://www.cm-benavente.pt/wp-content/uploads/2025/09/CINE_TEJO_PUB-AGENDA-CMB_2b-copy-500x740.png 500w, https://www.cm-benavente.pt/wp-content/uploads/2025/09/CINE_TEJO_PUB-AGENDA-CMB_2b-copy-800x1184.png 800w, https://www.cm-benavente.pt/wp-content/uploads/2025/09/CINE_TEJO_PUB-AGENDA-CMB_2b-copy-1280x1894.png 1280w, https://www.cm-benavente.pt/wp-content/uploads/2025/09/CINE_TEJO_PUB-AGENDA-CMB_2b-copy.png 1724w" sizes="(max-width: 692px) 100vw, 692px" /></a></p>

<p>Cinetejo &#8211; International Short Film Festival 05, 06 e 07 de setembro no Centro Cultural de Samora Correia e Cineteatro de Benavente Organização: Câmara Municipal de Benavente &nbsp;</p>
