{"id":76304,"date":"2025-07-09T13:21:50","date_gmt":"2025-07-09T13:21:50","guid":{"rendered":"https:\/\/www.cm-benavente.pt\/?post_type=mec-events&#038;p=76304"},"modified":"2025-07-09T13:22:10","modified_gmt":"2025-07-09T13:22:10","slug":"comemoracoes-dos-140-anos-dos-bombeiros-voluntarios-de-benavente","status":"publish","type":"mec-events","link":"https:\/\/www.cm-benavente.pt\/index.php\/events\/comemoracoes-dos-140-anos-dos-bombeiros-voluntarios-de-benavente\/","title":{"rendered":"Comemora\u00e7\u00f5es dos 140 anos dos Bombeiros Volunt\u00e1rios de Benavente"},"content":{"rendered":"<p><strong>Comemora\u00e7\u00f5es dos 140 anos dos Bombeiros Volunt\u00e1rios de Benavente<\/strong><\/p>\n<p><strong>13 de julho<\/strong> em Benavente<\/p>\n<p><strong>Programa:<\/strong><\/p>\n<p>09:15h \u2013 Hastear das Bandeiras no Quartel dos Bombeiros Volunt\u00e1rios de Benavente<br \/>\n09:30h \u2013 Romagem ao Cemit\u00e9rio para Homenagem aos Bombeiros Falecidos<br \/>\n10:15h \u2013 Desfile de Viaturas pelas Ruas da Vila<br \/>\n12:00h \u2013 Sess\u00e3o Solene no Cineteatro de Benavente<\/p>\n<p><strong>Entrada gratuita<\/strong><\/p>\n<p><strong>Organiza\u00e7\u00e3o:<\/strong> Associa\u00e7\u00e3o Humanit\u00e1ria Bombeiros Volunt\u00e1rios de Benavente<\/p>\n<p>&nbsp;<\/p>\n<p><a href=\"https:\/\/www.cm-benavente.pt\/wp-content\/uploads\/2025\/07\/aniversario-bombeiros-benavente-comemoracoes.jpg\"><img fetchpriority=\"high\" decoding=\"async\" class=\"alignnone size-large wp-image-76305\" src=\"https:\/\/www.cm-benavente.pt\/wp-content\/uploads\/2025\/07\/aniversario-bombeiros-benavente-comemoracoes-819x1024.jpg\" alt=\"\" width=\"800\" height=\"1000\" srcset=\"https:\/\/www.cm-benavente.pt\/wp-content\/uploads\/2025\/07\/aniversario-bombeiros-benavente-comemoracoes-819x1024.jpg 819w, https:\/\/www.cm-benavente.pt\/wp-content\/uploads\/2025\/07\/aniversario-bombeiros-benavente-comemoracoes-240x300.jpg 240w, https:\/\/www.cm-benavente.pt\/wp-content\/uploads\/2025\/07\/aniversario-bombeiros-benavente-comemoracoes-768x960.jpg 768w, https:\/\/www.cm-benavente.pt\/wp-content\/uploads\/2025\/07\/aniversario-bombeiros-benavente-comemoracoes-500x625.jpg 500w, https:\/\/www.cm-benavente.pt\/wp-content\/uploads\/2025\/07\/aniversario-bombeiros-benavente-comemoracoes-800x1000.jpg 800w, https:\/\/www.cm-benavente.pt\/wp-content\/uploads\/2025\/07\/aniversario-bombeiros-benavente-comemoracoes.jpg 1080w\" sizes=\"(max-width: 800px) 100vw, 800px\" \/><\/a><\/p>\n","protected":false},"excerpt":{"rendered":"<p>Comemora\u00e7\u00f5es dos 140 anos dos Bombeiros Volunt\u00e1rios de Benavente 13 de julho em Benavente Programa: 09:15h \u2013 Hastear das Bandeiras no Quartel dos Bombeiros Volunt\u00e1rios de Benavente 09:30h \u2013 Romagem ao Cemit\u00e9rio para Homenagem aos Bombeiros Falecidos 10:15h \u2013 Desfile de Viaturas pelas Ruas da Vila 12:00h \u2013 Sess\u00e3o Solene no Cineteatro de Benavente Entrada [&hellip;]<\/p>\n","protected":false},"author":3,"featured_media":76306,"comment_status":"closed","ping_status":"closed","template":"","meta":{"_vp_format_video_url":"","_vp_image_focal_point":[]},"tags":[2991,101,16,170],"mec_category":[467],"class_list":["post-76304","mec-events","type-mec-events","status-publish","has-post-thumbnail","hentry","tag-140-anos","tag-aniversario","tag-benavente","tag-bombeiros","mec_category-geral"],"_links":{"self":[{"href":"https:\/\/www.cm-benavente.pt\/index.php\/wp-json\/wp\/v2\/mec-events\/76304","targetHints":{"allow":["GET"]}}],"collection":[{"href":"https:\/\/www.cm-benavente.pt\/index.php\/wp-json\/wp\/v2\/mec-events"}],"about":[{"href":"https:\/\/www.cm-benavente.pt\/index.php\/wp-json\/wp\/v2\/types\/mec-events"}],"author":[{"embeddable":true,"href":"https:\/\/www.cm-benavente.pt\/index.php\/wp-json\/wp\/v2\/users\/3"}],"replies":[{"embeddable":true,"href":"https:\/\/www.cm-benavente.pt\/index.php\/wp-json\/wp\/v2\/comments?post=76304"}],"version-history":[{"count":2,"href":"https:\/\/www.cm-benavente.pt\/index.php\/wp-json\/wp\/v2\/mec-events\/76304\/revisions"}],"predecessor-version":[{"id":76308,"href":"https:\/\/www.cm-benavente.pt\/index.php\/wp-json\/wp\/v2\/mec-events\/76304\/revisions\/76308"}],"wp:featuredmedia":[{"embeddable":true,"href":"https:\/\/www.cm-benavente.pt\/index.php\/wp-json\/wp\/v2\/media\/76306"}],"wp:attachment":[{"href":"https:\/\/www.cm-benavente.pt\/index.php\/wp-json\/wp\/v2\/media?parent=76304"}],"wp:term":[{"taxonomy":"post_tag","embeddable":true,"href":"https:\/\/www.cm-benavente.pt\/index.php\/wp-json\/wp\/v2\/tags?post=76304"},{"taxonomy":"mec_category","embeddable":true,"href":"https:\/\/www.cm-benavente.pt\/index.php\/wp-json\/wp\/v2\/mec_category?post=76304"}],"curies":[{"name":"wp","href":"https:\/\/api.w.org\/{rel}","templated":true}]}}

Comemorações dos 140 anos dos Bombeiros Voluntários de Benavente

<p><strong>Comemorações dos 140 anos dos Bombeiros Voluntários de Benavente</strong></p>
<p><strong>13 de julho</strong> em Benavente</p>
<p><strong>Programa:</strong></p>
<p>09:15h – Hastear das Bandeiras no Quartel dos Bombeiros Voluntários de Benavente<br />
09:30h – Romagem ao Cemitério para Homenagem aos Bombeiros Falecidos<br />
10:15h – Desfile de Viaturas pelas Ruas da Vila<br />
12:00h – Sessão Solene no Cineteatro de Benavente</p>
<p><strong>Entrada gratuita</strong></p>
<p><strong>Organização:</strong> Associação Humanitária Bombeiros Voluntários de Benavente</p>
<p>&nbsp;</p>
<p><a href="https://www.cm-benavente.pt/wp-content/uploads/2025/07/aniversario-bombeiros-benavente-comemoracoes.jpg"><img fetchpriority="high" decoding="async" class="alignnone size-large wp-image-76305" src="https://www.cm-benavente.pt/wp-content/uploads/2025/07/aniversario-bombeiros-benavente-comemoracoes-819x1024.jpg" alt="" width="800" height="1000" srcset="https://www.cm-benavente.pt/wp-content/uploads/2025/07/aniversario-bombeiros-benavente-comemoracoes-819x1024.jpg 819w, https://www.cm-benavente.pt/wp-content/uploads/2025/07/aniversario-bombeiros-benavente-comemoracoes-240x300.jpg 240w, https://www.cm-benavente.pt/wp-content/uploads/2025/07/aniversario-bombeiros-benavente-comemoracoes-768x960.jpg 768w, https://www.cm-benavente.pt/wp-content/uploads/2025/07/aniversario-bombeiros-benavente-comemoracoes-500x625.jpg 500w, https://www.cm-benavente.pt/wp-content/uploads/2025/07/aniversario-bombeiros-benavente-comemoracoes-800x1000.jpg 800w, https://www.cm-benavente.pt/wp-content/uploads/2025/07/aniversario-bombeiros-benavente-comemoracoes.jpg 1080w" sizes="(max-width: 800px) 100vw, 800px" /></a></p>

<p>Comemorações dos 140 anos dos Bombeiros Voluntários de Benavente 13 de julho em Benavente Programa: 09:15h – Hastear das Bandeiras no Quartel dos Bombeiros Voluntários de Benavente 09:30h – Romagem ao Cemitério para Homenagem aos Bombeiros Falecidos 10:15h – Desfile de Viaturas pelas Ruas da Vila 12:00h – Sessão Solene no Cineteatro de Benavente Entrada [&hellip;]</p>
