{"id":75866,"date":"2025-07-01T10:25:01","date_gmt":"2025-07-01T10:25:01","guid":{"rendered":"https:\/\/www.cm-benavente.pt\/?post_type=mec-events&#038;p=75866"},"modified":"2025-07-01T10:25:01","modified_gmt":"2025-07-01T10:25:01","slug":"espetaculo-de-danca-i-you-can-dream-it","status":"publish","type":"mec-events","link":"https:\/\/www.cm-benavente.pt\/index.php\/events\/espetaculo-de-danca-i-you-can-dream-it\/","title":{"rendered":"Espet\u00e1culo de Dan\u00e7a &#8220;I You Can Dream It&#8230;&#8221;"},"content":{"rendered":"<p><strong>Espet\u00e1culo de Dan\u00e7a &#8220;I You Can Dream It&#8230;&#8221;<\/strong><\/p>\n<p><strong>12 de julho<\/strong> no Centro Cultural de Samora Correia<\/p>\n<p>Espet\u00e1culo de final de ano da Escola de Dan\u00e7a Let Me Dance Studios com duas sess\u00f5es, <strong>16:00h e 21:00h.<\/strong><\/p>\n<div class=\"x14z9mp xat24cr x1lziwak x1vvkbs xtlvy1s x126k92a\">\n<div dir=\"auto\">O espet\u00e1culo da tarde ser\u00e1 composto por todas as turmas da Let Me Dance, sendo que o espet\u00e1culo da noite, n\u00e3o ter\u00e1 a participa\u00e7\u00e3o das turmas de Ballet, Dan\u00e7a Criativa I, Salsa e Bachata, Kizomba e Ladies.<\/div>\n<\/div>\n<div class=\"x14z9mp xat24cr x1lziwak x1vvkbs xtlvy1s x126k92a\">\n<div dir=\"auto\"><\/div>\n<div dir=\"auto\"><strong>Entradas:<\/strong> Let Me Dance Studios<\/div>\n<\/div>\n<div dir=\"auto\"><\/div>\n<div dir=\"auto\"><strong>Organiza\u00e7\u00e3o:<\/strong> Let Me Dance Studios<\/div>\n<div dir=\"auto\"><\/div>\n<div dir=\"auto\"><a href=\"https:\/\/www.cm-benavente.pt\/wp-content\/uploads\/2025\/07\/if-you-can-dream-it-let-me-dance.jpg\"><img fetchpriority=\"high\" decoding=\"async\" class=\"alignnone size-large wp-image-75867\" src=\"https:\/\/www.cm-benavente.pt\/wp-content\/uploads\/2025\/07\/if-you-can-dream-it-let-me-dance-828x1024.jpg\" alt=\"\" width=\"800\" height=\"989\" srcset=\"https:\/\/www.cm-benavente.pt\/wp-content\/uploads\/2025\/07\/if-you-can-dream-it-let-me-dance-828x1024.jpg 828w, https:\/\/www.cm-benavente.pt\/wp-content\/uploads\/2025\/07\/if-you-can-dream-it-let-me-dance-242x300.jpg 242w, https:\/\/www.cm-benavente.pt\/wp-content\/uploads\/2025\/07\/if-you-can-dream-it-let-me-dance-768x950.jpg 768w, https:\/\/www.cm-benavente.pt\/wp-content\/uploads\/2025\/07\/if-you-can-dream-it-let-me-dance-500x619.jpg 500w, https:\/\/www.cm-benavente.pt\/wp-content\/uploads\/2025\/07\/if-you-can-dream-it-let-me-dance-800x990.jpg 800w, https:\/\/www.cm-benavente.pt\/wp-content\/uploads\/2025\/07\/if-you-can-dream-it-let-me-dance.jpg 1091w\" sizes=\"(max-width: 800px) 100vw, 800px\" \/><\/a><\/div>\n","protected":false},"excerpt":{"rendered":"<p>Espet\u00e1culo de Dan\u00e7a &#8220;I You Can Dream It&#8230;&#8221; 12 de julho no Centro Cultural de Samora Correia Espet\u00e1culo de final de ano da Escola de Dan\u00e7a Let Me Dance Studios com duas sess\u00f5es, 16:00h e 21:00h. O espet\u00e1culo da tarde ser\u00e1 composto por todas as turmas da Let Me Dance, sendo que o espet\u00e1culo da [&hellip;]<\/p>\n","protected":false},"author":3,"featured_media":75868,"comment_status":"closed","ping_status":"closed","template":"","meta":{"_vp_format_video_url":"","_vp_image_focal_point":[]},"tags":[57,2982,27],"mec_category":[833],"class_list":["post-75866","mec-events","type-mec-events","status-publish","has-post-thumbnail","hentry","tag-danca","tag-let-me-dance-studios","tag-samora-correia","mec_category-danca"],"_links":{"self":[{"href":"https:\/\/www.cm-benavente.pt\/index.php\/wp-json\/wp\/v2\/mec-events\/75866","targetHints":{"allow":["GET"]}}],"collection":[{"href":"https:\/\/www.cm-benavente.pt\/index.php\/wp-json\/wp\/v2\/mec-events"}],"about":[{"href":"https:\/\/www.cm-benavente.pt\/index.php\/wp-json\/wp\/v2\/types\/mec-events"}],"author":[{"embeddable":true,"href":"https:\/\/www.cm-benavente.pt\/index.php\/wp-json\/wp\/v2\/users\/3"}],"replies":[{"embeddable":true,"href":"https:\/\/www.cm-benavente.pt\/index.php\/wp-json\/wp\/v2\/comments?post=75866"}],"version-history":[{"count":1,"href":"https:\/\/www.cm-benavente.pt\/index.php\/wp-json\/wp\/v2\/mec-events\/75866\/revisions"}],"predecessor-version":[{"id":75869,"href":"https:\/\/www.cm-benavente.pt\/index.php\/wp-json\/wp\/v2\/mec-events\/75866\/revisions\/75869"}],"wp:featuredmedia":[{"embeddable":true,"href":"https:\/\/www.cm-benavente.pt\/index.php\/wp-json\/wp\/v2\/media\/75868"}],"wp:attachment":[{"href":"https:\/\/www.cm-benavente.pt\/index.php\/wp-json\/wp\/v2\/media?parent=75866"}],"wp:term":[{"taxonomy":"post_tag","embeddable":true,"href":"https:\/\/www.cm-benavente.pt\/index.php\/wp-json\/wp\/v2\/tags?post=75866"},{"taxonomy":"mec_category","embeddable":true,"href":"https:\/\/www.cm-benavente.pt\/index.php\/wp-json\/wp\/v2\/mec_category?post=75866"}],"curies":[{"name":"wp","href":"https:\/\/api.w.org\/{rel}","templated":true}]}}

Espetáculo de Dança &#8220;I You Can Dream It&#8230;&#8221;

<p><strong>Espetáculo de Dança &#8220;I You Can Dream It&#8230;&#8221;</strong></p>
<p><strong>12 de julho</strong> no Centro Cultural de Samora Correia</p>
<p>Espetáculo de final de ano da Escola de Dança Let Me Dance Studios com duas sessões, <strong>16:00h e 21:00h.</strong></p>
<div class="x14z9mp xat24cr x1lziwak x1vvkbs xtlvy1s x126k92a">
<div dir="auto">O espetáculo da tarde será composto por todas as turmas da Let Me Dance, sendo que o espetáculo da noite, não terá a participação das turmas de Ballet, Dança Criativa I, Salsa e Bachata, Kizomba e Ladies.</div>
</div>
<div class="x14z9mp xat24cr x1lziwak x1vvkbs xtlvy1s x126k92a">
<div dir="auto"></div>
<div dir="auto"><strong>Entradas:</strong> Let Me Dance Studios</div>
</div>
<div dir="auto"></div>
<div dir="auto"><strong>Organização:</strong> Let Me Dance Studios</div>
<div dir="auto"></div>
<div dir="auto"><a href="https://www.cm-benavente.pt/wp-content/uploads/2025/07/if-you-can-dream-it-let-me-dance.jpg"><img fetchpriority="high" decoding="async" class="alignnone size-large wp-image-75867" src="https://www.cm-benavente.pt/wp-content/uploads/2025/07/if-you-can-dream-it-let-me-dance-828x1024.jpg" alt="" width="800" height="989" srcset="https://www.cm-benavente.pt/wp-content/uploads/2025/07/if-you-can-dream-it-let-me-dance-828x1024.jpg 828w, https://www.cm-benavente.pt/wp-content/uploads/2025/07/if-you-can-dream-it-let-me-dance-242x300.jpg 242w, https://www.cm-benavente.pt/wp-content/uploads/2025/07/if-you-can-dream-it-let-me-dance-768x950.jpg 768w, https://www.cm-benavente.pt/wp-content/uploads/2025/07/if-you-can-dream-it-let-me-dance-500x619.jpg 500w, https://www.cm-benavente.pt/wp-content/uploads/2025/07/if-you-can-dream-it-let-me-dance-800x990.jpg 800w, https://www.cm-benavente.pt/wp-content/uploads/2025/07/if-you-can-dream-it-let-me-dance.jpg 1091w" sizes="(max-width: 800px) 100vw, 800px" /></a></div>

<p>Espetáculo de Dança &#8220;I You Can Dream It&#8230;&#8221; 12 de julho no Centro Cultural de Samora Correia Espetáculo de final de ano da Escola de Dança Let Me Dance Studios com duas sessões, 16:00h e 21:00h. O espetáculo da tarde será composto por todas as turmas da Let Me Dance, sendo que o espetáculo da [&hellip;]</p>
