{"id":74793,"date":"2025-06-11T10:56:54","date_gmt":"2025-06-11T10:56:54","guid":{"rendered":"https:\/\/www.cm-benavente.pt\/?post_type=mec-events&#038;p=74793"},"modified":"2025-06-11T10:56:54","modified_gmt":"2025-06-11T10:56:54","slug":"asasc-dia-da-cidade-de-samora-correia","status":"publish","type":"mec-events","link":"https:\/\/www.cm-benavente.pt\/index.php\/events\/asasc-dia-da-cidade-de-samora-correia\/","title":{"rendered":"ASASC &#8211; Dia da Cidade de Samora Correia"},"content":{"rendered":"<p><strong>ASASC &#8211; Dia da Cidade de Samora Correia<\/strong><\/p>\n<p><strong>12 de junho \u00e0s 18:00h<\/strong> no Pal\u00e1cio do Infantado, Samora Correia<\/p>\n<p><strong>Oradores convidados:<\/strong><\/p>\n<ul>\n<li>Ant\u00f3nio Jos\u00e9 Ganh\u00e3o, Professor e Autarca durante 40 anos<\/li>\n<li>Ant\u00f3nio Manuel Cardoso, Investigador da Hist\u00f3ria de Samora Correia<\/li>\n<li>Francisco Ambr\u00f3sio, Estudante e Ativista samorense participante no Parlamento Jovem<\/li>\n<\/ul>\n<p>&nbsp;<\/p>\n<p><strong>Reservas:<\/strong> <a href=\"mailto:asasc.samora@gmail.com\">asasc.samora@gmail.com<\/a> ou <a href=\"tel:960109122\">960 109 122<\/a><\/p>\n<p><strong>Organiza\u00e7\u00e3o:<\/strong> ASASC<\/p>\n<p>&nbsp;<\/p>\n<p><a href=\"https:\/\/www.cm-benavente.pt\/wp-content\/uploads\/2025\/06\/Dia-da-Cidade-Samora-Correia-ASASC.jpg\"><img fetchpriority=\"high\" decoding=\"async\" class=\"alignnone size-large wp-image-74794\" src=\"https:\/\/www.cm-benavente.pt\/wp-content\/uploads\/2025\/06\/Dia-da-Cidade-Samora-Correia-ASASC-1024x576.jpg\" alt=\"\" width=\"800\" height=\"450\" srcset=\"https:\/\/www.cm-benavente.pt\/wp-content\/uploads\/2025\/06\/Dia-da-Cidade-Samora-Correia-ASASC-1024x576.jpg 1024w, https:\/\/www.cm-benavente.pt\/wp-content\/uploads\/2025\/06\/Dia-da-Cidade-Samora-Correia-ASASC-300x169.jpg 300w, https:\/\/www.cm-benavente.pt\/wp-content\/uploads\/2025\/06\/Dia-da-Cidade-Samora-Correia-ASASC-768x432.jpg 768w, https:\/\/www.cm-benavente.pt\/wp-content\/uploads\/2025\/06\/Dia-da-Cidade-Samora-Correia-ASASC-500x281.jpg 500w, https:\/\/www.cm-benavente.pt\/wp-content\/uploads\/2025\/06\/Dia-da-Cidade-Samora-Correia-ASASC-800x450.jpg 800w, https:\/\/www.cm-benavente.pt\/wp-content\/uploads\/2025\/06\/Dia-da-Cidade-Samora-Correia-ASASC.jpg 1280w\" sizes=\"(max-width: 800px) 100vw, 800px\" \/><\/a><\/p>\n","protected":false},"excerpt":{"rendered":"<p>ASASC &#8211; Dia da Cidade de Samora Correia 12 de junho \u00e0s 18:00h no Pal\u00e1cio do Infantado, Samora Correia Oradores convidados: Ant\u00f3nio Jos\u00e9 Ganh\u00e3o, Professor e Autarca durante 40 anos Ant\u00f3nio Manuel Cardoso, Investigador da Hist\u00f3ria de Samora Correia Francisco Ambr\u00f3sio, Estudante e Ativista samorense participante no Parlamento Jovem &nbsp; Reservas: asasc.samora@gmail.com ou 960 109 [&hellip;]<\/p>\n","protected":false},"author":3,"featured_media":74795,"comment_status":"closed","ping_status":"closed","template":"","meta":{"_vp_format_video_url":"","_vp_image_focal_point":[]},"tags":[1116,2064,830,188,27],"mec_category":[467],"class_list":["post-74793","mec-events","type-mec-events","status-publish","has-post-thumbnail","hentry","tag-asasc","tag-cidade","tag-conferencia","tag-dia","tag-samora-correia","mec_category-geral"],"_links":{"self":[{"href":"https:\/\/www.cm-benavente.pt\/index.php\/wp-json\/wp\/v2\/mec-events\/74793","targetHints":{"allow":["GET"]}}],"collection":[{"href":"https:\/\/www.cm-benavente.pt\/index.php\/wp-json\/wp\/v2\/mec-events"}],"about":[{"href":"https:\/\/www.cm-benavente.pt\/index.php\/wp-json\/wp\/v2\/types\/mec-events"}],"author":[{"embeddable":true,"href":"https:\/\/www.cm-benavente.pt\/index.php\/wp-json\/wp\/v2\/users\/3"}],"replies":[{"embeddable":true,"href":"https:\/\/www.cm-benavente.pt\/index.php\/wp-json\/wp\/v2\/comments?post=74793"}],"version-history":[{"count":1,"href":"https:\/\/www.cm-benavente.pt\/index.php\/wp-json\/wp\/v2\/mec-events\/74793\/revisions"}],"predecessor-version":[{"id":74796,"href":"https:\/\/www.cm-benavente.pt\/index.php\/wp-json\/wp\/v2\/mec-events\/74793\/revisions\/74796"}],"wp:featuredmedia":[{"embeddable":true,"href":"https:\/\/www.cm-benavente.pt\/index.php\/wp-json\/wp\/v2\/media\/74795"}],"wp:attachment":[{"href":"https:\/\/www.cm-benavente.pt\/index.php\/wp-json\/wp\/v2\/media?parent=74793"}],"wp:term":[{"taxonomy":"post_tag","embeddable":true,"href":"https:\/\/www.cm-benavente.pt\/index.php\/wp-json\/wp\/v2\/tags?post=74793"},{"taxonomy":"mec_category","embeddable":true,"href":"https:\/\/www.cm-benavente.pt\/index.php\/wp-json\/wp\/v2\/mec_category?post=74793"}],"curies":[{"name":"wp","href":"https:\/\/api.w.org\/{rel}","templated":true}]}}

<p><strong>ASASC &#8211; Dia da Cidade de Samora Correia</strong></p>
<p><strong>12 de junho às 18:00h</strong> no Palácio do Infantado, Samora Correia</p>
<p><strong>Oradores convidados:</strong></p>
<ul>
<li>António José Ganhão, Professor e Autarca durante 40 anos</li>
<li>António Manuel Cardoso, Investigador da História de Samora Correia</li>
<li>Francisco Ambrósio, Estudante e Ativista samorense participante no Parlamento Jovem</li>
</ul>
<p>&nbsp;</p>
<p><strong>Reservas:</strong> <a href="mailto:asasc.samora@gmail.com">asasc.samora@gmail.com</a> ou <a href="tel:960109122">960 109 122</a></p>
<p><strong>Organização:</strong> ASASC</p>
<p>&nbsp;</p>
<p><a href="https://www.cm-benavente.pt/wp-content/uploads/2025/06/Dia-da-Cidade-Samora-Correia-ASASC.jpg"><img fetchpriority="high" decoding="async" class="alignnone size-large wp-image-74794" src="https://www.cm-benavente.pt/wp-content/uploads/2025/06/Dia-da-Cidade-Samora-Correia-ASASC-1024x576.jpg" alt="" width="800" height="450" srcset="https://www.cm-benavente.pt/wp-content/uploads/2025/06/Dia-da-Cidade-Samora-Correia-ASASC-1024x576.jpg 1024w, https://www.cm-benavente.pt/wp-content/uploads/2025/06/Dia-da-Cidade-Samora-Correia-ASASC-300x169.jpg 300w, https://www.cm-benavente.pt/wp-content/uploads/2025/06/Dia-da-Cidade-Samora-Correia-ASASC-768x432.jpg 768w, https://www.cm-benavente.pt/wp-content/uploads/2025/06/Dia-da-Cidade-Samora-Correia-ASASC-500x281.jpg 500w, https://www.cm-benavente.pt/wp-content/uploads/2025/06/Dia-da-Cidade-Samora-Correia-ASASC-800x450.jpg 800w, https://www.cm-benavente.pt/wp-content/uploads/2025/06/Dia-da-Cidade-Samora-Correia-ASASC.jpg 1280w" sizes="(max-width: 800px) 100vw, 800px" /></a></p>

<p>ASASC &#8211; Dia da Cidade de Samora Correia 12 de junho às 18:00h no Palácio do Infantado, Samora Correia Oradores convidados: António José Ganhão, Professor e Autarca durante 40 anos António Manuel Cardoso, Investigador da História de Samora Correia Francisco Ambrósio, Estudante e Ativista samorense participante no Parlamento Jovem &nbsp; Reservas: asasc.samora@gmail.com ou 960 109 [&hellip;]</p>
