{"id":74784,"date":"2025-06-11T10:03:17","date_gmt":"2025-06-11T10:03:17","guid":{"rendered":"https:\/\/www.cm-benavente.pt\/?post_type=mec-events&#038;p=74784"},"modified":"2025-06-11T10:03:17","modified_gmt":"2025-06-11T10:03:17","slug":"arepa-fontainhas-cup-2025","status":"publish","type":"mec-events","link":"https:\/\/www.cm-benavente.pt\/index.php\/events\/arepa-fontainhas-cup-2025\/","title":{"rendered":"AREPA | Fonta\u00ednhas CUP 2025"},"content":{"rendered":"<p><strong>Fonta\u00ednhas CUP 2025<\/strong><\/p>\n<p><strong>14 e 15 de junho<\/strong> no Parque de Jogos Ac\u00edlio Rocha, Porto Alto<\/p>\n<p><strong>Organiza\u00e7\u00e3o:<\/strong> AREPA<\/p>\n<p>&nbsp;<\/p>\n<p><a href=\"https:\/\/www.cm-benavente.pt\/wp-content\/uploads\/2025\/06\/arepa-fontainhas-cup-14e15062025.jpg\"><img fetchpriority=\"high\" decoding=\"async\" class=\"alignnone size-large wp-image-74785\" src=\"https:\/\/www.cm-benavente.pt\/wp-content\/uploads\/2025\/06\/arepa-fontainhas-cup-14e15062025-1024x1024.jpg\" alt=\"\" width=\"800\" height=\"800\" srcset=\"https:\/\/www.cm-benavente.pt\/wp-content\/uploads\/2025\/06\/arepa-fontainhas-cup-14e15062025-1024x1024.jpg 1024w, https:\/\/www.cm-benavente.pt\/wp-content\/uploads\/2025\/06\/arepa-fontainhas-cup-14e15062025-300x300.jpg 300w, https:\/\/www.cm-benavente.pt\/wp-content\/uploads\/2025\/06\/arepa-fontainhas-cup-14e15062025-150x150.jpg 150w, https:\/\/www.cm-benavente.pt\/wp-content\/uploads\/2025\/06\/arepa-fontainhas-cup-14e15062025-768x768.jpg 768w, https:\/\/www.cm-benavente.pt\/wp-content\/uploads\/2025\/06\/arepa-fontainhas-cup-14e15062025-500x500.jpg 500w, https:\/\/www.cm-benavente.pt\/wp-content\/uploads\/2025\/06\/arepa-fontainhas-cup-14e15062025-800x800.jpg 800w, https:\/\/www.cm-benavente.pt\/wp-content\/uploads\/2025\/06\/arepa-fontainhas-cup-14e15062025.jpg 1080w\" sizes=\"(max-width: 800px) 100vw, 800px\" \/><\/a><\/p>\n","protected":false},"excerpt":{"rendered":"<p>Fonta\u00ednhas CUP 2025 14 e 15 de junho no Parque de Jogos Ac\u00edlio Rocha, Porto Alto Organiza\u00e7\u00e3o: AREPA &nbsp;<\/p>\n","protected":false},"author":3,"featured_media":74786,"comment_status":"closed","ping_status":"closed","template":"","meta":{"_vp_format_video_url":"","_vp_image_focal_point":[]},"tags":[125,2130,124,2129,12,250],"mec_category":[472,1111],"class_list":["post-74784","mec-events","type-mec-events","status-publish","has-post-thumbnail","hentry","tag-arepa","tag-cup","tag-desporto","tag-fontainhas","tag-futebol","tag-porto-alto","mec_category-desporto","mec_category-futebol"],"_links":{"self":[{"href":"https:\/\/www.cm-benavente.pt\/index.php\/wp-json\/wp\/v2\/mec-events\/74784","targetHints":{"allow":["GET"]}}],"collection":[{"href":"https:\/\/www.cm-benavente.pt\/index.php\/wp-json\/wp\/v2\/mec-events"}],"about":[{"href":"https:\/\/www.cm-benavente.pt\/index.php\/wp-json\/wp\/v2\/types\/mec-events"}],"author":[{"embeddable":true,"href":"https:\/\/www.cm-benavente.pt\/index.php\/wp-json\/wp\/v2\/users\/3"}],"replies":[{"embeddable":true,"href":"https:\/\/www.cm-benavente.pt\/index.php\/wp-json\/wp\/v2\/comments?post=74784"}],"version-history":[{"count":1,"href":"https:\/\/www.cm-benavente.pt\/index.php\/wp-json\/wp\/v2\/mec-events\/74784\/revisions"}],"predecessor-version":[{"id":74787,"href":"https:\/\/www.cm-benavente.pt\/index.php\/wp-json\/wp\/v2\/mec-events\/74784\/revisions\/74787"}],"wp:featuredmedia":[{"embeddable":true,"href":"https:\/\/www.cm-benavente.pt\/index.php\/wp-json\/wp\/v2\/media\/74786"}],"wp:attachment":[{"href":"https:\/\/www.cm-benavente.pt\/index.php\/wp-json\/wp\/v2\/media?parent=74784"}],"wp:term":[{"taxonomy":"post_tag","embeddable":true,"href":"https:\/\/www.cm-benavente.pt\/index.php\/wp-json\/wp\/v2\/tags?post=74784"},{"taxonomy":"mec_category","embeddable":true,"href":"https:\/\/www.cm-benavente.pt\/index.php\/wp-json\/wp\/v2\/mec_category?post=74784"}],"curies":[{"name":"wp","href":"https:\/\/api.w.org\/{rel}","templated":true}]}}

AREPA | Fontaínhas CUP 2025

<p><strong>Fontaínhas CUP 2025</strong></p>
<p><strong>14 e 15 de junho</strong> no Parque de Jogos Acílio Rocha, Porto Alto</p>
<p><strong>Organização:</strong> AREPA</p>
<p>&nbsp;</p>
<p><a href="https://www.cm-benavente.pt/wp-content/uploads/2025/06/arepa-fontainhas-cup-14e15062025.jpg"><img fetchpriority="high" decoding="async" class="alignnone size-large wp-image-74785" src="https://www.cm-benavente.pt/wp-content/uploads/2025/06/arepa-fontainhas-cup-14e15062025-1024x1024.jpg" alt="" width="800" height="800" srcset="https://www.cm-benavente.pt/wp-content/uploads/2025/06/arepa-fontainhas-cup-14e15062025-1024x1024.jpg 1024w, https://www.cm-benavente.pt/wp-content/uploads/2025/06/arepa-fontainhas-cup-14e15062025-300x300.jpg 300w, https://www.cm-benavente.pt/wp-content/uploads/2025/06/arepa-fontainhas-cup-14e15062025-150x150.jpg 150w, https://www.cm-benavente.pt/wp-content/uploads/2025/06/arepa-fontainhas-cup-14e15062025-768x768.jpg 768w, https://www.cm-benavente.pt/wp-content/uploads/2025/06/arepa-fontainhas-cup-14e15062025-500x500.jpg 500w, https://www.cm-benavente.pt/wp-content/uploads/2025/06/arepa-fontainhas-cup-14e15062025-800x800.jpg 800w, https://www.cm-benavente.pt/wp-content/uploads/2025/06/arepa-fontainhas-cup-14e15062025.jpg 1080w" sizes="(max-width: 800px) 100vw, 800px" /></a></p>

<p>Fontaínhas CUP 2025 14 e 15 de junho no Parque de Jogos Acílio Rocha, Porto Alto Organização: AREPA &nbsp;</p>
