{"id":74772,"date":"2025-06-11T09:32:00","date_gmt":"2025-06-11T09:32:00","guid":{"rendered":"https:\/\/www.cm-benavente.pt\/?post_type=mec-events&#038;p=74772"},"modified":"2025-06-11T09:32:00","modified_gmt":"2025-06-11T09:32:00","slug":"feira-do-porta-bagagens-5","status":"publish","type":"mec-events","link":"https:\/\/www.cm-benavente.pt\/index.php\/events\/feira-do-porta-bagagens-5\/","title":{"rendered":"Feira do Porta Bagagens"},"content":{"rendered":"<p><strong>Feira do Porta Bagagens<\/strong><\/p>\n<p><strong>15 de junho das 09:30h \u00e0s 17:00h<\/strong> no Parque Ribeirinho Almansor, Samora Correia<\/p>\n<p>Integrado nas Comemora\u00e7\u00f5es do 16\u00ba Anivers\u00e1rio da Cidade de Samora Correia<\/p>\n<p><strong>Programa:<\/strong><\/p>\n<p>11:00h &#8211; Aula de Yoga com S\u00e9rgio Faria<br \/>\n15:30h &#8211; Atua\u00e7\u00e3o das classes infantis das Associa\u00e7\u00f5es da Freguesia<\/p>\n<p>Anima\u00e7\u00e3o infantil com insufl\u00e1veis, pinturas faciais, m\u00fasica ambiente e jogos tradicionais<\/p>\n<p><strong>Organiza\u00e7\u00e3o:<\/strong> Junta de Freguesia de Samora Correia<\/p>\n<p>&nbsp;<\/p>\n<p><a href=\"https:\/\/www.cm-benavente.pt\/wp-content\/uploads\/2025\/06\/feira-porta-bagagens-16-aniversario-samora-correia.jpg\"><img fetchpriority=\"high\" decoding=\"async\" class=\"alignnone size-large wp-image-74777\" src=\"https:\/\/www.cm-benavente.pt\/wp-content\/uploads\/2025\/06\/feira-porta-bagagens-16-aniversario-samora-correia-731x1024.jpg\" alt=\"\" width=\"731\" height=\"1024\" srcset=\"https:\/\/www.cm-benavente.pt\/wp-content\/uploads\/2025\/06\/feira-porta-bagagens-16-aniversario-samora-correia-731x1024.jpg 731w, https:\/\/www.cm-benavente.pt\/wp-content\/uploads\/2025\/06\/feira-porta-bagagens-16-aniversario-samora-correia-214x300.jpg 214w, https:\/\/www.cm-benavente.pt\/wp-content\/uploads\/2025\/06\/feira-porta-bagagens-16-aniversario-samora-correia-768x1075.jpg 768w, https:\/\/www.cm-benavente.pt\/wp-content\/uploads\/2025\/06\/feira-porta-bagagens-16-aniversario-samora-correia-500x700.jpg 500w, https:\/\/www.cm-benavente.pt\/wp-content\/uploads\/2025\/06\/feira-porta-bagagens-16-aniversario-samora-correia-800x1120.jpg 800w, https:\/\/www.cm-benavente.pt\/wp-content\/uploads\/2025\/06\/feira-porta-bagagens-16-aniversario-samora-correia.jpg 1000w\" sizes=\"(max-width: 731px) 100vw, 731px\" \/><\/a><\/p>\n","protected":false},"excerpt":{"rendered":"<p>Feira do Porta Bagagens 15 de junho das 09:30h \u00e0s 17:00h no Parque Ribeirinho Almansor, Samora Correia Integrado nas Comemora\u00e7\u00f5es do 16\u00ba Anivers\u00e1rio da Cidade de Samora Correia Programa: 11:00h &#8211; Aula de Yoga com S\u00e9rgio Faria 15:30h &#8211; Atua\u00e7\u00e3o das classes infantis das Associa\u00e7\u00f5es da Freguesia Anima\u00e7\u00e3o infantil com insufl\u00e1veis, pinturas faciais, m\u00fasica ambiente [&hellip;]<\/p>\n","protected":false},"author":3,"featured_media":74778,"comment_status":"closed","ping_status":"closed","template":"","meta":{"_vp_format_video_url":"","_vp_image_focal_point":[]},"tags":[870,101,2064,402,819,1476,27,1630],"mec_category":[467],"class_list":["post-74772","mec-events","type-mec-events","status-publish","has-post-thumbnail","hentry","tag-animacao","tag-aniversario","tag-cidade","tag-criancas","tag-feira","tag-porta-bagagens","tag-samora-correia","tag-usados","mec_category-geral"],"_links":{"self":[{"href":"https:\/\/www.cm-benavente.pt\/index.php\/wp-json\/wp\/v2\/mec-events\/74772","targetHints":{"allow":["GET"]}}],"collection":[{"href":"https:\/\/www.cm-benavente.pt\/index.php\/wp-json\/wp\/v2\/mec-events"}],"about":[{"href":"https:\/\/www.cm-benavente.pt\/index.php\/wp-json\/wp\/v2\/types\/mec-events"}],"author":[{"embeddable":true,"href":"https:\/\/www.cm-benavente.pt\/index.php\/wp-json\/wp\/v2\/users\/3"}],"replies":[{"embeddable":true,"href":"https:\/\/www.cm-benavente.pt\/index.php\/wp-json\/wp\/v2\/comments?post=74772"}],"version-history":[{"count":1,"href":"https:\/\/www.cm-benavente.pt\/index.php\/wp-json\/wp\/v2\/mec-events\/74772\/revisions"}],"predecessor-version":[{"id":74779,"href":"https:\/\/www.cm-benavente.pt\/index.php\/wp-json\/wp\/v2\/mec-events\/74772\/revisions\/74779"}],"wp:featuredmedia":[{"embeddable":true,"href":"https:\/\/www.cm-benavente.pt\/index.php\/wp-json\/wp\/v2\/media\/74778"}],"wp:attachment":[{"href":"https:\/\/www.cm-benavente.pt\/index.php\/wp-json\/wp\/v2\/media?parent=74772"}],"wp:term":[{"taxonomy":"post_tag","embeddable":true,"href":"https:\/\/www.cm-benavente.pt\/index.php\/wp-json\/wp\/v2\/tags?post=74772"},{"taxonomy":"mec_category","embeddable":true,"href":"https:\/\/www.cm-benavente.pt\/index.php\/wp-json\/wp\/v2\/mec_category?post=74772"}],"curies":[{"name":"wp","href":"https:\/\/api.w.org\/{rel}","templated":true}]}}

<p><strong>Feira do Porta Bagagens</strong></p>
<p><strong>15 de junho das 09:30h às 17:00h</strong> no Parque Ribeirinho Almansor, Samora Correia</p>
<p>Integrado nas Comemorações do 16º Aniversário da Cidade de Samora Correia</p>
<p><strong>Programa:</strong></p>
<p>11:00h &#8211; Aula de Yoga com Sérgio Faria<br />
15:30h &#8211; Atuação das classes infantis das Associações da Freguesia</p>
<p>Animação infantil com insufláveis, pinturas faciais, música ambiente e jogos tradicionais</p>
<p><strong>Organização:</strong> Junta de Freguesia de Samora Correia</p>
<p>&nbsp;</p>
<p><a href="https://www.cm-benavente.pt/wp-content/uploads/2025/06/feira-porta-bagagens-16-aniversario-samora-correia.jpg"><img fetchpriority="high" decoding="async" class="alignnone size-large wp-image-74777" src="https://www.cm-benavente.pt/wp-content/uploads/2025/06/feira-porta-bagagens-16-aniversario-samora-correia-731x1024.jpg" alt="" width="731" height="1024" srcset="https://www.cm-benavente.pt/wp-content/uploads/2025/06/feira-porta-bagagens-16-aniversario-samora-correia-731x1024.jpg 731w, https://www.cm-benavente.pt/wp-content/uploads/2025/06/feira-porta-bagagens-16-aniversario-samora-correia-214x300.jpg 214w, https://www.cm-benavente.pt/wp-content/uploads/2025/06/feira-porta-bagagens-16-aniversario-samora-correia-768x1075.jpg 768w, https://www.cm-benavente.pt/wp-content/uploads/2025/06/feira-porta-bagagens-16-aniversario-samora-correia-500x700.jpg 500w, https://www.cm-benavente.pt/wp-content/uploads/2025/06/feira-porta-bagagens-16-aniversario-samora-correia-800x1120.jpg 800w, https://www.cm-benavente.pt/wp-content/uploads/2025/06/feira-porta-bagagens-16-aniversario-samora-correia.jpg 1000w" sizes="(max-width: 731px) 100vw, 731px" /></a></p>

<p>Feira do Porta Bagagens 15 de junho das 09:30h às 17:00h no Parque Ribeirinho Almansor, Samora Correia Integrado nas Comemorações do 16º Aniversário da Cidade de Samora Correia Programa: 11:00h &#8211; Aula de Yoga com Sérgio Faria 15:30h &#8211; Atuação das classes infantis das Associações da Freguesia Animação infantil com insufláveis, pinturas faciais, música ambiente [&hellip;]</p>
