{"id":74644,"date":"2025-06-06T13:45:33","date_gmt":"2025-06-06T13:45:33","guid":{"rendered":"https:\/\/www.cm-benavente.pt\/?post_type=mec-events&#038;p=74644"},"modified":"2025-06-06T13:45:33","modified_gmt":"2025-06-06T13:45:33","slug":"gdb-jogos-07-08-e-10-de-junho-2025","status":"publish","type":"mec-events","link":"https:\/\/www.cm-benavente.pt\/index.php\/events\/gdb-jogos-07-08-e-10-de-junho-2025\/","title":{"rendered":"GDB | Jogos 07, 08 e 10 de junho 2025"},"content":{"rendered":"<p>\ud835\udde6\ud835\uddd4\u0301\ud835\uddd5\ud835\uddd4\ud835\uddd7\ud835\udde2, \ud835\udff3 \ud835\udddd\ud835\udde8\ud835\udde1\ud835\udddb\ud835\udde2<\/p>\n<p>\ud835\udde6\ud835\udde8\ud835\uddd5-\ud835\udfec\ud835\udff3<br \/>\nTORNEIO IN\u00c1CIO CANEIRA (TODO DIA)<br \/>\nGrp A: SCD Gl\u00f3ria, AA Morense, EFB Barreiro e SCE Portalegre<br \/>\nGrp B: EF GD Benavente, EF Belenenses, Vendas Novas e Afonsoeirense<br \/>\nLocal: Gl\u00f3ria do Ribatejo, pelas 10h00<\/p>\n<p>\ud835\udde6\ud835\udde8\ud835\uddd5-\ud835\udfec\ud835\udff4<br \/>\nTORNEIO INTERNAC. TEMPL\u00c1RIOS (DIA #01)<br \/>\nGrp A: SL Benfica, GD Samora Correia e CAAF<br \/>\nGrp B: Sporting CP, Portomosense e Cova Piedade<br \/>\nGrp C: Louletano, UFCI Tomar e Moitense<br \/>\nGrp D: SC Braga, EF GD Benavente e Palmelense<br \/>\nGrp E: &#8220;Os Amigos Urgeses&#8221;, CADE e Brejos Azeit\u00e3o<br \/>\nGrp F: EFB Vila N. Rainha, SL Cartaxo e FC Barreirense<br \/>\nLocal: Est\u00e1dio Munic. Ant\u00f3nio Fortes (Tot\u00f3i), pelas 11h00<\/p>\n<p>\ud835\udde6\ud835\udde8\ud835\uddd5-\ud835\udfec\ud835\udff5<br \/>\nTORNEIO BEJA CUP<br \/>\nGrp A: Imortal, Brejos Azeit\u00e3o e CD Beja<br \/>\nGrp B: SC Farense, Pescadores e EF GD Benavente<br \/>\nGrp C: 4 ao Cubo, GD Samora Correia e Atl\u00e9tico Clube Port.<br \/>\nGrp D: JS Campinense, Moitense e EF Belenenses<br \/>\nLocal: Beja, pelas 9h30<\/p>\n<p>\ud835\udde6\ud835\udde8\ud835\uddd5-\ud835\udfed\ud835\udfec<br \/>\nTRIANGULAR DE CLUBES<br \/>\nEF GD Benavente, AA Santar\u00e9m e UD Vilafranquense<br \/>\nLocal: Complexo dos Camarinhais, pelas 09h30<\/p>\n<p>\ud835\udde6\ud835\udde8\ud835\uddd5-\ud835\udfed\ud835\udfed<br \/>\nTORNEIO BEJA CUP (DIA #01)<br \/>\nGrp A: AD Carregado, 4 ao Cubo e CD Beja<br \/>\nGrp B: EF GD Benavente, EAS Tavira e EFB \u00c9vora<br \/>\nGrp C: UD Vilafranquense, Juv. \u00c9vora e Atl. Clube Portugal<br \/>\nGrp D: Alenquer, Guia Fc e Penedo Gordo<br \/>\nLocal: Beja, pelas 16h00<\/p>\n<p>\ud835\udddc\ud835\udde1\ud835\uddd9\ud835\uddd4\ud835\udde1\ud835\udde7\ud835\udddc\ud835\udde6 &#8220;\ud835\uddd5&#8221;<br \/>\nJOGO DE PREPARA\u00c7\u00c3O (FUT-9)<br \/>\nEF GD Benavente vs Ac Malveira<br \/>\nLocal: Complexo dos Camarinhais, pelas 15h00<\/p>\n<p>\ud835\udddc\ud835\udde1\ud835\uddd9\ud835\uddd4\ud835\udde1\ud835\udde7\ud835\udddc\ud835\udde6 &#8220;\ud835\uddd4&#8221;<br \/>\nCAMPEONATO AF SANTAR\u00c9M (AP. CAMPE\u00c3O)<br \/>\nEF GD Benavente vs Assentiz &#8220;A&#8221;<br \/>\nLocal: Complexo dos Camarinhais, pelas 10h30<\/p>\n<p>\ud835\udddc\ud835\udde1\ud835\udddc\ud835\uddd6\ud835\udddc\ud835\uddd4\ud835\uddd7\ud835\udde2\ud835\udde6 &#8220;\ud835\uddd5&#8221;<br \/>\nTORNEIO BEJA CUP (DIA #01)<br \/>\nGrp A: Despertar Beja, Alenquer e CD Beja<br \/>\nGrp B: EAS Tavira, EF Belenenses Alfragide e Pescadores<br \/>\nGrp C: 4 ao Cubo, EF Belenenses Odivelas e Penedo Gordo<br \/>\nGrp D: Silves FC, EF GD Benavente e Aljustrelense<br \/>\nLocal: Beja, pelas 15h00<\/p>\n<p>\ud835\udddd\ud835\udde8\ud835\udde9\ud835\uddd8\ud835\udde1\ud835\udddc\ud835\udde6<br \/>\nJOGO PARTICULAR\/PREPARA\u00c7\u00c3O<br \/>\nEF GD Benavente vs CRD Arrudense<br \/>\nLocal: Complexo dos Camarinhais, pelas 16h00<\/p>\n<p>\ud835\uddd7\ud835\udde2\ud835\udde0\ud835\udddc\ud835\udde1\ud835\uddda\ud835\udde2, \ud835\udff4 \ud835\udddd\ud835\udde8\ud835\udde1\ud835\udddb\ud835\udde2<\/p>\n<p>\ud835\udde6\ud835\udde8\ud835\uddd5-\ud835\udfec\ud835\udff3<br \/>\nENCONTRO SUB-08 AF SANTAR\u00c9M<br \/>\nEF GD Benavente, ADRC Vasco Gama, Riachense &#8220;B&#8221;, CD &#8220;Os \u00c1guias&#8221;, EFC Ouriquense, EFC Alcanena, QT Rio Maior e UD Santar\u00e9m<br \/>\nLocal: Boleiros (F\u00e1tima), pelas 15h00<\/p>\n<p>\ud835\udde6\ud835\udde8\ud835\uddd5-\ud835\udfec\ud835\udff4<br \/>\nTORNEIO INTERNAC. TEMPL\u00c1RIOS (DIA #02)<br \/>\nLocal: Est\u00e1dio Munic. Ant\u00f3nio Fortes (Tot\u00f3i)<\/p>\n<p>\ud835\udde6\ud835\udde8\ud835\uddd5-\ud835\udfed\ud835\udfed<br \/>\nTORNEIO BEJA CUIP (DIA #02)<br \/>\nLocal: Beja<\/p>\n<p>\ud835\udddc\ud835\udde1\ud835\udddc\ud835\uddd6\ud835\udddc\ud835\uddd4\ud835\uddd7\ud835\udde2\ud835\udde6 &#8220;\ud835\uddd5&#8221;<br \/>\nTORNEIO BEJA CUP (DIA #02)<br \/>\nLocal: Beja<\/p>\n<p>\ud835\udde7\ud835\uddd8\ud835\udde5\ud835\uddd6\u0327\ud835\uddd4, \ud835\udfed\ud835\udfec \ud835\udddd\ud835\udde8\ud835\udde1\ud835\udddb\ud835\udde2 (\ud835\uddd9\ud835\uddd8\ud835\udde5\ud835\udddc\ud835\uddd4\ud835\uddd7\ud835\udde2)<\/p>\n<p>\ud835\udde6\ud835\udde8\ud835\uddd5-\ud835\udfec\ud835\udff2<br \/>\nTORNEIO &#8220;OS GERALDINHOS&#8221;<br \/>\nLusitano \u00c9vora, EF GD Benavente, Elvas Cad, Gera\u00e7\u00e3o Benfica e Juventude<br \/>\nLocal: Academia do Lusitano (\u00c9vora), pelas 15h00<\/p>\n<p>\ud835\udde6\ud835\udde8\ud835\uddd5-\ud835\udfec\ud835\udff3<br \/>\nTORNEIO &#8220;OS GERALDINHOS&#8221;<br \/>\nLusitano \u00c9vora, EF GD Benavente, Elvas Cad, Juventude e CF Vasco da Gama<br \/>\nLocal: Academia do Lusitano (\u00c9vora), pelas 15h00<\/p>\n<p>\ud835\udde6\ud835\udde8\ud835\uddd5-\ud835\udfec\ud835\udff4<br \/>\nTORNEIO &#8220;OS GERALDINHOS&#8221;<br \/>\nLusitano \u00c9vora, EF GD Benavente, CO Montijo, Elvas Cad e Juventude<br \/>\nLocal: Academia do Lusitano (\u00c9vora), pelas 15h00<\/p>\n<p>\ud835\udde6\ud835\udde8\ud835\uddd5-\ud835\udfec\ud835\udff5<br \/>\nTORNEIO &#8220;OS GERALDINHOS&#8221;<br \/>\nLusitano \u00c9vora, EF GD Benavente, CO Montijo, Elvas Cad e<br \/>\nFC Barreirense<br \/>\nLocal: Academia do Lusitano (\u00c9vora), pelas 15h00<\/p>\n<p>\ud835\udddc\ud835\udde1\ud835\uddd9\ud835\uddd4\ud835\udde1\ud835\udde7\ud835\udddc\ud835\udde6 &#8220;\ud835\udc02&#8221;<br \/>\nCAMPEONATO AF SANTAR\u00c9M<br \/>\nEF GD Benavente vs Footkart &#8220;B&#8221;<br \/>\nLocal: Complexo dos Camarinhais, pelas 09h00<\/p>\n<p>\ud835\udddc\ud835\udde1\ud835\uddd9\ud835\uddd4\ud835\udde1\ud835\udde7\ud835\udddc\ud835\udde6 &#8220;\ud835\uddd5&#8221;<br \/>\nCAMPEONATO AF SANTAR\u00c9M<br \/>\nEF GD Benavente vs GD Samora Correia &#8220;B&#8221;<br \/>\nLocal: Complexo dos Camarinhais, pelas 09h00<\/p>\n<p>\ud835\udddc\ud835\udde1\ud835\udddc\ud835\uddd6\ud835\udddc\ud835\uddd4\ud835\uddd7\ud835\udde2\ud835\udde6 &#8220;\ud835\uddd5&#8221;<br \/>\nCAMPEONATO AF SANTAR\u00c9M<br \/>\nEF GD Benavente vs ADRC Vasco Gama &#8220;A&#8221;<br \/>\nLocal: Complexo dos Camarinhais, pelas 11h00<\/p>\n","protected":false},"excerpt":{"rendered":"<p>\ud835\udde6\ud835\uddd4\u0301\ud835\uddd5\ud835\uddd4\ud835\uddd7\ud835\udde2, \ud835\udff3 \ud835\udddd\ud835\udde8\ud835\udde1\ud835\udddb\ud835\udde2 \ud835\udde6\ud835\udde8\ud835\uddd5-\ud835\udfec\ud835\udff3 TORNEIO IN\u00c1CIO CANEIRA (TODO DIA) Grp A: SCD Gl\u00f3ria, AA Morense, EFB Barreiro e SCE Portalegre Grp B: EF GD Benavente, EF Belenenses, Vendas Novas e Afonsoeirense Local: Gl\u00f3ria do Ribatejo, pelas 10h00 \ud835\udde6\ud835\udde8\ud835\uddd5-\ud835\udfec\ud835\udff4 TORNEIO INTERNAC. TEMPL\u00c1RIOS (DIA #01) Grp A: SL Benfica, GD Samora Correia e CAAF Grp B: Sporting [&hellip;]<\/p>\n","protected":false},"author":3,"featured_media":39903,"comment_status":"closed","ping_status":"closed","template":"","meta":{"_vp_format_video_url":"","_vp_image_focal_point":[]},"tags":[16,124,12,1107],"mec_category":[1111],"class_list":["post-74644","mec-events","type-mec-events","status-publish","has-post-thumbnail","hentry","tag-benavente","tag-desporto","tag-futebol","tag-gdb","mec_category-futebol"],"_links":{"self":[{"href":"https:\/\/www.cm-benavente.pt\/index.php\/wp-json\/wp\/v2\/mec-events\/74644","targetHints":{"allow":["GET"]}}],"collection":[{"href":"https:\/\/www.cm-benavente.pt\/index.php\/wp-json\/wp\/v2\/mec-events"}],"about":[{"href":"https:\/\/www.cm-benavente.pt\/index.php\/wp-json\/wp\/v2\/types\/mec-events"}],"author":[{"embeddable":true,"href":"https:\/\/www.cm-benavente.pt\/index.php\/wp-json\/wp\/v2\/users\/3"}],"replies":[{"embeddable":true,"href":"https:\/\/www.cm-benavente.pt\/index.php\/wp-json\/wp\/v2\/comments?post=74644"}],"version-history":[{"count":1,"href":"https:\/\/www.cm-benavente.pt\/index.php\/wp-json\/wp\/v2\/mec-events\/74644\/revisions"}],"predecessor-version":[{"id":74645,"href":"https:\/\/www.cm-benavente.pt\/index.php\/wp-json\/wp\/v2\/mec-events\/74644\/revisions\/74645"}],"wp:featuredmedia":[{"embeddable":true,"href":"https:\/\/www.cm-benavente.pt\/index.php\/wp-json\/wp\/v2\/media\/39903"}],"wp:attachment":[{"href":"https:\/\/www.cm-benavente.pt\/index.php\/wp-json\/wp\/v2\/media?parent=74644"}],"wp:term":[{"taxonomy":"post_tag","embeddable":true,"href":"https:\/\/www.cm-benavente.pt\/index.php\/wp-json\/wp\/v2\/tags?post=74644"},{"taxonomy":"mec_category","embeddable":true,"href":"https:\/\/www.cm-benavente.pt\/index.php\/wp-json\/wp\/v2\/mec_category?post=74644"}],"curies":[{"name":"wp","href":"https:\/\/api.w.org\/{rel}","templated":true}]}}

<p>𝗦𝗔́𝗕𝗔𝗗𝗢, 𝟳 𝗝𝗨𝗡𝗛𝗢</p>
<p>𝗦𝗨𝗕-𝟬𝟳<br />
TORNEIO INÁCIO CANEIRA (TODO DIA)<br />
Grp A: SCD Glória, AA Morense, EFB Barreiro e SCE Portalegre<br />
Grp B: EF GD Benavente, EF Belenenses, Vendas Novas e Afonsoeirense<br />
Local: Glória do Ribatejo, pelas 10h00</p>
<p>𝗦𝗨𝗕-𝟬𝟴<br />
TORNEIO INTERNAC. TEMPLÁRIOS (DIA #01)<br />
Grp A: SL Benfica, GD Samora Correia e CAAF<br />
Grp B: Sporting CP, Portomosense e Cova Piedade<br />
Grp C: Louletano, UFCI Tomar e Moitense<br />
Grp D: SC Braga, EF GD Benavente e Palmelense<br />
Grp E: &#8220;Os Amigos Urgeses&#8221;, CADE e Brejos Azeitão<br />
Grp F: EFB Vila N. Rainha, SL Cartaxo e FC Barreirense<br />
Local: Estádio Munic. António Fortes (Totói), pelas 11h00</p>
<p>𝗦𝗨𝗕-𝟬𝟵<br />
TORNEIO BEJA CUP<br />
Grp A: Imortal, Brejos Azeitão e CD Beja<br />
Grp B: SC Farense, Pescadores e EF GD Benavente<br />
Grp C: 4 ao Cubo, GD Samora Correia e Atlético Clube Port.<br />
Grp D: JS Campinense, Moitense e EF Belenenses<br />
Local: Beja, pelas 9h30</p>
<p>𝗦𝗨𝗕-𝟭𝟬<br />
TRIANGULAR DE CLUBES<br />
EF GD Benavente, AA Santarém e UD Vilafranquense<br />
Local: Complexo dos Camarinhais, pelas 09h30</p>
<p>𝗦𝗨𝗕-𝟭𝟭<br />
TORNEIO BEJA CUP (DIA #01)<br />
Grp A: AD Carregado, 4 ao Cubo e CD Beja<br />
Grp B: EF GD Benavente, EAS Tavira e EFB Évora<br />
Grp C: UD Vilafranquense, Juv. Évora e Atl. Clube Portugal<br />
Grp D: Alenquer, Guia Fc e Penedo Gordo<br />
Local: Beja, pelas 16h00</p>
<p>𝗜𝗡𝗙𝗔𝗡𝗧𝗜𝗦 &#8220;𝗕&#8221;<br />
JOGO DE PREPARAÇÃO (FUT-9)<br />
EF GD Benavente vs Ac Malveira<br />
Local: Complexo dos Camarinhais, pelas 15h00</p>
<p>𝗜𝗡𝗙𝗔𝗡𝗧𝗜𝗦 &#8220;𝗔&#8221;<br />
CAMPEONATO AF SANTARÉM (AP. CAMPEÃO)<br />
EF GD Benavente vs Assentiz &#8220;A&#8221;<br />
Local: Complexo dos Camarinhais, pelas 10h30</p>
<p>𝗜𝗡𝗜𝗖𝗜𝗔𝗗𝗢𝗦 &#8220;𝗕&#8221;<br />
TORNEIO BEJA CUP (DIA #01)<br />
Grp A: Despertar Beja, Alenquer e CD Beja<br />
Grp B: EAS Tavira, EF Belenenses Alfragide e Pescadores<br />
Grp C: 4 ao Cubo, EF Belenenses Odivelas e Penedo Gordo<br />
Grp D: Silves FC, EF GD Benavente e Aljustrelense<br />
Local: Beja, pelas 15h00</p>
<p>𝗝𝗨𝗩𝗘𝗡𝗜𝗦<br />
JOGO PARTICULAR/PREPARAÇÃO<br />
EF GD Benavente vs CRD Arrudense<br />
Local: Complexo dos Camarinhais, pelas 16h00</p>
<p>𝗗𝗢𝗠𝗜𝗡𝗚𝗢, 𝟴 𝗝𝗨𝗡𝗛𝗢</p>
<p>𝗦𝗨𝗕-𝟬𝟳<br />
ENCONTRO SUB-08 AF SANTARÉM<br />
EF GD Benavente, ADRC Vasco Gama, Riachense &#8220;B&#8221;, CD &#8220;Os Águias&#8221;, EFC Ouriquense, EFC Alcanena, QT Rio Maior e UD Santarém<br />
Local: Boleiros (Fátima), pelas 15h00</p>
<p>𝗦𝗨𝗕-𝟬𝟴<br />
TORNEIO INTERNAC. TEMPLÁRIOS (DIA #02)<br />
Local: Estádio Munic. António Fortes (Totói)</p>
<p>𝗦𝗨𝗕-𝟭𝟭<br />
TORNEIO BEJA CUIP (DIA #02)<br />
Local: Beja</p>
<p>𝗜𝗡𝗜𝗖𝗜𝗔𝗗𝗢𝗦 &#8220;𝗕&#8221;<br />
TORNEIO BEJA CUP (DIA #02)<br />
Local: Beja</p>
<p>𝗧𝗘𝗥𝗖̧𝗔, 𝟭𝟬 𝗝𝗨𝗡𝗛𝗢 (𝗙𝗘𝗥𝗜𝗔𝗗𝗢)</p>
<p>𝗦𝗨𝗕-𝟬𝟲<br />
TORNEIO &#8220;OS GERALDINHOS&#8221;<br />
Lusitano Évora, EF GD Benavente, Elvas Cad, Geração Benfica e Juventude<br />
Local: Academia do Lusitano (Évora), pelas 15h00</p>
<p>𝗦𝗨𝗕-𝟬𝟳<br />
TORNEIO &#8220;OS GERALDINHOS&#8221;<br />
Lusitano Évora, EF GD Benavente, Elvas Cad, Juventude e CF Vasco da Gama<br />
Local: Academia do Lusitano (Évora), pelas 15h00</p>
<p>𝗦𝗨𝗕-𝟬𝟴<br />
TORNEIO &#8220;OS GERALDINHOS&#8221;<br />
Lusitano Évora, EF GD Benavente, CO Montijo, Elvas Cad e Juventude<br />
Local: Academia do Lusitano (Évora), pelas 15h00</p>
<p>𝗦𝗨𝗕-𝟬𝟵<br />
TORNEIO &#8220;OS GERALDINHOS&#8221;<br />
Lusitano Évora, EF GD Benavente, CO Montijo, Elvas Cad e<br />
FC Barreirense<br />
Local: Academia do Lusitano (Évora), pelas 15h00</p>
<p>𝗜𝗡𝗙𝗔𝗡𝗧𝗜𝗦 &#8220;𝐂&#8221;<br />
CAMPEONATO AF SANTARÉM<br />
EF GD Benavente vs Footkart &#8220;B&#8221;<br />
Local: Complexo dos Camarinhais, pelas 09h00</p>
<p>𝗜𝗡𝗙𝗔𝗡𝗧𝗜𝗦 &#8220;𝗕&#8221;<br />
CAMPEONATO AF SANTARÉM<br />
EF GD Benavente vs GD Samora Correia &#8220;B&#8221;<br />
Local: Complexo dos Camarinhais, pelas 09h00</p>
<p>𝗜𝗡𝗜𝗖𝗜𝗔𝗗𝗢𝗦 &#8220;𝗕&#8221;<br />
CAMPEONATO AF SANTARÉM<br />
EF GD Benavente vs ADRC Vasco Gama &#8220;A&#8221;<br />
Local: Complexo dos Camarinhais, pelas 11h00</p>

<p>𝗦𝗔́𝗕𝗔𝗗𝗢, 𝟳 𝗝𝗨𝗡𝗛𝗢 𝗦𝗨𝗕-𝟬𝟳 TORNEIO INÁCIO CANEIRA (TODO DIA) Grp A: SCD Glória, AA Morense, EFB Barreiro e SCE Portalegre Grp B: EF GD Benavente, EF Belenenses, Vendas Novas e Afonsoeirense Local: Glória do Ribatejo, pelas 10h00 𝗦𝗨𝗕-𝟬𝟴 TORNEIO INTERNAC. TEMPLÁRIOS (DIA #01) Grp A: SL Benfica, GD Samora Correia e CAAF Grp B: Sporting [&hellip;]</p>
