{"id":74555,"date":"2025-06-06T08:50:09","date_gmt":"2025-06-06T08:50:09","guid":{"rendered":"https:\/\/www.cm-benavente.pt\/?post_type=mec-events&#038;p=74555"},"modified":"2025-06-06T08:50:09","modified_gmt":"2025-06-06T08:50:09","slug":"ha-festa-na-biblioteca-festa-hippie","status":"publish","type":"mec-events","link":"https:\/\/www.cm-benavente.pt\/index.php\/events\/ha-festa-na-biblioteca-festa-hippie\/","title":{"rendered":"H\u00e1 Festa na Biblioteca &#8220;Festa Hippie&#8221;"},"content":{"rendered":"<p><strong>H\u00e1 Festa na Biblioteca &#8220;Festa Hippie&#8221;<\/strong><\/p>\n<p><strong>14 de junho<\/strong> na Biblioteca Municipal de Benavente<\/p>\n<div class=\"html-div xdj266r x14z9mp xat24cr x1lziwak xexx8yu xyri2b x18d9i69 x1c1uobl\" tabindex=\"-1\">\n<div class=\"html-div xdj266r x14z9mp x1lziwak xexx8yu xyri2b x18d9i69 x1c1uobl x1e56ztr\"><span class=\"x193iq5w xeuugli x13faqbe x1vvkbs x1xmvt09 x1f6kntn xvq8zen xo1l8bm xzsf02u\">As bibliotecas p\u00fablicas, as\u00a0<span class=\"html-span xdj266r x14z9mp xat24cr x1lziwak xexx8yu xyri2b x18d9i69 x1c1uobl x1hl2dhg x16tdsg8 x1vvkbs\"><strong class=\"html-strong xdj266r x14z9mp xat24cr x1lziwak xexx8yu xyri2b x18d9i69 x1c1uobl x1hl2dhg x16tdsg8 x1vvkbs x1s688f\">BIBLIOTECAS MUNICIPAIS DE BENAVENTE<\/strong><\/span>, como centro local de informa\u00e7\u00e3o, tornam prontamente acess\u00edvel \u00e0 sua comunidade o conhecimento e a informa\u00e7\u00e3o de todos os g\u00e9neros. Com esta premissa pretendemos que a 6.\u00aa edi\u00e7\u00e3o da iniciativa\u00a0<span class=\"html-span xdj266r x14z9mp xat24cr x1lziwak xexx8yu xyri2b x18d9i69 x1c1uobl x1hl2dhg x16tdsg8 x1vvkbs\"><strong class=\"html-strong xdj266r x14z9mp xat24cr x1lziwak xexx8yu xyri2b x18d9i69 x1c1uobl x1hl2dhg x16tdsg8 x1vvkbs x1s688f\">H\u00c1 FESTA NA BIBLIOTECA!\u00a0<\/strong><\/span>sob o tema\u00a0<span class=\"html-span xdj266r x14z9mp xat24cr x1lziwak xexx8yu xyri2b x18d9i69 x1c1uobl x1hl2dhg x16tdsg8 x1vvkbs\"><strong class=\"html-strong xdj266r x14z9mp xat24cr x1lziwak xexx8yu xyri2b x18d9i69 x1c1uobl x1hl2dhg x16tdsg8 x1vvkbs x1s688f\"><em class=\"html-em xdj266r x14z9mp xat24cr x1lziwak xexx8yu xyri2b x18d9i69 x1c1uobl x1hl2dhg x16tdsg8 x1vvkbs\">FESTA HIPPIE<\/em><\/strong><\/span> nos permita partilhar a diversidade, contos, encantos, m\u00fasica, entre outras artes. Acima de tudo, muita alegria atrav\u00e9s da diversidade da tradi\u00e7\u00e3o oral e da palavra escrita. A nossa atividade ambiciona, desta forma, promover a liberdade, o amor, o respeito pela natureza e a igualdade.<\/span><\/div>\n<\/div>\n<div class=\"html-div xdj266r x14z9mp xat24cr x1lziwak xexx8yu xyri2b x18d9i69 x1c1uobl\" tabindex=\"-1\">\n<div class=\"html-div xdj266r x14z9mp x1lziwak xexx8yu xyri2b x18d9i69 x1c1uobl x1e56ztr\"><\/div>\n<\/div>\n<div class=\"html-div xdj266r x14z9mp xat24cr x1lziwak xexx8yu xyri2b x18d9i69 x1c1uobl\" tabindex=\"-1\">\n<div class=\"html-div xdj266r x14z9mp x1lziwak xexx8yu xyri2b x18d9i69 x1c1uobl x1e56ztr\"><span class=\"x193iq5w xeuugli x13faqbe x1vvkbs x1xmvt09 x1f6kntn xvq8zen xo1l8bm xzsf02u\">A liberdade, a prosperidade e o desenvolvimento da sociedade e dos indiv\u00edduos s\u00e3o valores humanos fundamentais. S\u00f3 ser\u00e3o atingidos quando os cidad\u00e3os estiverem na posse da informa\u00e7\u00e3o que lhes permita exercer os seus direitos democr\u00e1ticos e ter um papel ativo na sociedade. A participa\u00e7\u00e3o construtiva e o desenvolvimento da democracia dependem tanto de uma educa\u00e7\u00e3o satisfat\u00f3ria, como de um acesso livre e sem limites ao conhecimento, ao pensamento, \u00e0 cultura e \u00e0 informa\u00e7\u00e3o. [MANIFESTO DA IFLA\/UNESCO SOBRE BIBLIOTECAS P\u00daBLICAS 1994]<\/span><\/div>\n<\/div>\n<div><\/div>\n<div><strong>10:00h &#8211; 1\u00aa Sess\u00e3o (0 aos 3 anos) | 11:00h &#8211; 2\u00aa Sess\u00e3o (3 aos 5 anos)<\/strong><\/div>\n<div><em><strong>T\u00e3o Balal\u00e3o &#8220;A Lagartinha muito comilona&#8221;<\/strong><\/em><\/div>\n<div>Espet\u00e1culo de teatro com momentos interativos, inspirado na obra &#8220;A Lagartinha muito comilona&#8221;, de Eric Carle, pela Companhia de Teatro Biombo<\/div>\n<div><\/div>\n<div><strong>15:30h<\/strong><\/div>\n<div><em><strong>Com Pozinhos de Perlim&#8230; Pim&#8230; Pim&#8230; Est\u00f3rias Brinc\u00e1sticas<\/strong><\/em><\/div>\n<div>Mediador\/ Contador: Pedro, o brincador<\/div>\n<div>P\u00fablico-alvo: a partir dos 4 anos<\/div>\n<div><\/div>\n<div><strong>17:00h<\/strong><\/div>\n<div><em><strong>Concerto com m\u00e3os pequenas<\/strong><\/em><\/div>\n<div>Apresenta\u00e7\u00e3o de jovens m\u00fasicos de Benavente sob a batuta do maestro Daniel Manuel<\/div>\n<div>P\u00fablico-alvo: Fam\u00edlias<\/div>\n<div><\/div>\n<div><strong>Inscri\u00e7\u00f5es e informa\u00e7\u00f5es:<\/strong> <a href=\"mailto:bibliotecas@cm-benavente.pt\">bibliotecas@cm-benavente.pt<\/a><\/div>\n<div><\/div>\n<div><a href=\"https:\/\/www.cm-benavente.pt\/wp-content\/uploads\/2025\/06\/festa-hippie-biblioteca-1350x1080-1.jpg\"><img fetchpriority=\"high\" decoding=\"async\" class=\"alignnone size-large wp-image-74556\" src=\"https:\/\/www.cm-benavente.pt\/wp-content\/uploads\/2025\/06\/festa-hippie-biblioteca-1350x1080-1-819x1024.jpg\" alt=\"\" width=\"800\" height=\"1000\" srcset=\"https:\/\/www.cm-benavente.pt\/wp-content\/uploads\/2025\/06\/festa-hippie-biblioteca-1350x1080-1-819x1024.jpg 819w, https:\/\/www.cm-benavente.pt\/wp-content\/uploads\/2025\/06\/festa-hippie-biblioteca-1350x1080-1-240x300.jpg 240w, https:\/\/www.cm-benavente.pt\/wp-content\/uploads\/2025\/06\/festa-hippie-biblioteca-1350x1080-1-768x960.jpg 768w, https:\/\/www.cm-benavente.pt\/wp-content\/uploads\/2025\/06\/festa-hippie-biblioteca-1350x1080-1-500x625.jpg 500w, https:\/\/www.cm-benavente.pt\/wp-content\/uploads\/2025\/06\/festa-hippie-biblioteca-1350x1080-1-800x1000.jpg 800w, https:\/\/www.cm-benavente.pt\/wp-content\/uploads\/2025\/06\/festa-hippie-biblioteca-1350x1080-1.jpg 1080w\" sizes=\"(max-width: 800px) 100vw, 800px\" \/><\/a><\/div>\n","protected":false},"excerpt":{"rendered":"<p>H\u00e1 Festa na Biblioteca &#8220;Festa Hippie&#8221; 14 de junho na Biblioteca Municipal de Benavente As bibliotecas p\u00fablicas, as\u00a0BIBLIOTECAS MUNICIPAIS DE BENAVENTE, como centro local de informa\u00e7\u00e3o, tornam prontamente acess\u00edvel \u00e0 sua comunidade o conhecimento e a informa\u00e7\u00e3o de todos os g\u00e9neros. Com esta premissa pretendemos que a 6.\u00aa edi\u00e7\u00e3o da iniciativa\u00a0H\u00c1 FESTA NA BIBLIOTECA!\u00a0sob o [&hellip;]<\/p>\n","protected":false},"author":3,"featured_media":74557,"comment_status":"closed","ping_status":"closed","template":"","meta":{"_vp_format_video_url":"","_vp_image_focal_point":[]},"tags":[16,83,900,2936,794,4,62],"mec_category":[757,464,654],"class_list":["post-74555","mec-events","type-mec-events","status-publish","has-post-thumbnail","hentry","tag-benavente","tag-biblioteca","tag-festa","tag-hippie","tag-literatura","tag-musica","tag-teatro","mec_category-literatura","mec_category-musica","mec_category-teatro"],"_links":{"self":[{"href":"https:\/\/www.cm-benavente.pt\/index.php\/wp-json\/wp\/v2\/mec-events\/74555","targetHints":{"allow":["GET"]}}],"collection":[{"href":"https:\/\/www.cm-benavente.pt\/index.php\/wp-json\/wp\/v2\/mec-events"}],"about":[{"href":"https:\/\/www.cm-benavente.pt\/index.php\/wp-json\/wp\/v2\/types\/mec-events"}],"author":[{"embeddable":true,"href":"https:\/\/www.cm-benavente.pt\/index.php\/wp-json\/wp\/v2\/users\/3"}],"replies":[{"embeddable":true,"href":"https:\/\/www.cm-benavente.pt\/index.php\/wp-json\/wp\/v2\/comments?post=74555"}],"version-history":[{"count":1,"href":"https:\/\/www.cm-benavente.pt\/index.php\/wp-json\/wp\/v2\/mec-events\/74555\/revisions"}],"predecessor-version":[{"id":74558,"href":"https:\/\/www.cm-benavente.pt\/index.php\/wp-json\/wp\/v2\/mec-events\/74555\/revisions\/74558"}],"wp:featuredmedia":[{"embeddable":true,"href":"https:\/\/www.cm-benavente.pt\/index.php\/wp-json\/wp\/v2\/media\/74557"}],"wp:attachment":[{"href":"https:\/\/www.cm-benavente.pt\/index.php\/wp-json\/wp\/v2\/media?parent=74555"}],"wp:term":[{"taxonomy":"post_tag","embeddable":true,"href":"https:\/\/www.cm-benavente.pt\/index.php\/wp-json\/wp\/v2\/tags?post=74555"},{"taxonomy":"mec_category","embeddable":true,"href":"https:\/\/www.cm-benavente.pt\/index.php\/wp-json\/wp\/v2\/mec_category?post=74555"}],"curies":[{"name":"wp","href":"https:\/\/api.w.org\/{rel}","templated":true}]}}

Há Festa na Biblioteca &#8220;Festa Hippie&#8221;

<p><strong>Há Festa na Biblioteca &#8220;Festa Hippie&#8221;</strong></p>
<p><strong>14 de junho</strong> na Biblioteca Municipal de Benavente</p>
<div class="html-div xdj266r x14z9mp xat24cr x1lziwak xexx8yu xyri2b x18d9i69 x1c1uobl" tabindex="-1">
<div class="html-div xdj266r x14z9mp x1lziwak xexx8yu xyri2b x18d9i69 x1c1uobl x1e56ztr"><span class="x193iq5w xeuugli x13faqbe x1vvkbs x1xmvt09 x1f6kntn xvq8zen xo1l8bm xzsf02u">As bibliotecas públicas, as <span class="html-span xdj266r x14z9mp xat24cr x1lziwak xexx8yu xyri2b x18d9i69 x1c1uobl x1hl2dhg x16tdsg8 x1vvkbs"><strong class="html-strong xdj266r x14z9mp xat24cr x1lziwak xexx8yu xyri2b x18d9i69 x1c1uobl x1hl2dhg x16tdsg8 x1vvkbs x1s688f">BIBLIOTECAS MUNICIPAIS DE BENAVENTE</strong></span>, como centro local de informação, tornam prontamente acessível à sua comunidade o conhecimento e a informação de todos os géneros. Com esta premissa pretendemos que a 6.ª edição da iniciativa <span class="html-span xdj266r x14z9mp xat24cr x1lziwak xexx8yu xyri2b x18d9i69 x1c1uobl x1hl2dhg x16tdsg8 x1vvkbs"><strong class="html-strong xdj266r x14z9mp xat24cr x1lziwak xexx8yu xyri2b x18d9i69 x1c1uobl x1hl2dhg x16tdsg8 x1vvkbs x1s688f">HÁ FESTA NA BIBLIOTECA! </strong></span>sob o tema <span class="html-span xdj266r x14z9mp xat24cr x1lziwak xexx8yu xyri2b x18d9i69 x1c1uobl x1hl2dhg x16tdsg8 x1vvkbs"><strong class="html-strong xdj266r x14z9mp xat24cr x1lziwak xexx8yu xyri2b x18d9i69 x1c1uobl x1hl2dhg x16tdsg8 x1vvkbs x1s688f"><em class="html-em xdj266r x14z9mp xat24cr x1lziwak xexx8yu xyri2b x18d9i69 x1c1uobl x1hl2dhg x16tdsg8 x1vvkbs">FESTA HIPPIE</em></strong></span> nos permita partilhar a diversidade, contos, encantos, música, entre outras artes. Acima de tudo, muita alegria através da diversidade da tradição oral e da palavra escrita. A nossa atividade ambiciona, desta forma, promover a liberdade, o amor, o respeito pela natureza e a igualdade.</span></div>
</div>
<div class="html-div xdj266r x14z9mp xat24cr x1lziwak xexx8yu xyri2b x18d9i69 x1c1uobl" tabindex="-1">
<div class="html-div xdj266r x14z9mp x1lziwak xexx8yu xyri2b x18d9i69 x1c1uobl x1e56ztr"></div>
</div>
<div class="html-div xdj266r x14z9mp xat24cr x1lziwak xexx8yu xyri2b x18d9i69 x1c1uobl" tabindex="-1">
<div class="html-div xdj266r x14z9mp x1lziwak xexx8yu xyri2b x18d9i69 x1c1uobl x1e56ztr"><span class="x193iq5w xeuugli x13faqbe x1vvkbs x1xmvt09 x1f6kntn xvq8zen xo1l8bm xzsf02u">A liberdade, a prosperidade e o desenvolvimento da sociedade e dos indivíduos são valores humanos fundamentais. Só serão atingidos quando os cidadãos estiverem na posse da informação que lhes permita exercer os seus direitos democráticos e ter um papel ativo na sociedade. A participação construtiva e o desenvolvimento da democracia dependem tanto de uma educação satisfatória, como de um acesso livre e sem limites ao conhecimento, ao pensamento, à cultura e à informação. [MANIFESTO DA IFLA/UNESCO SOBRE BIBLIOTECAS PÚBLICAS 1994]</span></div>
</div>
<div></div>
<div><strong>10:00h &#8211; 1ª Sessão (0 aos 3 anos) | 11:00h &#8211; 2ª Sessão (3 aos 5 anos)</strong></div>
<div><em><strong>Tão Balalão &#8220;A Lagartinha muito comilona&#8221;</strong></em></div>
<div>Espetáculo de teatro com momentos interativos, inspirado na obra &#8220;A Lagartinha muito comilona&#8221;, de Eric Carle, pela Companhia de Teatro Biombo</div>
<div></div>
<div><strong>15:30h</strong></div>
<div><em><strong>Com Pozinhos de Perlim&#8230; Pim&#8230; Pim&#8230; Estórias Brincásticas</strong></em></div>
<div>Mediador/ Contador: Pedro, o brincador</div>
<div>Público-alvo: a partir dos 4 anos</div>
<div></div>
<div><strong>17:00h</strong></div>
<div><em><strong>Concerto com mãos pequenas</strong></em></div>
<div>Apresentação de jovens músicos de Benavente sob a batuta do maestro Daniel Manuel</div>
<div>Público-alvo: Famílias</div>
<div></div>
<div><strong>Inscrições e informações:</strong> <a href="mailto:bibliotecas@cm-benavente.pt">bibliotecas@cm-benavente.pt</a></div>
<div></div>
<div><a href="https://www.cm-benavente.pt/wp-content/uploads/2025/06/festa-hippie-biblioteca-1350x1080-1.jpg"><img fetchpriority="high" decoding="async" class="alignnone size-large wp-image-74556" src="https://www.cm-benavente.pt/wp-content/uploads/2025/06/festa-hippie-biblioteca-1350x1080-1-819x1024.jpg" alt="" width="800" height="1000" srcset="https://www.cm-benavente.pt/wp-content/uploads/2025/06/festa-hippie-biblioteca-1350x1080-1-819x1024.jpg 819w, https://www.cm-benavente.pt/wp-content/uploads/2025/06/festa-hippie-biblioteca-1350x1080-1-240x300.jpg 240w, https://www.cm-benavente.pt/wp-content/uploads/2025/06/festa-hippie-biblioteca-1350x1080-1-768x960.jpg 768w, https://www.cm-benavente.pt/wp-content/uploads/2025/06/festa-hippie-biblioteca-1350x1080-1-500x625.jpg 500w, https://www.cm-benavente.pt/wp-content/uploads/2025/06/festa-hippie-biblioteca-1350x1080-1-800x1000.jpg 800w, https://www.cm-benavente.pt/wp-content/uploads/2025/06/festa-hippie-biblioteca-1350x1080-1.jpg 1080w" sizes="(max-width: 800px) 100vw, 800px" /></a></div>

<p>Há Festa na Biblioteca &#8220;Festa Hippie&#8221; 14 de junho na Biblioteca Municipal de Benavente As bibliotecas públicas, as BIBLIOTECAS MUNICIPAIS DE BENAVENTE, como centro local de informação, tornam prontamente acessível à sua comunidade o conhecimento e a informação de todos os géneros. Com esta premissa pretendemos que a 6.ª edição da iniciativa HÁ FESTA NA BIBLIOTECA! sob o [&hellip;]</p>
