{"id":74252,"date":"2025-06-03T13:53:18","date_gmt":"2025-06-03T13:53:18","guid":{"rendered":"https:\/\/www.cm-benavente.pt\/?post_type=mec-events&#038;p=74252"},"modified":"2025-06-03T13:53:18","modified_gmt":"2025-06-03T13:53:18","slug":"tarde-de-folclore-arepa","status":"publish","type":"mec-events","link":"https:\/\/www.cm-benavente.pt\/index.php\/events\/tarde-de-folclore-arepa\/","title":{"rendered":"Tarde de Folclore AREPA"},"content":{"rendered":"<p><strong>Tarde de Folclore AREPA<\/strong><\/p>\n<p><strong>14 de junho \u00e0s 15:00h<\/strong> na Sede da AREPA, Porto Alto<\/p>\n<p><strong>Ranchos convidados:<\/strong><\/p>\n<ul>\n<li>Rancho Folcl\u00f3rico da AREPA<\/li>\n<li>Grupo Folcl\u00f3rico e Etnogr\u00e1fico de Almagreira &#8211; Pombal<\/li>\n<li>Rancho Folcl\u00f3rico e Recreativo Clube Bonjardim de Cernache de Bonjardim &#8211; Sert\u00e3<\/li>\n<\/ul>\n<p>&nbsp;<\/p>\n<p><strong>Entrada gratuita<\/strong><\/p>\n<p><strong>Organiza\u00e7\u00e3o:<\/strong> AREPA<\/p>\n<p>&nbsp;<\/p>\n<p><a href=\"https:\/\/www.cm-benavente.pt\/wp-content\/uploads\/2025\/06\/tarde-folclore-arepa.jpg\"><img fetchpriority=\"high\" decoding=\"async\" class=\"alignnone size-full wp-image-74253\" src=\"https:\/\/www.cm-benavente.pt\/wp-content\/uploads\/2025\/06\/tarde-folclore-arepa.jpg\" alt=\"\" width=\"509\" height=\"720\" srcset=\"https:\/\/www.cm-benavente.pt\/wp-content\/uploads\/2025\/06\/tarde-folclore-arepa.jpg 509w, https:\/\/www.cm-benavente.pt\/wp-content\/uploads\/2025\/06\/tarde-folclore-arepa-212x300.jpg 212w, https:\/\/www.cm-benavente.pt\/wp-content\/uploads\/2025\/06\/tarde-folclore-arepa-500x707.jpg 500w\" sizes=\"(max-width: 509px) 100vw, 509px\" \/><\/a><\/p>\n","protected":false},"excerpt":{"rendered":"<p>Tarde de Folclore AREPA 14 de junho \u00e0s 15:00h na Sede da AREPA, Porto Alto Ranchos convidados: Rancho Folcl\u00f3rico da AREPA Grupo Folcl\u00f3rico e Etnogr\u00e1fico de Almagreira &#8211; Pombal Rancho Folcl\u00f3rico e Recreativo Clube Bonjardim de Cernache de Bonjardim &#8211; Sert\u00e3 &nbsp; Entrada gratuita Organiza\u00e7\u00e3o: AREPA &nbsp;<\/p>\n","protected":false},"author":3,"featured_media":74254,"comment_status":"closed","ping_status":"closed","template":"","meta":{"_vp_format_video_url":"","_vp_image_focal_point":[]},"tags":[125,5,57,835,250,834,2929,1038],"mec_category":[467],"class_list":["post-74252","mec-events","type-mec-events","status-publish","has-post-thumbnail","hentry","tag-arepa","tag-cultura","tag-danca","tag-folclore","tag-porto-alto","tag-rancho","tag-tarde","tag-tradicao","mec_category-geral"],"_links":{"self":[{"href":"https:\/\/www.cm-benavente.pt\/index.php\/wp-json\/wp\/v2\/mec-events\/74252","targetHints":{"allow":["GET"]}}],"collection":[{"href":"https:\/\/www.cm-benavente.pt\/index.php\/wp-json\/wp\/v2\/mec-events"}],"about":[{"href":"https:\/\/www.cm-benavente.pt\/index.php\/wp-json\/wp\/v2\/types\/mec-events"}],"author":[{"embeddable":true,"href":"https:\/\/www.cm-benavente.pt\/index.php\/wp-json\/wp\/v2\/users\/3"}],"replies":[{"embeddable":true,"href":"https:\/\/www.cm-benavente.pt\/index.php\/wp-json\/wp\/v2\/comments?post=74252"}],"version-history":[{"count":1,"href":"https:\/\/www.cm-benavente.pt\/index.php\/wp-json\/wp\/v2\/mec-events\/74252\/revisions"}],"predecessor-version":[{"id":74255,"href":"https:\/\/www.cm-benavente.pt\/index.php\/wp-json\/wp\/v2\/mec-events\/74252\/revisions\/74255"}],"wp:featuredmedia":[{"embeddable":true,"href":"https:\/\/www.cm-benavente.pt\/index.php\/wp-json\/wp\/v2\/media\/74254"}],"wp:attachment":[{"href":"https:\/\/www.cm-benavente.pt\/index.php\/wp-json\/wp\/v2\/media?parent=74252"}],"wp:term":[{"taxonomy":"post_tag","embeddable":true,"href":"https:\/\/www.cm-benavente.pt\/index.php\/wp-json\/wp\/v2\/tags?post=74252"},{"taxonomy":"mec_category","embeddable":true,"href":"https:\/\/www.cm-benavente.pt\/index.php\/wp-json\/wp\/v2\/mec_category?post=74252"}],"curies":[{"name":"wp","href":"https:\/\/api.w.org\/{rel}","templated":true}]}}

<p><strong>Tarde de Folclore AREPA</strong></p>
<p><strong>14 de junho às 15:00h</strong> na Sede da AREPA, Porto Alto</p>
<p><strong>Ranchos convidados:</strong></p>
<ul>
<li>Rancho Folclórico da AREPA</li>
<li>Grupo Folclórico e Etnográfico de Almagreira &#8211; Pombal</li>
<li>Rancho Folclórico e Recreativo Clube Bonjardim de Cernache de Bonjardim &#8211; Sertã</li>
</ul>
<p>&nbsp;</p>
<p><strong>Entrada gratuita</strong></p>
<p><strong>Organização:</strong> AREPA</p>
<p>&nbsp;</p>
<p><a href="https://www.cm-benavente.pt/wp-content/uploads/2025/06/tarde-folclore-arepa.jpg"><img fetchpriority="high" decoding="async" class="alignnone size-full wp-image-74253" src="https://www.cm-benavente.pt/wp-content/uploads/2025/06/tarde-folclore-arepa.jpg" alt="" width="509" height="720" srcset="https://www.cm-benavente.pt/wp-content/uploads/2025/06/tarde-folclore-arepa.jpg 509w, https://www.cm-benavente.pt/wp-content/uploads/2025/06/tarde-folclore-arepa-212x300.jpg 212w, https://www.cm-benavente.pt/wp-content/uploads/2025/06/tarde-folclore-arepa-500x707.jpg 500w" sizes="(max-width: 509px) 100vw, 509px" /></a></p>

<p>Tarde de Folclore AREPA 14 de junho às 15:00h na Sede da AREPA, Porto Alto Ranchos convidados: Rancho Folclórico da AREPA Grupo Folclórico e Etnográfico de Almagreira &#8211; Pombal Rancho Folclórico e Recreativo Clube Bonjardim de Cernache de Bonjardim &#8211; Sertã &nbsp; Entrada gratuita Organização: AREPA &nbsp;</p>
