{"id":74248,"date":"2025-06-03T13:48:13","date_gmt":"2025-06-03T13:48:13","guid":{"rendered":"https:\/\/www.cm-benavente.pt\/?post_type=mec-events&#038;p=74248"},"modified":"2025-06-03T13:48:13","modified_gmt":"2025-06-03T13:48:13","slug":"concerto-joao-pedro-pais","status":"publish","type":"mec-events","link":"https:\/\/www.cm-benavente.pt\/index.php\/events\/concerto-joao-pedro-pais\/","title":{"rendered":"Concerto &#8220;Jo\u00e3o Pedro Pais&#8221;"},"content":{"rendered":"<p><strong>Concerto &#8220;Jo\u00e3o Pedro Pais&#8221;<\/strong><\/p>\n<p><strong>14 de junho \u00e0s 22:00h<\/strong> no Parque Ribeirinho Almansor, Samora Correia<\/p>\n<p>Concerto integrado nas comemora\u00e7\u00f5es do 16\u00ba Anivers\u00e1rio da Cidade de Samora Correia<\/p>\n<p><strong>Entrada gratuita<\/strong><\/p>\n<p><strong>Organiza\u00e7\u00e3o:<\/strong> Junta de Freguesia de Samora Correia<\/p>\n<p>&nbsp;<\/p>\n<p><a href=\"https:\/\/www.cm-benavente.pt\/wp-content\/uploads\/2025\/06\/aniversario-cidade-samora-correia-concerto-joao-pedro-pais.jpg\"><img fetchpriority=\"high\" decoding=\"async\" class=\"alignnone size-large wp-image-74249\" src=\"https:\/\/www.cm-benavente.pt\/wp-content\/uploads\/2025\/06\/aniversario-cidade-samora-correia-concerto-joao-pedro-pais-731x1024.jpg\" alt=\"\" width=\"731\" height=\"1024\" srcset=\"https:\/\/www.cm-benavente.pt\/wp-content\/uploads\/2025\/06\/aniversario-cidade-samora-correia-concerto-joao-pedro-pais-731x1024.jpg 731w, https:\/\/www.cm-benavente.pt\/wp-content\/uploads\/2025\/06\/aniversario-cidade-samora-correia-concerto-joao-pedro-pais-214x300.jpg 214w, https:\/\/www.cm-benavente.pt\/wp-content\/uploads\/2025\/06\/aniversario-cidade-samora-correia-concerto-joao-pedro-pais-768x1075.jpg 768w, https:\/\/www.cm-benavente.pt\/wp-content\/uploads\/2025\/06\/aniversario-cidade-samora-correia-concerto-joao-pedro-pais-500x700.jpg 500w, https:\/\/www.cm-benavente.pt\/wp-content\/uploads\/2025\/06\/aniversario-cidade-samora-correia-concerto-joao-pedro-pais-800x1120.jpg 800w, https:\/\/www.cm-benavente.pt\/wp-content\/uploads\/2025\/06\/aniversario-cidade-samora-correia-concerto-joao-pedro-pais.jpg 1000w\" sizes=\"(max-width: 731px) 100vw, 731px\" \/><\/a><\/p>\n<p>&nbsp;<\/p>\n","protected":false},"excerpt":{"rendered":"<p>Concerto &#8220;Jo\u00e3o Pedro Pais&#8221; 14 de junho \u00e0s 22:00h no Parque Ribeirinho Almansor, Samora Correia Concerto integrado nas comemora\u00e7\u00f5es do 16\u00ba Anivers\u00e1rio da Cidade de Samora Correia Entrada gratuita Organiza\u00e7\u00e3o: Junta de Freguesia de Samora Correia &nbsp; &nbsp;<\/p>\n","protected":false},"author":3,"featured_media":74250,"comment_status":"closed","ping_status":"closed","template":"","meta":{"_vp_format_video_url":"","_vp_image_focal_point":[]},"tags":[101,2064,5,2928,4,27],"mec_category":[464],"class_list":["post-74248","mec-events","type-mec-events","status-publish","has-post-thumbnail","hentry","tag-aniversario","tag-cidade","tag-cultura","tag-joao-pedro-pais","tag-musica","tag-samora-correia","mec_category-musica"],"_links":{"self":[{"href":"https:\/\/www.cm-benavente.pt\/index.php\/wp-json\/wp\/v2\/mec-events\/74248","targetHints":{"allow":["GET"]}}],"collection":[{"href":"https:\/\/www.cm-benavente.pt\/index.php\/wp-json\/wp\/v2\/mec-events"}],"about":[{"href":"https:\/\/www.cm-benavente.pt\/index.php\/wp-json\/wp\/v2\/types\/mec-events"}],"author":[{"embeddable":true,"href":"https:\/\/www.cm-benavente.pt\/index.php\/wp-json\/wp\/v2\/users\/3"}],"replies":[{"embeddable":true,"href":"https:\/\/www.cm-benavente.pt\/index.php\/wp-json\/wp\/v2\/comments?post=74248"}],"version-history":[{"count":1,"href":"https:\/\/www.cm-benavente.pt\/index.php\/wp-json\/wp\/v2\/mec-events\/74248\/revisions"}],"predecessor-version":[{"id":74251,"href":"https:\/\/www.cm-benavente.pt\/index.php\/wp-json\/wp\/v2\/mec-events\/74248\/revisions\/74251"}],"wp:featuredmedia":[{"embeddable":true,"href":"https:\/\/www.cm-benavente.pt\/index.php\/wp-json\/wp\/v2\/media\/74250"}],"wp:attachment":[{"href":"https:\/\/www.cm-benavente.pt\/index.php\/wp-json\/wp\/v2\/media?parent=74248"}],"wp:term":[{"taxonomy":"post_tag","embeddable":true,"href":"https:\/\/www.cm-benavente.pt\/index.php\/wp-json\/wp\/v2\/tags?post=74248"},{"taxonomy":"mec_category","embeddable":true,"href":"https:\/\/www.cm-benavente.pt\/index.php\/wp-json\/wp\/v2\/mec_category?post=74248"}],"curies":[{"name":"wp","href":"https:\/\/api.w.org\/{rel}","templated":true}]}}

Concerto &#8220;João Pedro Pais&#8221;

<p><strong>Concerto &#8220;João Pedro Pais&#8221;</strong></p>
<p><strong>14 de junho às 22:00h</strong> no Parque Ribeirinho Almansor, Samora Correia</p>
<p>Concerto integrado nas comemorações do 16º Aniversário da Cidade de Samora Correia</p>
<p><strong>Entrada gratuita</strong></p>
<p><strong>Organização:</strong> Junta de Freguesia de Samora Correia</p>
<p>&nbsp;</p>
<p><a href="https://www.cm-benavente.pt/wp-content/uploads/2025/06/aniversario-cidade-samora-correia-concerto-joao-pedro-pais.jpg"><img fetchpriority="high" decoding="async" class="alignnone size-large wp-image-74249" src="https://www.cm-benavente.pt/wp-content/uploads/2025/06/aniversario-cidade-samora-correia-concerto-joao-pedro-pais-731x1024.jpg" alt="" width="731" height="1024" srcset="https://www.cm-benavente.pt/wp-content/uploads/2025/06/aniversario-cidade-samora-correia-concerto-joao-pedro-pais-731x1024.jpg 731w, https://www.cm-benavente.pt/wp-content/uploads/2025/06/aniversario-cidade-samora-correia-concerto-joao-pedro-pais-214x300.jpg 214w, https://www.cm-benavente.pt/wp-content/uploads/2025/06/aniversario-cidade-samora-correia-concerto-joao-pedro-pais-768x1075.jpg 768w, https://www.cm-benavente.pt/wp-content/uploads/2025/06/aniversario-cidade-samora-correia-concerto-joao-pedro-pais-500x700.jpg 500w, https://www.cm-benavente.pt/wp-content/uploads/2025/06/aniversario-cidade-samora-correia-concerto-joao-pedro-pais-800x1120.jpg 800w, https://www.cm-benavente.pt/wp-content/uploads/2025/06/aniversario-cidade-samora-correia-concerto-joao-pedro-pais.jpg 1000w" sizes="(max-width: 731px) 100vw, 731px" /></a></p>
<p>&nbsp;</p>

<p>Concerto &#8220;João Pedro Pais&#8221; 14 de junho às 22:00h no Parque Ribeirinho Almansor, Samora Correia Concerto integrado nas comemorações do 16º Aniversário da Cidade de Samora Correia Entrada gratuita Organização: Junta de Freguesia de Samora Correia &nbsp; &nbsp;</p>
