{"id":74060,"date":"2025-05-30T10:37:15","date_gmt":"2025-05-30T10:37:15","guid":{"rendered":"https:\/\/www.cm-benavente.pt\/?post_type=mec-events&#038;p=74060"},"modified":"2025-05-30T10:37:15","modified_gmt":"2025-05-30T10:37:15","slug":"sfus-1o-torneio-de-ginastica-ritmica-de-santarem","status":"publish","type":"mec-events","link":"https:\/\/www.cm-benavente.pt\/index.php\/events\/sfus-1o-torneio-de-ginastica-ritmica-de-santarem\/","title":{"rendered":"SFUS | 1\u00ba Torneio de Gin\u00e1stica R\u00edtmica de Santar\u00e9m"},"content":{"rendered":"<p><a href=\"https:\/\/www.cm-benavente.pt\/wp-content\/uploads\/2025\/05\/sfus-torneio-ginastica-ritmica.jpg\"><img fetchpriority=\"high\" decoding=\"async\" class=\"alignnone size-large wp-image-74061\" src=\"https:\/\/www.cm-benavente.pt\/wp-content\/uploads\/2025\/05\/sfus-torneio-ginastica-ritmica-724x1024.jpg\" alt=\"\" width=\"724\" height=\"1024\" srcset=\"https:\/\/www.cm-benavente.pt\/wp-content\/uploads\/2025\/05\/sfus-torneio-ginastica-ritmica-724x1024.jpg 724w, https:\/\/www.cm-benavente.pt\/wp-content\/uploads\/2025\/05\/sfus-torneio-ginastica-ritmica-212x300.jpg 212w, https:\/\/www.cm-benavente.pt\/wp-content\/uploads\/2025\/05\/sfus-torneio-ginastica-ritmica-768x1086.jpg 768w, https:\/\/www.cm-benavente.pt\/wp-content\/uploads\/2025\/05\/sfus-torneio-ginastica-ritmica-1086x1536.jpg 1086w, https:\/\/www.cm-benavente.pt\/wp-content\/uploads\/2025\/05\/sfus-torneio-ginastica-ritmica-500x707.jpg 500w, https:\/\/www.cm-benavente.pt\/wp-content\/uploads\/2025\/05\/sfus-torneio-ginastica-ritmica-800x1132.jpg 800w, https:\/\/www.cm-benavente.pt\/wp-content\/uploads\/2025\/05\/sfus-torneio-ginastica-ritmica.jpg 1131w\" sizes=\"(max-width: 724px) 100vw, 724px\" \/><\/a><\/p>\n","protected":false},"excerpt":{"rendered":"","protected":false},"author":3,"featured_media":39908,"comment_status":"closed","ping_status":"closed","template":"","meta":{"_vp_format_video_url":"","_vp_image_focal_point":[]},"tags":[124,877,27,499],"mec_category":[1113],"class_list":["post-74060","mec-events","type-mec-events","status-publish","has-post-thumbnail","hentry","tag-desporto","tag-ginastica","tag-samora-correia","tag-sfus","mec_category-ginastica"],"_links":{"self":[{"href":"https:\/\/www.cm-benavente.pt\/index.php\/wp-json\/wp\/v2\/mec-events\/74060","targetHints":{"allow":["GET"]}}],"collection":[{"href":"https:\/\/www.cm-benavente.pt\/index.php\/wp-json\/wp\/v2\/mec-events"}],"about":[{"href":"https:\/\/www.cm-benavente.pt\/index.php\/wp-json\/wp\/v2\/types\/mec-events"}],"author":[{"embeddable":true,"href":"https:\/\/www.cm-benavente.pt\/index.php\/wp-json\/wp\/v2\/users\/3"}],"replies":[{"embeddable":true,"href":"https:\/\/www.cm-benavente.pt\/index.php\/wp-json\/wp\/v2\/comments?post=74060"}],"version-history":[{"count":1,"href":"https:\/\/www.cm-benavente.pt\/index.php\/wp-json\/wp\/v2\/mec-events\/74060\/revisions"}],"predecessor-version":[{"id":74062,"href":"https:\/\/www.cm-benavente.pt\/index.php\/wp-json\/wp\/v2\/mec-events\/74060\/revisions\/74062"}],"wp:featuredmedia":[{"embeddable":true,"href":"https:\/\/www.cm-benavente.pt\/index.php\/wp-json\/wp\/v2\/media\/39908"}],"wp:attachment":[{"href":"https:\/\/www.cm-benavente.pt\/index.php\/wp-json\/wp\/v2\/media?parent=74060"}],"wp:term":[{"taxonomy":"post_tag","embeddable":true,"href":"https:\/\/www.cm-benavente.pt\/index.php\/wp-json\/wp\/v2\/tags?post=74060"},{"taxonomy":"mec_category","embeddable":true,"href":"https:\/\/www.cm-benavente.pt\/index.php\/wp-json\/wp\/v2\/mec_category?post=74060"}],"curies":[{"name":"wp","href":"https:\/\/api.w.org\/{rel}","templated":true}]}}

SFUS | 1º Torneio de Ginástica Rítmica de Santarém
