{"id":74052,"date":"2025-05-30T10:32:43","date_gmt":"2025-05-30T10:32:43","guid":{"rendered":"https:\/\/www.cm-benavente.pt\/?post_type=mec-events&#038;p=74052"},"modified":"2025-05-30T10:32:43","modified_gmt":"2025-05-30T10:32:43","slug":"gdb-jogos-29-de-maio-a-01-de-junho-2025","status":"publish","type":"mec-events","link":"https:\/\/www.cm-benavente.pt\/index.php\/events\/gdb-jogos-29-de-maio-a-01-de-junho-2025\/","title":{"rendered":"GDB | Jogos 29 de maio a 01 de junho 2025"},"content":{"rendered":"<p>\ud835\udde4\ud835\udde8\ud835\udddc\ud835\udde1\ud835\udde7\ud835\uddd4-\ud835\uddd9\ud835\uddd8\ud835\udddc\ud835\udde5\ud835\uddd4, \ud835\udfee\ud835\udff5 \ud835\udde0\ud835\uddd4\ud835\udddc\ud835\udde2<\/p>\n<p>\ud835\udddc\ud835\udde1\ud835\uddd9\ud835\uddd4\ud835\udde1\ud835\udde7\ud835\udddc\ud835\udde6 &#8220;\ud835\uddd6&#8221;<br \/>\nCAMPEONATO AF SANTAR\u00c9M<br \/>\nGD Samora Correia &#8220;A&#8221; vs EF GD Benavente<br \/>\nLocal: Samora Correia, pelas 19h00<\/p>\n<p>\ud835\udde6\ud835\uddd8\ud835\uddeb\ud835\udde7\ud835\uddd4-\ud835\uddd9\ud835\uddd8\ud835\udddc\ud835\udde5\ud835\uddd4, \ud835\udfef\ud835\udfec \ud835\udde0\ud835\uddd4\ud835\udddc\ud835\udde2<\/p>\n<p>\ud835\udde6\ud835\udde8\ud835\uddd5-\ud835\udfec\ud835\udff4<br \/>\nTORNEIO CASTRENSE CUP (DIA #01)<br \/>\nLocal: Castro Verde<\/p>\n<p>\ud835\udde6\ud835\udde8\ud835\uddd5-\ud835\udfec\ud835\udff5<br \/>\nTORNEIO CASTRENSE CUP (DIA #01)<br \/>\nLocal: Castro Verde<\/p>\n<p>\ud835\udde6\ud835\udde8\ud835\uddd5-\ud835\udfed\ud835\udfed<br \/>\nTORNEIO CASTRENSE CUP (DIA #01)<br \/>\nLocal: Castro Verde<\/p>\n<p>\ud835\udde6\ud835\uddd4\u0301\ud835\uddd5\ud835\uddd4\ud835\uddd7\ud835\udde2, \ud835\udfef\ud835\udfed \ud835\udde0\ud835\uddd4\ud835\udddc\ud835\udde2<\/p>\n<p>\ud835\udde6\ud835\udde8\ud835\uddd5-\ud835\udfec\ud835\udff2<br \/>\nTORNEIO McDONALDS<br \/>\nAA Santar\u00e9m, EF GD Benavente, Footkart e GD Samora Correia<br \/>\nLocal: Escola Superior Agr\u00e1ria Santar\u00e9m, pelas 15h00<\/p>\n<p>\ud835\udde6\ud835\udde8\ud835\uddd5-\ud835\udfec\ud835\udff3<br \/>\nTORNEIO McDONALDS<br \/>\nAA Santar\u00e9m, EF GD Benavente, CA Riachense, CD Salvaterrense, CD &#8220;\u00c1guias&#8221;<br \/>\nLocal: Escola Superior Agr\u00e1ria Santar\u00e9m, pelas 15h00<\/p>\n<p>\ud835\udde6\ud835\udde8\ud835\uddd5-\ud835\udfec\ud835\udff4<br \/>\nTORNEIO CASTRENSE CUP (DIA #02)<br \/>\nLocal: Castro Verde<\/p>\n<p>\ud835\udde6\ud835\udde8\ud835\uddd5-\ud835\udfec\ud835\udff5<br \/>\nTORNEIO CASTRENSE CUP (DIA #02)<br \/>\nLocal: Castro Verde<\/p>\n<p>\ud835\udde6\ud835\udde8\ud835\uddd5-\ud835\udfed\ud835\udfed<br \/>\nTORNEIO CASTRENSE CUP (DIA #02)<br \/>\nLocal: Castro Verde<\/p>\n<p>\ud835\udde6\ud835\udde8\ud835\uddd5-\ud835\udfed\ud835\udfec &#8220;\ud835\uddd5&#8221;<br \/>\nENCONTRO DE CLUBES<br \/>\nEF GD Benavente, GUS Montemor &#8220;B&#8221;, Ac. Tojal<br \/>\nLocal: Complexo dos Camarinhais, pelas 09h30<\/p>\n<p>\ud835\udde6\ud835\udde8\ud835\uddd5-\ud835\udfed\ud835\udfec &#8220;\ud835\uddd4&#8221;<br \/>\nENCONTRO DE CLUBES<br \/>\nEF GD Benavente, GUS Montemor &#8220;A&#8221; e EF Belenenses<br \/>\nLocal: Complexo dos Camarinhais, pelas 09h30<\/p>\n<p>\ud835\udddc\ud835\udde1\ud835\uddd9\ud835\uddd4\ud835\udde1\ud835\udde7\ud835\udddc\ud835\udde6 &#8220;\ud835\uddd4&#8221;<br \/>\nCAMPEONATO AF SANTAR\u00c9M (AP. CAMPE\u00c3O)<br \/>\nEFC Alcanena &#8220;A&#8221; \ud83c\udd9a EF GD Benavente<br \/>\nLocal: Campo dos Bugalhos, pelas 10h30<\/p>\n<p>\ud835\uddd7\ud835\udde2\ud835\udde0\ud835\udddc\ud835\udde1\ud835\uddda\ud835\udde2, \ud835\udfed \ud835\udddd\ud835\udde8\ud835\udde1\ud835\udddb\ud835\udde2<\/p>\n<p>\ud835\udde6\ud835\udde8\ud835\uddd5-\ud835\udfec\ud835\udff2<br \/>\nCONCENTRA\u00c7\u00c3O FINAL SUB7 AF SANTAR\u00c9M<br \/>\nCA Riachense &#8220;A&#8221;, CADE, EFC Ouriquense, EF GD Benavente e QT Rio Maior<br \/>\nLocal: Gl\u00f3ria do Ribatejo, pelas 15h00<\/p>\n<p>\ud835\udde6\ud835\udde8\ud835\uddd5-\ud835\udfec\ud835\udff3<br \/>\nCONCENTRA\u00c7\u00c3O FINAL AF SANTAR\u00c9M<br \/>\nCA Riachense &#8220;B&#8221;, CCRD Mo\u00e7arriense, EF GD Benavente, GD Marinhais e UD Santar\u00e9m &#8220;A&#8221;<br \/>\nLocal: Gl\u00f3ria do Ribatejo, pelas 15h00<\/p>\n<p>\ud835\udde6\ud835\udde8\ud835\uddd5-\ud835\udfec\ud835\udff4<br \/>\nTORNEIO CASTRENSE CUP (DIA #03)<br \/>\nLocal: Castro Verde<\/p>\n<p>\ud835\udde6\ud835\udde8\ud835\uddd5-\ud835\udfec\ud835\udff5<br \/>\nTORNEIO CASTRENSE CUP (DIA #03)<br \/>\nLocal: Castro Verde<\/p>\n<p>\ud835\udde6\ud835\udde8\ud835\uddd5-\ud835\udfed\ud835\udfed<br \/>\nTORNEIO CASTRENSE CUP (DIA #03)<br \/>\nLocal: Castro Verde<\/p>\n<p>\ud835\udddc\ud835\udde1\ud835\uddd9\ud835\uddd4\ud835\udde1\ud835\udde7\ud835\udddc\ud835\udde6 &#8220;\ud835\uddd4&#8221;<br \/>\nTORNEIO VALE ENCANTADO CUP<br \/>\nCRD Arrudense, CD Mafra, AD Carregado, EF GD Benavente, CD Salvaterrense e SC Sacavenense<br \/>\nLocal: Arruda dos Vinhos, pelas 15h00<\/p>\n<p>\ud835\udddc\ud835\udde1\ud835\udddc\ud835\uddd6\ud835\udddc\ud835\uddd4\ud835\uddd7\ud835\udde2\ud835\udde6 &#8220;\ud835\uddd5&#8221;<br \/>\nCAMPEONATO AF SANTAR\u00c9M<br \/>\nVFC Mindense \ud83c\udd9a EF GD Benavente<br \/>\nLocal: Campo VFC Mindense, pelas 10h00<\/p>\n<p>\ud835\udddc\ud835\udde1\ud835\udddc\ud835\uddd6\ud835\udddc\ud835\uddd4\ud835\uddd7\ud835\udde2\ud835\udde6 &#8220;\ud835\uddd4&#8221;<br \/>\nCAMPEONATO 1\u00aa DIVIS\u00c3O AFS (AP. CAMPE\u00c3O)<br \/>\nEF GD Benavente \ud83c\udd9a AA Santar\u00e9m &#8220;B&#8221;<br \/>\nLocal: Complexo dos Camarinhais, pelas 10h00<\/p>\n","protected":false},"excerpt":{"rendered":"<p>\ud835\udde4\ud835\udde8\ud835\udddc\ud835\udde1\ud835\udde7\ud835\uddd4-\ud835\uddd9\ud835\uddd8\ud835\udddc\ud835\udde5\ud835\uddd4, \ud835\udfee\ud835\udff5 \ud835\udde0\ud835\uddd4\ud835\udddc\ud835\udde2 \ud835\udddc\ud835\udde1\ud835\uddd9\ud835\uddd4\ud835\udde1\ud835\udde7\ud835\udddc\ud835\udde6 &#8220;\ud835\uddd6&#8221; CAMPEONATO AF SANTAR\u00c9M GD Samora Correia &#8220;A&#8221; vs EF GD Benavente Local: Samora Correia, pelas 19h00 \ud835\udde6\ud835\uddd8\ud835\uddeb\ud835\udde7\ud835\uddd4-\ud835\uddd9\ud835\uddd8\ud835\udddc\ud835\udde5\ud835\uddd4, \ud835\udfef\ud835\udfec \ud835\udde0\ud835\uddd4\ud835\udddc\ud835\udde2 \ud835\udde6\ud835\udde8\ud835\uddd5-\ud835\udfec\ud835\udff4 TORNEIO CASTRENSE CUP (DIA #01) Local: Castro Verde \ud835\udde6\ud835\udde8\ud835\uddd5-\ud835\udfec\ud835\udff5 TORNEIO CASTRENSE CUP (DIA #01) Local: Castro Verde \ud835\udde6\ud835\udde8\ud835\uddd5-\ud835\udfed\ud835\udfed TORNEIO CASTRENSE CUP (DIA #01) Local: Castro Verde \ud835\udde6\ud835\uddd4\u0301\ud835\uddd5\ud835\uddd4\ud835\uddd7\ud835\udde2, \ud835\udfef\ud835\udfed \ud835\udde0\ud835\uddd4\ud835\udddc\ud835\udde2 \ud835\udde6\ud835\udde8\ud835\uddd5-\ud835\udfec\ud835\udff2 [&hellip;]<\/p>\n","protected":false},"author":3,"featured_media":39903,"comment_status":"closed","ping_status":"closed","template":"","meta":{"_vp_format_video_url":"","_vp_image_focal_point":[]},"tags":[16,124,12,1107],"mec_category":[1111],"class_list":["post-74052","mec-events","type-mec-events","status-publish","has-post-thumbnail","hentry","tag-benavente","tag-desporto","tag-futebol","tag-gdb","mec_category-futebol"],"_links":{"self":[{"href":"https:\/\/www.cm-benavente.pt\/index.php\/wp-json\/wp\/v2\/mec-events\/74052","targetHints":{"allow":["GET"]}}],"collection":[{"href":"https:\/\/www.cm-benavente.pt\/index.php\/wp-json\/wp\/v2\/mec-events"}],"about":[{"href":"https:\/\/www.cm-benavente.pt\/index.php\/wp-json\/wp\/v2\/types\/mec-events"}],"author":[{"embeddable":true,"href":"https:\/\/www.cm-benavente.pt\/index.php\/wp-json\/wp\/v2\/users\/3"}],"replies":[{"embeddable":true,"href":"https:\/\/www.cm-benavente.pt\/index.php\/wp-json\/wp\/v2\/comments?post=74052"}],"version-history":[{"count":1,"href":"https:\/\/www.cm-benavente.pt\/index.php\/wp-json\/wp\/v2\/mec-events\/74052\/revisions"}],"predecessor-version":[{"id":74053,"href":"https:\/\/www.cm-benavente.pt\/index.php\/wp-json\/wp\/v2\/mec-events\/74052\/revisions\/74053"}],"wp:featuredmedia":[{"embeddable":true,"href":"https:\/\/www.cm-benavente.pt\/index.php\/wp-json\/wp\/v2\/media\/39903"}],"wp:attachment":[{"href":"https:\/\/www.cm-benavente.pt\/index.php\/wp-json\/wp\/v2\/media?parent=74052"}],"wp:term":[{"taxonomy":"post_tag","embeddable":true,"href":"https:\/\/www.cm-benavente.pt\/index.php\/wp-json\/wp\/v2\/tags?post=74052"},{"taxonomy":"mec_category","embeddable":true,"href":"https:\/\/www.cm-benavente.pt\/index.php\/wp-json\/wp\/v2\/mec_category?post=74052"}],"curies":[{"name":"wp","href":"https:\/\/api.w.org\/{rel}","templated":true}]}}

<p>𝗤𝗨𝗜𝗡𝗧𝗔-𝗙𝗘𝗜𝗥𝗔, 𝟮𝟵 𝗠𝗔𝗜𝗢</p>
<p>𝗜𝗡𝗙𝗔𝗡𝗧𝗜𝗦 &#8220;𝗖&#8221;<br />
CAMPEONATO AF SANTARÉM<br />
GD Samora Correia &#8220;A&#8221; vs EF GD Benavente<br />
Local: Samora Correia, pelas 19h00</p>
<p>𝗦𝗘𝗫𝗧𝗔-𝗙𝗘𝗜𝗥𝗔, 𝟯𝟬 𝗠𝗔𝗜𝗢</p>
<p>𝗦𝗨𝗕-𝟬𝟴<br />
TORNEIO CASTRENSE CUP (DIA #01)<br />
Local: Castro Verde</p>
<p>𝗦𝗨𝗕-𝟬𝟵<br />
TORNEIO CASTRENSE CUP (DIA #01)<br />
Local: Castro Verde</p>
<p>𝗦𝗨𝗕-𝟭𝟭<br />
TORNEIO CASTRENSE CUP (DIA #01)<br />
Local: Castro Verde</p>
<p>𝗦𝗔́𝗕𝗔𝗗𝗢, 𝟯𝟭 𝗠𝗔𝗜𝗢</p>
<p>𝗦𝗨𝗕-𝟬𝟲<br />
TORNEIO McDONALDS<br />
AA Santarém, EF GD Benavente, Footkart e GD Samora Correia<br />
Local: Escola Superior Agrária Santarém, pelas 15h00</p>
<p>𝗦𝗨𝗕-𝟬𝟳<br />
TORNEIO McDONALDS<br />
AA Santarém, EF GD Benavente, CA Riachense, CD Salvaterrense, CD &#8220;Águias&#8221;<br />
Local: Escola Superior Agrária Santarém, pelas 15h00</p>
<p>𝗦𝗨𝗕-𝟬𝟴<br />
TORNEIO CASTRENSE CUP (DIA #02)<br />
Local: Castro Verde</p>
<p>𝗦𝗨𝗕-𝟬𝟵<br />
TORNEIO CASTRENSE CUP (DIA #02)<br />
Local: Castro Verde</p>
<p>𝗦𝗨𝗕-𝟭𝟭<br />
TORNEIO CASTRENSE CUP (DIA #02)<br />
Local: Castro Verde</p>
<p>𝗦𝗨𝗕-𝟭𝟬 &#8220;𝗕&#8221;<br />
ENCONTRO DE CLUBES<br />
EF GD Benavente, GUS Montemor &#8220;B&#8221;, Ac. Tojal<br />
Local: Complexo dos Camarinhais, pelas 09h30</p>
<p>𝗦𝗨𝗕-𝟭𝟬 &#8220;𝗔&#8221;<br />
ENCONTRO DE CLUBES<br />
EF GD Benavente, GUS Montemor &#8220;A&#8221; e EF Belenenses<br />
Local: Complexo dos Camarinhais, pelas 09h30</p>
<p>𝗜𝗡𝗙𝗔𝗡𝗧𝗜𝗦 &#8220;𝗔&#8221;<br />
CAMPEONATO AF SANTARÉM (AP. CAMPEÃO)<br />
EFC Alcanena &#8220;A&#8221; 🆚 EF GD Benavente<br />
Local: Campo dos Bugalhos, pelas 10h30</p>
<p>𝗗𝗢𝗠𝗜𝗡𝗚𝗢, 𝟭 𝗝𝗨𝗡𝗛𝗢</p>
<p>𝗦𝗨𝗕-𝟬𝟲<br />
CONCENTRAÇÃO FINAL SUB7 AF SANTARÉM<br />
CA Riachense &#8220;A&#8221;, CADE, EFC Ouriquense, EF GD Benavente e QT Rio Maior<br />
Local: Glória do Ribatejo, pelas 15h00</p>
<p>𝗦𝗨𝗕-𝟬𝟳<br />
CONCENTRAÇÃO FINAL AF SANTARÉM<br />
CA Riachense &#8220;B&#8221;, CCRD Moçarriense, EF GD Benavente, GD Marinhais e UD Santarém &#8220;A&#8221;<br />
Local: Glória do Ribatejo, pelas 15h00</p>
<p>𝗦𝗨𝗕-𝟬𝟴<br />
TORNEIO CASTRENSE CUP (DIA #03)<br />
Local: Castro Verde</p>
<p>𝗦𝗨𝗕-𝟬𝟵<br />
TORNEIO CASTRENSE CUP (DIA #03)<br />
Local: Castro Verde</p>
<p>𝗦𝗨𝗕-𝟭𝟭<br />
TORNEIO CASTRENSE CUP (DIA #03)<br />
Local: Castro Verde</p>
<p>𝗜𝗡𝗙𝗔𝗡𝗧𝗜𝗦 &#8220;𝗔&#8221;<br />
TORNEIO VALE ENCANTADO CUP<br />
CRD Arrudense, CD Mafra, AD Carregado, EF GD Benavente, CD Salvaterrense e SC Sacavenense<br />
Local: Arruda dos Vinhos, pelas 15h00</p>
<p>𝗜𝗡𝗜𝗖𝗜𝗔𝗗𝗢𝗦 &#8220;𝗕&#8221;<br />
CAMPEONATO AF SANTARÉM<br />
VFC Mindense 🆚 EF GD Benavente<br />
Local: Campo VFC Mindense, pelas 10h00</p>
<p>𝗜𝗡𝗜𝗖𝗜𝗔𝗗𝗢𝗦 &#8220;𝗔&#8221;<br />
CAMPEONATO 1ª DIVISÃO AFS (AP. CAMPEÃO)<br />
EF GD Benavente 🆚 AA Santarém &#8220;B&#8221;<br />
Local: Complexo dos Camarinhais, pelas 10h00</p>

<p>𝗤𝗨𝗜𝗡𝗧𝗔-𝗙𝗘𝗜𝗥𝗔, 𝟮𝟵 𝗠𝗔𝗜𝗢 𝗜𝗡𝗙𝗔𝗡𝗧𝗜𝗦 &#8220;𝗖&#8221; CAMPEONATO AF SANTARÉM GD Samora Correia &#8220;A&#8221; vs EF GD Benavente Local: Samora Correia, pelas 19h00 𝗦𝗘𝗫𝗧𝗔-𝗙𝗘𝗜𝗥𝗔, 𝟯𝟬 𝗠𝗔𝗜𝗢 𝗦𝗨𝗕-𝟬𝟴 TORNEIO CASTRENSE CUP (DIA #01) Local: Castro Verde 𝗦𝗨𝗕-𝟬𝟵 TORNEIO CASTRENSE CUP (DIA #01) Local: Castro Verde 𝗦𝗨𝗕-𝟭𝟭 TORNEIO CASTRENSE CUP (DIA #01) Local: Castro Verde 𝗦𝗔́𝗕𝗔𝗗𝗢, 𝟯𝟭 𝗠𝗔𝗜𝗢 𝗦𝗨𝗕-𝟬𝟲 [&hellip;]</p>
