{"id":73739,"date":"2025-05-26T10:49:17","date_gmt":"2025-05-26T10:49:17","guid":{"rendered":"https:\/\/www.cm-benavente.pt\/?post_type=mec-events&#038;p=73739"},"modified":"2025-05-26T10:49:17","modified_gmt":"2025-05-26T10:49:17","slug":"espetaculo-musical-para-angariacao-de-fundos-para-restauro-da-igreja-da-misericordia-de-samora-correia","status":"publish","type":"mec-events","link":"https:\/\/www.cm-benavente.pt\/index.php\/events\/espetaculo-musical-para-angariacao-de-fundos-para-restauro-da-igreja-da-misericordia-de-samora-correia\/","title":{"rendered":"Espet\u00e1culo Musical para angaria\u00e7\u00e3o de fundos para restauro da Igreja da Miseric\u00f3rdia de Samora Correia"},"content":{"rendered":"<p><strong>Espet\u00e1culo Musical para angaria\u00e7\u00e3o de fundos para restauro da Igreja da Miseric\u00f3rdia de Samora Correia<\/strong><\/p>\n<p><strong>31 de maio \u00e0s 21:30h<\/strong> no Centro Cultural de Samora Correia<\/p>\n<p><strong>Convidados:<\/strong> Grupo Musical Duralex e Tenor Pedro Tavares<\/p>\n<p><strong>Apresenta\u00e7\u00e3o:<\/strong> Jos\u00e9 Alberto Marques<\/p>\n<p><strong>Entrada:<\/strong> 10 Telhas<\/p>\n<p><strong>Organiza\u00e7\u00e3o:<\/strong> Par\u00f3quia de Samora Correia<\/p>\n<p>&nbsp;<\/p>\n<p><a href=\"https:\/\/www.cm-benavente.pt\/wp-content\/uploads\/2025\/05\/espetaculo-musical-angariacao-igreja-samora.jpg\"><img fetchpriority=\"high\" decoding=\"async\" class=\"alignnone size-full wp-image-73740\" src=\"https:\/\/www.cm-benavente.pt\/wp-content\/uploads\/2025\/05\/espetaculo-musical-angariacao-igreja-samora.jpg\" alt=\"\" width=\"631\" height=\"897\" srcset=\"https:\/\/www.cm-benavente.pt\/wp-content\/uploads\/2025\/05\/espetaculo-musical-angariacao-igreja-samora.jpg 631w, https:\/\/www.cm-benavente.pt\/wp-content\/uploads\/2025\/05\/espetaculo-musical-angariacao-igreja-samora-211x300.jpg 211w, https:\/\/www.cm-benavente.pt\/wp-content\/uploads\/2025\/05\/espetaculo-musical-angariacao-igreja-samora-500x711.jpg 500w\" sizes=\"(max-width: 631px) 100vw, 631px\" \/><\/a><\/p>\n","protected":false},"excerpt":{"rendered":"<p>Espet\u00e1culo Musical para angaria\u00e7\u00e3o de fundos para restauro da Igreja da Miseric\u00f3rdia de Samora Correia 31 de maio \u00e0s 21:30h no Centro Cultural de Samora Correia Convidados: Grupo Musical Duralex e Tenor Pedro Tavares Apresenta\u00e7\u00e3o: Jos\u00e9 Alberto Marques Entrada: 10 Telhas Organiza\u00e7\u00e3o: Par\u00f3quia de Samora Correia &nbsp;<\/p>\n","protected":false},"author":3,"featured_media":73741,"comment_status":"closed","ping_status":"closed","template":"","meta":{"_vp_format_video_url":"","_vp_image_focal_point":[]},"tags":[2058,37,2917,4,2461,903,27],"mec_category":[464],"class_list":["post-73739","mec-events","type-mec-events","status-publish","has-post-thumbnail","hentry","tag-angariacao-de-fundos","tag-concerto","tag-igreja-da-misericordia","tag-musica","tag-paroquia","tag-restauro","tag-samora-correia","mec_category-musica"],"_links":{"self":[{"href":"https:\/\/www.cm-benavente.pt\/index.php\/wp-json\/wp\/v2\/mec-events\/73739","targetHints":{"allow":["GET"]}}],"collection":[{"href":"https:\/\/www.cm-benavente.pt\/index.php\/wp-json\/wp\/v2\/mec-events"}],"about":[{"href":"https:\/\/www.cm-benavente.pt\/index.php\/wp-json\/wp\/v2\/types\/mec-events"}],"author":[{"embeddable":true,"href":"https:\/\/www.cm-benavente.pt\/index.php\/wp-json\/wp\/v2\/users\/3"}],"replies":[{"embeddable":true,"href":"https:\/\/www.cm-benavente.pt\/index.php\/wp-json\/wp\/v2\/comments?post=73739"}],"version-history":[{"count":1,"href":"https:\/\/www.cm-benavente.pt\/index.php\/wp-json\/wp\/v2\/mec-events\/73739\/revisions"}],"predecessor-version":[{"id":73742,"href":"https:\/\/www.cm-benavente.pt\/index.php\/wp-json\/wp\/v2\/mec-events\/73739\/revisions\/73742"}],"wp:featuredmedia":[{"embeddable":true,"href":"https:\/\/www.cm-benavente.pt\/index.php\/wp-json\/wp\/v2\/media\/73741"}],"wp:attachment":[{"href":"https:\/\/www.cm-benavente.pt\/index.php\/wp-json\/wp\/v2\/media?parent=73739"}],"wp:term":[{"taxonomy":"post_tag","embeddable":true,"href":"https:\/\/www.cm-benavente.pt\/index.php\/wp-json\/wp\/v2\/tags?post=73739"},{"taxonomy":"mec_category","embeddable":true,"href":"https:\/\/www.cm-benavente.pt\/index.php\/wp-json\/wp\/v2\/mec_category?post=73739"}],"curies":[{"name":"wp","href":"https:\/\/api.w.org\/{rel}","templated":true}]}}

Espetáculo Musical para angariação de fundos para restauro da Igreja da Misericórdia de Samora Correia

<p><strong>Espetáculo Musical para angariação de fundos para restauro da Igreja da Misericórdia de Samora Correia</strong></p>
<p><strong>31 de maio às 21:30h</strong> no Centro Cultural de Samora Correia</p>
<p><strong>Convidados:</strong> Grupo Musical Duralex e Tenor Pedro Tavares</p>
<p><strong>Apresentação:</strong> José Alberto Marques</p>
<p><strong>Entrada:</strong> 10 Telhas</p>
<p><strong>Organização:</strong> Paróquia de Samora Correia</p>
<p>&nbsp;</p>
<p><a href="https://www.cm-benavente.pt/wp-content/uploads/2025/05/espetaculo-musical-angariacao-igreja-samora.jpg"><img fetchpriority="high" decoding="async" class="alignnone size-full wp-image-73740" src="https://www.cm-benavente.pt/wp-content/uploads/2025/05/espetaculo-musical-angariacao-igreja-samora.jpg" alt="" width="631" height="897" srcset="https://www.cm-benavente.pt/wp-content/uploads/2025/05/espetaculo-musical-angariacao-igreja-samora.jpg 631w, https://www.cm-benavente.pt/wp-content/uploads/2025/05/espetaculo-musical-angariacao-igreja-samora-211x300.jpg 211w, https://www.cm-benavente.pt/wp-content/uploads/2025/05/espetaculo-musical-angariacao-igreja-samora-500x711.jpg 500w" sizes="(max-width: 631px) 100vw, 631px" /></a></p>

<p>Espetáculo Musical para angariação de fundos para restauro da Igreja da Misericórdia de Samora Correia 31 de maio às 21:30h no Centro Cultural de Samora Correia Convidados: Grupo Musical Duralex e Tenor Pedro Tavares Apresentação: José Alberto Marques Entrada: 10 Telhas Organização: Paróquia de Samora Correia &nbsp;</p>
