{"id":73679,"date":"2025-05-26T08:42:59","date_gmt":"2025-05-26T08:42:59","guid":{"rendered":"https:\/\/www.cm-benavente.pt\/?post_type=mec-events&#038;p=73679"},"modified":"2025-05-26T08:42:59","modified_gmt":"2025-05-26T08:42:59","slug":"arraial-do-lobito","status":"publish","type":"mec-events","link":"https:\/\/www.cm-benavente.pt\/index.php\/events\/arraial-do-lobito\/","title":{"rendered":"Arraial do Lobito"},"content":{"rendered":"<p><strong>Arraial do Lobito<\/strong><\/p>\n<p><strong>07 de junho a partir das 18:00h<\/strong> na Pra\u00e7a da Rep\u00fablica, Samora Correia<\/p>\n<p>Sardinhas, Bifanas, Doces e Manjericos.<\/p>\n<p>Anima\u00e7\u00e3o Musical<\/p>\n<p><strong>Entrada gratuita<\/strong><\/p>\n<p><strong>Organiza\u00e7\u00e3o:<\/strong> Agrupamento 1127 Samora Correia &#8211; Corpo Nacional de Escutas<\/p>\n<p>&nbsp;<\/p>\n<p><a href=\"https:\/\/www.cm-benavente.pt\/wp-content\/uploads\/2025\/05\/Arraial-Lobito-scaled.jpg\"><img fetchpriority=\"high\" decoding=\"async\" class=\"alignnone size-large wp-image-73680\" src=\"https:\/\/www.cm-benavente.pt\/wp-content\/uploads\/2025\/05\/Arraial-Lobito-724x1024.jpg\" alt=\"\" width=\"724\" height=\"1024\" srcset=\"https:\/\/www.cm-benavente.pt\/wp-content\/uploads\/2025\/05\/Arraial-Lobito-724x1024.jpg 724w, https:\/\/www.cm-benavente.pt\/wp-content\/uploads\/2025\/05\/Arraial-Lobito-212x300.jpg 212w, https:\/\/www.cm-benavente.pt\/wp-content\/uploads\/2025\/05\/Arraial-Lobito-768x1086.jpg 768w, https:\/\/www.cm-benavente.pt\/wp-content\/uploads\/2025\/05\/Arraial-Lobito-1086x1536.jpg 1086w, https:\/\/www.cm-benavente.pt\/wp-content\/uploads\/2025\/05\/Arraial-Lobito-1448x2048.jpg 1448w, https:\/\/www.cm-benavente.pt\/wp-content\/uploads\/2025\/05\/Arraial-Lobito-500x707.jpg 500w, https:\/\/www.cm-benavente.pt\/wp-content\/uploads\/2025\/05\/Arraial-Lobito-800x1131.jpg 800w, https:\/\/www.cm-benavente.pt\/wp-content\/uploads\/2025\/05\/Arraial-Lobito-1280x1810.jpg 1280w, https:\/\/www.cm-benavente.pt\/wp-content\/uploads\/2025\/05\/Arraial-Lobito-1920x2715.jpg 1920w, https:\/\/www.cm-benavente.pt\/wp-content\/uploads\/2025\/05\/Arraial-Lobito-scaled.jpg 1810w\" sizes=\"(max-width: 724px) 100vw, 724px\" \/><\/a><\/p>\n","protected":false},"excerpt":{"rendered":"<p>Arraial do Lobito 07 de junho a partir das 18:00h na Pra\u00e7a da Rep\u00fablica, Samora Correia Sardinhas, Bifanas, Doces e Manjericos. Anima\u00e7\u00e3o Musical Entrada gratuita Organiza\u00e7\u00e3o: Agrupamento 1127 Samora Correia &#8211; Corpo Nacional de Escutas &nbsp;<\/p>\n","protected":false},"author":3,"featured_media":73681,"comment_status":"closed","ping_status":"closed","template":"","meta":{"_vp_format_video_url":"","_vp_image_focal_point":[]},"tags":[1474,1130,700,2911,2912,4,27],"mec_category":[467],"class_list":["post-73679","mec-events","type-mec-events","status-publish","has-post-thumbnail","hentry","tag-arraial","tag-escuteiros","tag-gastronomia","tag-lobito","tag-manjericos","tag-musica","tag-samora-correia","mec_category-geral"],"_links":{"self":[{"href":"https:\/\/www.cm-benavente.pt\/index.php\/wp-json\/wp\/v2\/mec-events\/73679","targetHints":{"allow":["GET"]}}],"collection":[{"href":"https:\/\/www.cm-benavente.pt\/index.php\/wp-json\/wp\/v2\/mec-events"}],"about":[{"href":"https:\/\/www.cm-benavente.pt\/index.php\/wp-json\/wp\/v2\/types\/mec-events"}],"author":[{"embeddable":true,"href":"https:\/\/www.cm-benavente.pt\/index.php\/wp-json\/wp\/v2\/users\/3"}],"replies":[{"embeddable":true,"href":"https:\/\/www.cm-benavente.pt\/index.php\/wp-json\/wp\/v2\/comments?post=73679"}],"version-history":[{"count":1,"href":"https:\/\/www.cm-benavente.pt\/index.php\/wp-json\/wp\/v2\/mec-events\/73679\/revisions"}],"predecessor-version":[{"id":73682,"href":"https:\/\/www.cm-benavente.pt\/index.php\/wp-json\/wp\/v2\/mec-events\/73679\/revisions\/73682"}],"wp:featuredmedia":[{"embeddable":true,"href":"https:\/\/www.cm-benavente.pt\/index.php\/wp-json\/wp\/v2\/media\/73681"}],"wp:attachment":[{"href":"https:\/\/www.cm-benavente.pt\/index.php\/wp-json\/wp\/v2\/media?parent=73679"}],"wp:term":[{"taxonomy":"post_tag","embeddable":true,"href":"https:\/\/www.cm-benavente.pt\/index.php\/wp-json\/wp\/v2\/tags?post=73679"},{"taxonomy":"mec_category","embeddable":true,"href":"https:\/\/www.cm-benavente.pt\/index.php\/wp-json\/wp\/v2\/mec_category?post=73679"}],"curies":[{"name":"wp","href":"https:\/\/api.w.org\/{rel}","templated":true}]}}

<p><strong>Arraial do Lobito</strong></p>
<p><strong>07 de junho a partir das 18:00h</strong> na Praça da República, Samora Correia</p>
<p>Sardinhas, Bifanas, Doces e Manjericos.</p>
<p>Animação Musical</p>
<p><strong>Entrada gratuita</strong></p>
<p><strong>Organização:</strong> Agrupamento 1127 Samora Correia &#8211; Corpo Nacional de Escutas</p>
<p>&nbsp;</p>
<p><a href="https://www.cm-benavente.pt/wp-content/uploads/2025/05/Arraial-Lobito-scaled.jpg"><img fetchpriority="high" decoding="async" class="alignnone size-large wp-image-73680" src="https://www.cm-benavente.pt/wp-content/uploads/2025/05/Arraial-Lobito-724x1024.jpg" alt="" width="724" height="1024" srcset="https://www.cm-benavente.pt/wp-content/uploads/2025/05/Arraial-Lobito-724x1024.jpg 724w, https://www.cm-benavente.pt/wp-content/uploads/2025/05/Arraial-Lobito-212x300.jpg 212w, https://www.cm-benavente.pt/wp-content/uploads/2025/05/Arraial-Lobito-768x1086.jpg 768w, https://www.cm-benavente.pt/wp-content/uploads/2025/05/Arraial-Lobito-1086x1536.jpg 1086w, https://www.cm-benavente.pt/wp-content/uploads/2025/05/Arraial-Lobito-1448x2048.jpg 1448w, https://www.cm-benavente.pt/wp-content/uploads/2025/05/Arraial-Lobito-500x707.jpg 500w, https://www.cm-benavente.pt/wp-content/uploads/2025/05/Arraial-Lobito-800x1131.jpg 800w, https://www.cm-benavente.pt/wp-content/uploads/2025/05/Arraial-Lobito-1280x1810.jpg 1280w, https://www.cm-benavente.pt/wp-content/uploads/2025/05/Arraial-Lobito-1920x2715.jpg 1920w, https://www.cm-benavente.pt/wp-content/uploads/2025/05/Arraial-Lobito-scaled.jpg 1810w" sizes="(max-width: 724px) 100vw, 724px" /></a></p>

<p>Arraial do Lobito 07 de junho a partir das 18:00h na Praça da República, Samora Correia Sardinhas, Bifanas, Doces e Manjericos. Animação Musical Entrada gratuita Organização: Agrupamento 1127 Samora Correia &#8211; Corpo Nacional de Escutas &nbsp;</p>
