{"id":73649,"date":"2025-05-23T14:07:23","date_gmt":"2025-05-23T14:07:23","guid":{"rendered":"https:\/\/www.cm-benavente.pt\/?post_type=mec-events&#038;p=73649"},"modified":"2025-05-23T14:07:23","modified_gmt":"2025-05-23T14:07:23","slug":"gdb-jogos-24-e-25-maio-2025","status":"publish","type":"mec-events","link":"https:\/\/www.cm-benavente.pt\/index.php\/events\/gdb-jogos-24-e-25-maio-2025\/","title":{"rendered":"GDB | Jogos 24 e 25 maio 2025"},"content":{"rendered":"<p>\ud835\udde6<strong>\u00c1<\/strong>\ud835\uddd5\ud835\uddd4\ud835\uddd7\ud835\udde2, \ud835\udfee\ud835\udff0 \ud835\udde0\ud835\uddd4\ud835\udddc\ud835\udde2<\/p>\n<p>\ud835\udde6\ud835\udde8\ud835\uddd5-\ud835\udfec\ud835\udff3<br \/>\nENCONTRO DE ESCOLAS<br \/>\nCD Salvaterrense, UD Santar\u00e9m, SL Cartaxo e EF GD Benavente<br \/>\nLocal: Salvaterra de Magos, pelas 15h00<\/p>\n<p>\ud835\udde6\ud835\udde8\ud835\uddd5-\ud835\udfec\ud835\udff4<br \/>\nCONCENTRA\u00c7\u00c3O FINAL SUB-09 AF SANTAR\u00c9M<br \/>\nEF GD Benavente, CD Torres Novas, Alcanenense, CCRD Mo\u00e7arriense e GD Forense<br \/>\nLocal: Atalaia (Entroncamento), pelas 15h00<\/p>\n<p>\ud835\udde6\ud835\udde8\ud835\uddd5-\ud835\udfec\ud835\udff5<br \/>\nCONCENTRA\u00c7\u00c3O FINAL AF SANTAR\u00c9M<br \/>\nEF GD Benavente, UD Atalaiense, NS Rio Maior, CD Vilarense, UD Santar\u00e9m e CB Abrantes<br \/>\nLocal: Atalaia (Entroncamento), pelas 15h00<\/p>\n<p>\ud835\udde6\ud835\udde8\ud835\uddd5-\ud835\udfec\ud835\udff5<br \/>\nENCONTRO DE ESCOLAS (FUTEBOL 7)<br \/>\nGD Samora Correia, EF GD Benavente e Lusitano \u00c9vora<br \/>\nLocal: Samora Correia, pelas 10h00<\/p>\n<p>\ud835\udde6\ud835\udde8\ud835\uddd5-\ud835\udfed\ud835\udfec &#8220;\ud835\uddd5&#8221;<br \/>\nJOGO PARTICULAR \/ PREPARA\u00c7\u00c3O<br \/>\nEF GD Benavente vs CD &#8220;Os \u00c1guias&#8221;<br \/>\nLocal: Complexo dos Camarinhais, pelas 09h30<\/p>\n<p>\ud835\udde6\ud835\udde8\ud835\uddd5-\ud835\udfed\ud835\udfec &#8220;\ud835\uddd4&#8221;<br \/>\nJOGO PARTICULAR \/ PREPARA\u00c7\u00c3O<br \/>\nEF GD Benavente vs CD Salvaterrense<br \/>\nLocal: Complexo dos Camarinhais, pelas 11h00<\/p>\n<p>\ud835\udde6\ud835\udde8\ud835\uddd5-\ud835\udfed\ud835\udfed &#8220;\ud835\uddd5&#8221;<br \/>\nJOGO PARTICULAR \/ PREPARA\u00c7\u00c3O<br \/>\nAA Santar\u00e9m vs EF GD Benavente<br \/>\nLocal: Escola Superior Agr\u00e1ria, pelas 10h30<\/p>\n<p>\ud835\udde6\ud835\udde8\ud835\uddd5-\ud835\udfed\ud835\udfed &#8220;\ud835\uddd4&#8221;<br \/>\nJOGO PARTICULAR \/ PREPARA\u00c7\u00c3O<br \/>\nEF GD Benavente vs CD &#8220;Os \u00c1guias&#8221;<br \/>\nLocal: Complexo dos Camarinhais, pelas 11h45<\/p>\n<p>\ud835\udddc\ud835\udde1\ud835\uddd9\ud835\uddd4\ud835\udde1\ud835\udde7\ud835\udddc\ud835\udde6 &#8220;\ud835\uddd6&#8221;<br \/>\nCAMPEONATO AF SANTAR\u00c9M<br \/>\nFootkart &#8220;B&#8221; vs EF GD Benavente &#8220;C&#8221;<br \/>\nLocal: Est\u00e1dio Municipal de Almeirim, pelas 11h00<\/p>\n<p>\ud835\udddc\ud835\udde1\ud835\uddd9\ud835\uddd4\ud835\udde1\ud835\udde7\ud835\udddc\ud835\udde6 &#8220;\ud835\uddd5&#8221;<br \/>\nCAMPEONATO AF SANTAR\u00c9M<br \/>\nGD Samora Correia &#8220;B&#8221; vs EF GD Benavente<br \/>\nLocal: Samora Correia, pelas 9h00<\/p>\n<p>\ud835\udddc\ud835\udde1\ud835\uddd9\ud835\uddd4\ud835\udde1\ud835\udde7\ud835\udddc\ud835\udde6 &#8220;\ud835\uddd4&#8221;<br \/>\nCAMPEONATO AF SANTAR\u00c9M (AP. CAMPE\u00c3O)<br \/>\nEF GD Benavente vs AA Santar\u00e9m &#8220;A&#8221;<br \/>\nLocal: Complexo dos Camarinhais, pelas 10h30<\/p>\n<p>\ud835\udddd\ud835\udde8\ud835\udde9\ud835\uddd8\ud835\udde1\ud835\udddc\ud835\udde6<br \/>\nJOGO PARTICULAR \/ PREPARA\u00c7\u00c3O<br \/>\nGUS vs EF GD Benavente<br \/>\nEst\u00e1dio 1.\u00ba Maio, Montemor-o-Novo, pelas 16h00<\/p>\n<p>\ud835\uddd7\ud835\udde2\ud835\udde0\ud835\udddc\ud835\udde1\ud835\uddda\ud835\udde2, \ud835\udfee\ud835\udff1 \ud835\udde0\ud835\uddd4\ud835\udddc\ud835\udde2<\/p>\n<p>\ud835\udde6\ud835\udde8\ud835\uddd5-\ud835\udfec\ud835\udff2<br \/>\nCONCENTRA\u00c7\u00c3O FINAL AF SANTAR\u00c9M (MANH\u00c3)<br \/>\nEF GD Benavente, ADRC Vasco da Gama, NS Rio Maior, AA Santar\u00e9m, CA Riachense, UD Santar\u00e9m, UD Atalaiense, UFCI Tomar, QT Rio Maior e CD Torres Novas<br \/>\nLocal: Est\u00e1dio Municipal de Almeirim, pelas 10h15<\/p>\n<p>\ud835\udde6\ud835\udde8\ud835\uddd5-\ud835\udfec\ud835\udff4<br \/>\nJOGO PARTICULAR \/ PREPARA\u00c7\u00c3O (FUTEBOL 7)<br \/>\nFC Barreirense vs EF GD Benavente<br \/>\nLocal: Barreiro, pelas 10h00<\/p>\n<p>\ud835\udddc\ud835\udde1\ud835\udddc\ud835\uddd6\ud835\udddc\ud835\uddd4\ud835\uddd7\ud835\udde2\ud835\udde6 &#8220;\ud835\uddd5&#8221;<br \/>\nCAMPEONATO AF SANTAR\u00c9M<br \/>\nVasco da Gama &#8220;A&#8221; vs EF GD Benavente<br \/>\nLocal: Boleiros (F\u00e1tima), pelas 10h00<\/p>\n<p>\ud835\udddc\ud835\udde1\ud835\udddc\ud835\uddd6\ud835\udddc\ud835\uddd4\ud835\uddd7\ud835\udde2\ud835\udde6 &#8220;\ud835\uddd4&#8221;<br \/>\nCAMPEONATO 1\u00aa DIVIS\u00c2O AFS (AP. CAMPE\u00c3O)<br \/>\nCA Riachense &#8220;A&#8221; vs EF GD Benavente<br \/>\nLocal: Riachos, pelas 11h00<\/p>\n","protected":false},"excerpt":{"rendered":"<p>\ud835\udde6\u00c1\ud835\uddd5\ud835\uddd4\ud835\uddd7\ud835\udde2, \ud835\udfee\ud835\udff0 \ud835\udde0\ud835\uddd4\ud835\udddc\ud835\udde2 \ud835\udde6\ud835\udde8\ud835\uddd5-\ud835\udfec\ud835\udff3 ENCONTRO DE ESCOLAS CD Salvaterrense, UD Santar\u00e9m, SL Cartaxo e EF GD Benavente Local: Salvaterra de Magos, pelas 15h00 \ud835\udde6\ud835\udde8\ud835\uddd5-\ud835\udfec\ud835\udff4 CONCENTRA\u00c7\u00c3O FINAL SUB-09 AF SANTAR\u00c9M EF GD Benavente, CD Torres Novas, Alcanenense, CCRD Mo\u00e7arriense e GD Forense Local: Atalaia (Entroncamento), pelas 15h00 \ud835\udde6\ud835\udde8\ud835\uddd5-\ud835\udfec\ud835\udff5 CONCENTRA\u00c7\u00c3O FINAL AF SANTAR\u00c9M EF GD Benavente, UD [&hellip;]<\/p>\n","protected":false},"author":3,"featured_media":39903,"comment_status":"closed","ping_status":"closed","template":"","meta":{"_vp_format_video_url":"","_vp_image_focal_point":[]},"tags":[16,124,12,1107],"mec_category":[1111],"class_list":["post-73649","mec-events","type-mec-events","status-publish","has-post-thumbnail","hentry","tag-benavente","tag-desporto","tag-futebol","tag-gdb","mec_category-futebol"],"_links":{"self":[{"href":"https:\/\/www.cm-benavente.pt\/index.php\/wp-json\/wp\/v2\/mec-events\/73649","targetHints":{"allow":["GET"]}}],"collection":[{"href":"https:\/\/www.cm-benavente.pt\/index.php\/wp-json\/wp\/v2\/mec-events"}],"about":[{"href":"https:\/\/www.cm-benavente.pt\/index.php\/wp-json\/wp\/v2\/types\/mec-events"}],"author":[{"embeddable":true,"href":"https:\/\/www.cm-benavente.pt\/index.php\/wp-json\/wp\/v2\/users\/3"}],"replies":[{"embeddable":true,"href":"https:\/\/www.cm-benavente.pt\/index.php\/wp-json\/wp\/v2\/comments?post=73649"}],"version-history":[{"count":2,"href":"https:\/\/www.cm-benavente.pt\/index.php\/wp-json\/wp\/v2\/mec-events\/73649\/revisions"}],"predecessor-version":[{"id":73651,"href":"https:\/\/www.cm-benavente.pt\/index.php\/wp-json\/wp\/v2\/mec-events\/73649\/revisions\/73651"}],"wp:featuredmedia":[{"embeddable":true,"href":"https:\/\/www.cm-benavente.pt\/index.php\/wp-json\/wp\/v2\/media\/39903"}],"wp:attachment":[{"href":"https:\/\/www.cm-benavente.pt\/index.php\/wp-json\/wp\/v2\/media?parent=73649"}],"wp:term":[{"taxonomy":"post_tag","embeddable":true,"href":"https:\/\/www.cm-benavente.pt\/index.php\/wp-json\/wp\/v2\/tags?post=73649"},{"taxonomy":"mec_category","embeddable":true,"href":"https:\/\/www.cm-benavente.pt\/index.php\/wp-json\/wp\/v2\/mec_category?post=73649"}],"curies":[{"name":"wp","href":"https:\/\/api.w.org\/{rel}","templated":true}]}}

<p>𝗦<strong>Á</strong>𝗕𝗔𝗗𝗢, 𝟮𝟰 𝗠𝗔𝗜𝗢</p>
<p>𝗦𝗨𝗕-𝟬𝟳<br />
ENCONTRO DE ESCOLAS<br />
CD Salvaterrense, UD Santarém, SL Cartaxo e EF GD Benavente<br />
Local: Salvaterra de Magos, pelas 15h00</p>
<p>𝗦𝗨𝗕-𝟬𝟴<br />
CONCENTRAÇÃO FINAL SUB-09 AF SANTARÉM<br />
EF GD Benavente, CD Torres Novas, Alcanenense, CCRD Moçarriense e GD Forense<br />
Local: Atalaia (Entroncamento), pelas 15h00</p>
<p>𝗦𝗨𝗕-𝟬𝟵<br />
CONCENTRAÇÃO FINAL AF SANTARÉM<br />
EF GD Benavente, UD Atalaiense, NS Rio Maior, CD Vilarense, UD Santarém e CB Abrantes<br />
Local: Atalaia (Entroncamento), pelas 15h00</p>
<p>𝗦𝗨𝗕-𝟬𝟵<br />
ENCONTRO DE ESCOLAS (FUTEBOL 7)<br />
GD Samora Correia, EF GD Benavente e Lusitano Évora<br />
Local: Samora Correia, pelas 10h00</p>
<p>𝗦𝗨𝗕-𝟭𝟬 &#8220;𝗕&#8221;<br />
JOGO PARTICULAR / PREPARAÇÃO<br />
EF GD Benavente vs CD &#8220;Os Águias&#8221;<br />
Local: Complexo dos Camarinhais, pelas 09h30</p>
<p>𝗦𝗨𝗕-𝟭𝟬 &#8220;𝗔&#8221;<br />
JOGO PARTICULAR / PREPARAÇÃO<br />
EF GD Benavente vs CD Salvaterrense<br />
Local: Complexo dos Camarinhais, pelas 11h00</p>
<p>𝗦𝗨𝗕-𝟭𝟭 &#8220;𝗕&#8221;<br />
JOGO PARTICULAR / PREPARAÇÃO<br />
AA Santarém vs EF GD Benavente<br />
Local: Escola Superior Agrária, pelas 10h30</p>
<p>𝗦𝗨𝗕-𝟭𝟭 &#8220;𝗔&#8221;<br />
JOGO PARTICULAR / PREPARAÇÃO<br />
EF GD Benavente vs CD &#8220;Os Águias&#8221;<br />
Local: Complexo dos Camarinhais, pelas 11h45</p>
<p>𝗜𝗡𝗙𝗔𝗡𝗧𝗜𝗦 &#8220;𝗖&#8221;<br />
CAMPEONATO AF SANTARÉM<br />
Footkart &#8220;B&#8221; vs EF GD Benavente &#8220;C&#8221;<br />
Local: Estádio Municipal de Almeirim, pelas 11h00</p>
<p>𝗜𝗡𝗙𝗔𝗡𝗧𝗜𝗦 &#8220;𝗕&#8221;<br />
CAMPEONATO AF SANTARÉM<br />
GD Samora Correia &#8220;B&#8221; vs EF GD Benavente<br />
Local: Samora Correia, pelas 9h00</p>
<p>𝗜𝗡𝗙𝗔𝗡𝗧𝗜𝗦 &#8220;𝗔&#8221;<br />
CAMPEONATO AF SANTARÉM (AP. CAMPEÃO)<br />
EF GD Benavente vs AA Santarém &#8220;A&#8221;<br />
Local: Complexo dos Camarinhais, pelas 10h30</p>
<p>𝗝𝗨𝗩𝗘𝗡𝗜𝗦<br />
JOGO PARTICULAR / PREPARAÇÃO<br />
GUS vs EF GD Benavente<br />
Estádio 1.º Maio, Montemor-o-Novo, pelas 16h00</p>
<p>𝗗𝗢𝗠𝗜𝗡𝗚𝗢, 𝟮𝟱 𝗠𝗔𝗜𝗢</p>
<p>𝗦𝗨𝗕-𝟬𝟲<br />
CONCENTRAÇÃO FINAL AF SANTARÉM (MANHÃ)<br />
EF GD Benavente, ADRC Vasco da Gama, NS Rio Maior, AA Santarém, CA Riachense, UD Santarém, UD Atalaiense, UFCI Tomar, QT Rio Maior e CD Torres Novas<br />
Local: Estádio Municipal de Almeirim, pelas 10h15</p>
<p>𝗦𝗨𝗕-𝟬𝟴<br />
JOGO PARTICULAR / PREPARAÇÃO (FUTEBOL 7)<br />
FC Barreirense vs EF GD Benavente<br />
Local: Barreiro, pelas 10h00</p>
<p>𝗜𝗡𝗜𝗖𝗜𝗔𝗗𝗢𝗦 &#8220;𝗕&#8221;<br />
CAMPEONATO AF SANTARÉM<br />
Vasco da Gama &#8220;A&#8221; vs EF GD Benavente<br />
Local: Boleiros (Fátima), pelas 10h00</p>
<p>𝗜𝗡𝗜𝗖𝗜𝗔𝗗𝗢𝗦 &#8220;𝗔&#8221;<br />
CAMPEONATO 1ª DIVISÂO AFS (AP. CAMPEÃO)<br />
CA Riachense &#8220;A&#8221; vs EF GD Benavente<br />
Local: Riachos, pelas 11h00</p>

<p>𝗦Á𝗕𝗔𝗗𝗢, 𝟮𝟰 𝗠𝗔𝗜𝗢 𝗦𝗨𝗕-𝟬𝟳 ENCONTRO DE ESCOLAS CD Salvaterrense, UD Santarém, SL Cartaxo e EF GD Benavente Local: Salvaterra de Magos, pelas 15h00 𝗦𝗨𝗕-𝟬𝟴 CONCENTRAÇÃO FINAL SUB-09 AF SANTARÉM EF GD Benavente, CD Torres Novas, Alcanenense, CCRD Moçarriense e GD Forense Local: Atalaia (Entroncamento), pelas 15h00 𝗦𝗨𝗕-𝟬𝟵 CONCENTRAÇÃO FINAL AF SANTARÉM EF GD Benavente, UD [&hellip;]</p>
