{"id":73611,"date":"2025-05-23T13:33:04","date_gmt":"2025-05-23T13:33:04","guid":{"rendered":"https:\/\/www.cm-benavente.pt\/?post_type=mec-events&#038;p=73611"},"modified":"2025-05-23T13:33:04","modified_gmt":"2025-05-23T13:33:04","slug":"xiv-fim-de-semana-da-freguesia-de-santo-estevao","status":"publish","type":"mec-events","link":"https:\/\/www.cm-benavente.pt\/index.php\/events\/xiv-fim-de-semana-da-freguesia-de-santo-estevao\/","title":{"rendered":"XIV Fim de Semana da Freguesia de Santo Est\u00eav\u00e3o"},"content":{"rendered":"<p><strong>XIV Fim de Semana da Freguesia de Santo Est\u00eav\u00e3o<\/strong><\/p>\n<p><strong>30 de maio a 01 de junho<\/strong> na Freguesia de Santo Est\u00eav\u00e3o<\/p>\n<p>M\u00fasica | Tasquinhas | Anima\u00e7\u00e3o Infantil<\/p>\n<p><strong>Entrada gratuita<\/strong><\/p>\n<p><strong>Organiza\u00e7\u00e3o:<\/strong> Junta de Freguesia de Santo Est\u00eav\u00e3o<\/p>\n<p>&nbsp;<\/p>\n<p><a href=\"https:\/\/www.cm-benavente.pt\/wp-content\/uploads\/2025\/05\/XIV-Fim-de-semana-freguesia-santo-estevao.jpg\"><img fetchpriority=\"high\" decoding=\"async\" class=\"alignnone size-large wp-image-73612\" src=\"https:\/\/www.cm-benavente.pt\/wp-content\/uploads\/2025\/05\/XIV-Fim-de-semana-freguesia-santo-estevao-724x1024.jpg\" alt=\"\" width=\"724\" height=\"1024\" srcset=\"https:\/\/www.cm-benavente.pt\/wp-content\/uploads\/2025\/05\/XIV-Fim-de-semana-freguesia-santo-estevao-724x1024.jpg 724w, https:\/\/www.cm-benavente.pt\/wp-content\/uploads\/2025\/05\/XIV-Fim-de-semana-freguesia-santo-estevao-212x300.jpg 212w, https:\/\/www.cm-benavente.pt\/wp-content\/uploads\/2025\/05\/XIV-Fim-de-semana-freguesia-santo-estevao-768x1086.jpg 768w, https:\/\/www.cm-benavente.pt\/wp-content\/uploads\/2025\/05\/XIV-Fim-de-semana-freguesia-santo-estevao-1086x1536.jpg 1086w, https:\/\/www.cm-benavente.pt\/wp-content\/uploads\/2025\/05\/XIV-Fim-de-semana-freguesia-santo-estevao-500x707.jpg 500w, https:\/\/www.cm-benavente.pt\/wp-content\/uploads\/2025\/05\/XIV-Fim-de-semana-freguesia-santo-estevao-800x1131.jpg 800w, https:\/\/www.cm-benavente.pt\/wp-content\/uploads\/2025\/05\/XIV-Fim-de-semana-freguesia-santo-estevao-1280x1810.jpg 1280w, https:\/\/www.cm-benavente.pt\/wp-content\/uploads\/2025\/05\/XIV-Fim-de-semana-freguesia-santo-estevao.jpg 1448w\" sizes=\"(max-width: 724px) 100vw, 724px\" \/><\/a><\/p>\n","protected":false},"excerpt":{"rendered":"<p>XIV Fim de Semana da Freguesia de Santo Est\u00eav\u00e3o 30 de maio a 01 de junho na Freguesia de Santo Est\u00eav\u00e3o M\u00fasica | Tasquinhas | Anima\u00e7\u00e3o Infantil Entrada gratuita Organiza\u00e7\u00e3o: Junta de Freguesia de Santo Est\u00eav\u00e3o &nbsp;<\/p>\n","protected":false},"author":3,"featured_media":73613,"comment_status":"closed","ping_status":"closed","template":"","meta":{"_vp_format_video_url":"","_vp_image_focal_point":[]},"tags":[2123,1447,340,4,13,1475],"mec_category":[467],"class_list":["post-73611","mec-events","type-mec-events","status-publish","has-post-thumbnail","hentry","tag-animacao-infantil","tag-dia-da-freguesia","tag-junta-de-freguesia","tag-musica","tag-santo-estevao","tag-tasquinhas","mec_category-geral"],"_links":{"self":[{"href":"https:\/\/www.cm-benavente.pt\/index.php\/wp-json\/wp\/v2\/mec-events\/73611","targetHints":{"allow":["GET"]}}],"collection":[{"href":"https:\/\/www.cm-benavente.pt\/index.php\/wp-json\/wp\/v2\/mec-events"}],"about":[{"href":"https:\/\/www.cm-benavente.pt\/index.php\/wp-json\/wp\/v2\/types\/mec-events"}],"author":[{"embeddable":true,"href":"https:\/\/www.cm-benavente.pt\/index.php\/wp-json\/wp\/v2\/users\/3"}],"replies":[{"embeddable":true,"href":"https:\/\/www.cm-benavente.pt\/index.php\/wp-json\/wp\/v2\/comments?post=73611"}],"version-history":[{"count":1,"href":"https:\/\/www.cm-benavente.pt\/index.php\/wp-json\/wp\/v2\/mec-events\/73611\/revisions"}],"predecessor-version":[{"id":73614,"href":"https:\/\/www.cm-benavente.pt\/index.php\/wp-json\/wp\/v2\/mec-events\/73611\/revisions\/73614"}],"wp:featuredmedia":[{"embeddable":true,"href":"https:\/\/www.cm-benavente.pt\/index.php\/wp-json\/wp\/v2\/media\/73613"}],"wp:attachment":[{"href":"https:\/\/www.cm-benavente.pt\/index.php\/wp-json\/wp\/v2\/media?parent=73611"}],"wp:term":[{"taxonomy":"post_tag","embeddable":true,"href":"https:\/\/www.cm-benavente.pt\/index.php\/wp-json\/wp\/v2\/tags?post=73611"},{"taxonomy":"mec_category","embeddable":true,"href":"https:\/\/www.cm-benavente.pt\/index.php\/wp-json\/wp\/v2\/mec_category?post=73611"}],"curies":[{"name":"wp","href":"https:\/\/api.w.org\/{rel}","templated":true}]}}

XIV Fim de Semana da Freguesia de Santo Estêvão

<p><strong>XIV Fim de Semana da Freguesia de Santo Estêvão</strong></p>
<p><strong>30 de maio a 01 de junho</strong> na Freguesia de Santo Estêvão</p>
<p>Música | Tasquinhas | Animação Infantil</p>
<p><strong>Entrada gratuita</strong></p>
<p><strong>Organização:</strong> Junta de Freguesia de Santo Estêvão</p>
<p>&nbsp;</p>
<p><a href="https://www.cm-benavente.pt/wp-content/uploads/2025/05/XIV-Fim-de-semana-freguesia-santo-estevao.jpg"><img fetchpriority="high" decoding="async" class="alignnone size-large wp-image-73612" src="https://www.cm-benavente.pt/wp-content/uploads/2025/05/XIV-Fim-de-semana-freguesia-santo-estevao-724x1024.jpg" alt="" width="724" height="1024" srcset="https://www.cm-benavente.pt/wp-content/uploads/2025/05/XIV-Fim-de-semana-freguesia-santo-estevao-724x1024.jpg 724w, https://www.cm-benavente.pt/wp-content/uploads/2025/05/XIV-Fim-de-semana-freguesia-santo-estevao-212x300.jpg 212w, https://www.cm-benavente.pt/wp-content/uploads/2025/05/XIV-Fim-de-semana-freguesia-santo-estevao-768x1086.jpg 768w, https://www.cm-benavente.pt/wp-content/uploads/2025/05/XIV-Fim-de-semana-freguesia-santo-estevao-1086x1536.jpg 1086w, https://www.cm-benavente.pt/wp-content/uploads/2025/05/XIV-Fim-de-semana-freguesia-santo-estevao-500x707.jpg 500w, https://www.cm-benavente.pt/wp-content/uploads/2025/05/XIV-Fim-de-semana-freguesia-santo-estevao-800x1131.jpg 800w, https://www.cm-benavente.pt/wp-content/uploads/2025/05/XIV-Fim-de-semana-freguesia-santo-estevao-1280x1810.jpg 1280w, https://www.cm-benavente.pt/wp-content/uploads/2025/05/XIV-Fim-de-semana-freguesia-santo-estevao.jpg 1448w" sizes="(max-width: 724px) 100vw, 724px" /></a></p>

<p>XIV Fim de Semana da Freguesia de Santo Estêvão 30 de maio a 01 de junho na Freguesia de Santo Estêvão Música | Tasquinhas | Animação Infantil Entrada gratuita Organização: Junta de Freguesia de Santo Estêvão &nbsp;</p>
