{"id":73562,"date":"2025-05-21T09:40:23","date_gmt":"2025-05-21T09:40:23","guid":{"rendered":"https:\/\/www.cm-benavente.pt\/?post_type=mec-events&#038;p=73562"},"modified":"2025-05-21T09:40:23","modified_gmt":"2025-05-21T09:40:23","slug":"passeio-urbano-8a-edicao-da-feira-da-saude-de-benavente","status":"publish","type":"mec-events","link":"https:\/\/www.cm-benavente.pt\/index.php\/events\/passeio-urbano-8a-edicao-da-feira-da-saude-de-benavente\/","title":{"rendered":"Passeio Urbano | 8\u00aa Edi\u00e7\u00e3o da Feira da Sa\u00fade de Benavente"},"content":{"rendered":"<p><strong>Passeio Urbano | 8\u00aa Edi\u00e7\u00e3o da Feira da Sa\u00fade de Benavente<\/strong><\/p>\n<p><strong>08 junho \u00e0s 09:00h<\/strong>\u00a0no Parque 25 de Abril, Benavente<\/p>\n<p>Passeio urbano com +\/- 6 km<br \/>\nOferta de t-shirt<\/p>\n<p>Participantes devem ter +8 anos<\/p>\n<p>N\u00e3o aconselh\u00e1vel o uso de carrinhos de beb\u00e9<\/p>\n<p><strong>Inscri\u00e7\u00f5es gratuitas at\u00e9 03 de junho <\/strong>pelo link <a href=\"https:\/\/bit.ly\/inscricao-passeio-urbano-feira-saude-2025\" target=\"_blank\" rel=\"noopener\">https:\/\/bit.ly\/inscricao-passeio-urbano-feira-saude-2025<\/a><\/p>\n<p><strong>Informa\u00e7\u00f5es:<\/strong>\u00a0Setor do Fomento Desportivo \u2013\u00a0<a href=\"tel:968579439\">968 579 439<\/a>\u00a0ou\u00a0<a href=\"mailto:desporto@cm-benavente.pt\">desporto@cm-benavente.pt<\/a><\/p>\n<p><strong>Organiza\u00e7\u00e3o:<\/strong>\u00a0Setor do Fomento Desportivo da CMB e Rede Social do Munic\u00edpio de Benavente<\/p>\n<p>&nbsp;<\/p>\n<p><a href=\"https:\/\/www.cm-benavente.pt\/wp-content\/uploads\/2025\/05\/criativo_Passeio-urbano_feira-da-saude-2025.jpg\"><img fetchpriority=\"high\" decoding=\"async\" class=\"alignnone size-large wp-image-73563\" src=\"https:\/\/www.cm-benavente.pt\/wp-content\/uploads\/2025\/05\/criativo_Passeio-urbano_feira-da-saude-2025-1024x1024.jpg\" alt=\"\" width=\"800\" height=\"800\" srcset=\"https:\/\/www.cm-benavente.pt\/wp-content\/uploads\/2025\/05\/criativo_Passeio-urbano_feira-da-saude-2025-1024x1024.jpg 1024w, https:\/\/www.cm-benavente.pt\/wp-content\/uploads\/2025\/05\/criativo_Passeio-urbano_feira-da-saude-2025-300x300.jpg 300w, https:\/\/www.cm-benavente.pt\/wp-content\/uploads\/2025\/05\/criativo_Passeio-urbano_feira-da-saude-2025-150x150.jpg 150w, https:\/\/www.cm-benavente.pt\/wp-content\/uploads\/2025\/05\/criativo_Passeio-urbano_feira-da-saude-2025-768x768.jpg 768w, https:\/\/www.cm-benavente.pt\/wp-content\/uploads\/2025\/05\/criativo_Passeio-urbano_feira-da-saude-2025-500x500.jpg 500w, https:\/\/www.cm-benavente.pt\/wp-content\/uploads\/2025\/05\/criativo_Passeio-urbano_feira-da-saude-2025-800x800.jpg 800w, https:\/\/www.cm-benavente.pt\/wp-content\/uploads\/2025\/05\/criativo_Passeio-urbano_feira-da-saude-2025.jpg 1080w\" sizes=\"(max-width: 800px) 100vw, 800px\" \/><\/a><\/p>\n","protected":false},"excerpt":{"rendered":"<p>Passeio Urbano | 8\u00aa Edi\u00e7\u00e3o da Feira da Sa\u00fade de Benavente 08 junho \u00e0s 09:00h\u00a0no Parque 25 de Abril, Benavente Passeio urbano com +\/- 6 km Oferta de t-shirt Participantes devem ter +8 anos N\u00e3o aconselh\u00e1vel o uso de carrinhos de beb\u00e9 Inscri\u00e7\u00f5es gratuitas at\u00e9 03 de junho pelo link https:\/\/bit.ly\/inscricao-passeio-urbano-feira-saude-2025 Informa\u00e7\u00f5es:\u00a0Setor do Fomento Desportivo [&hellip;]<\/p>\n","protected":false},"author":3,"featured_media":73564,"comment_status":"closed","ping_status":"closed","template":"","meta":{"_vp_format_video_url":"","_vp_image_focal_point":[]},"tags":[16,808,124,819,110,99,1441],"mec_category":[472],"class_list":["post-73562","mec-events","type-mec-events","status-publish","has-post-thumbnail","hentry","tag-benavente","tag-caminhada","tag-desporto","tag-feira","tag-passeio","tag-saude","tag-urbano","mec_category-desporto"],"_links":{"self":[{"href":"https:\/\/www.cm-benavente.pt\/index.php\/wp-json\/wp\/v2\/mec-events\/73562","targetHints":{"allow":["GET"]}}],"collection":[{"href":"https:\/\/www.cm-benavente.pt\/index.php\/wp-json\/wp\/v2\/mec-events"}],"about":[{"href":"https:\/\/www.cm-benavente.pt\/index.php\/wp-json\/wp\/v2\/types\/mec-events"}],"author":[{"embeddable":true,"href":"https:\/\/www.cm-benavente.pt\/index.php\/wp-json\/wp\/v2\/users\/3"}],"replies":[{"embeddable":true,"href":"https:\/\/www.cm-benavente.pt\/index.php\/wp-json\/wp\/v2\/comments?post=73562"}],"version-history":[{"count":1,"href":"https:\/\/www.cm-benavente.pt\/index.php\/wp-json\/wp\/v2\/mec-events\/73562\/revisions"}],"predecessor-version":[{"id":73565,"href":"https:\/\/www.cm-benavente.pt\/index.php\/wp-json\/wp\/v2\/mec-events\/73562\/revisions\/73565"}],"wp:featuredmedia":[{"embeddable":true,"href":"https:\/\/www.cm-benavente.pt\/index.php\/wp-json\/wp\/v2\/media\/73564"}],"wp:attachment":[{"href":"https:\/\/www.cm-benavente.pt\/index.php\/wp-json\/wp\/v2\/media?parent=73562"}],"wp:term":[{"taxonomy":"post_tag","embeddable":true,"href":"https:\/\/www.cm-benavente.pt\/index.php\/wp-json\/wp\/v2\/tags?post=73562"},{"taxonomy":"mec_category","embeddable":true,"href":"https:\/\/www.cm-benavente.pt\/index.php\/wp-json\/wp\/v2\/mec_category?post=73562"}],"curies":[{"name":"wp","href":"https:\/\/api.w.org\/{rel}","templated":true}]}}

Passeio Urbano | 8ª Edição da Feira da Saúde de Benavente

<p><strong>Passeio Urbano | 8ª Edição da Feira da Saúde de Benavente</strong></p>
<p><strong>08 junho às 09:00h</strong> no Parque 25 de Abril, Benavente</p>
<p>Passeio urbano com +/- 6 km<br />
Oferta de t-shirt</p>
<p>Participantes devem ter +8 anos</p>
<p>Não aconselhável o uso de carrinhos de bebé</p>
<p><strong>Inscrições gratuitas até 03 de junho </strong>pelo link <a href="https://bit.ly/inscricao-passeio-urbano-feira-saude-2025" target="_blank" rel="noopener">https://bit.ly/inscricao-passeio-urbano-feira-saude-2025</a></p>
<p><strong>Informações:</strong> Setor do Fomento Desportivo – <a href="tel:968579439">968 579 439</a> ou <a href="mailto:desporto@cm-benavente.pt">desporto@cm-benavente.pt</a></p>
<p><strong>Organização:</strong> Setor do Fomento Desportivo da CMB e Rede Social do Município de Benavente</p>
<p>&nbsp;</p>
<p><a href="https://www.cm-benavente.pt/wp-content/uploads/2025/05/criativo_Passeio-urbano_feira-da-saude-2025.jpg"><img fetchpriority="high" decoding="async" class="alignnone size-large wp-image-73563" src="https://www.cm-benavente.pt/wp-content/uploads/2025/05/criativo_Passeio-urbano_feira-da-saude-2025-1024x1024.jpg" alt="" width="800" height="800" srcset="https://www.cm-benavente.pt/wp-content/uploads/2025/05/criativo_Passeio-urbano_feira-da-saude-2025-1024x1024.jpg 1024w, https://www.cm-benavente.pt/wp-content/uploads/2025/05/criativo_Passeio-urbano_feira-da-saude-2025-300x300.jpg 300w, https://www.cm-benavente.pt/wp-content/uploads/2025/05/criativo_Passeio-urbano_feira-da-saude-2025-150x150.jpg 150w, https://www.cm-benavente.pt/wp-content/uploads/2025/05/criativo_Passeio-urbano_feira-da-saude-2025-768x768.jpg 768w, https://www.cm-benavente.pt/wp-content/uploads/2025/05/criativo_Passeio-urbano_feira-da-saude-2025-500x500.jpg 500w, https://www.cm-benavente.pt/wp-content/uploads/2025/05/criativo_Passeio-urbano_feira-da-saude-2025-800x800.jpg 800w, https://www.cm-benavente.pt/wp-content/uploads/2025/05/criativo_Passeio-urbano_feira-da-saude-2025.jpg 1080w" sizes="(max-width: 800px) 100vw, 800px" /></a></p>

<p>Passeio Urbano | 8ª Edição da Feira da Saúde de Benavente 08 junho às 09:00h no Parque 25 de Abril, Benavente Passeio urbano com +/- 6 km Oferta de t-shirt Participantes devem ter +8 anos Não aconselhável o uso de carrinhos de bebé Inscrições gratuitas até 03 de junho pelo link https://bit.ly/inscricao-passeio-urbano-feira-saude-2025 Informações: Setor do Fomento Desportivo [&hellip;]</p>
