{"id":73416,"date":"2025-05-19T14:19:00","date_gmt":"2025-05-19T14:19:00","guid":{"rendered":"https:\/\/www.cm-benavente.pt\/?post_type=mec-events&#038;p=73416"},"modified":"2025-05-19T14:19:00","modified_gmt":"2025-05-19T14:19:00","slug":"fegiben-2025","status":"publish","type":"mec-events","link":"https:\/\/www.cm-benavente.pt\/index.php\/events\/fegiben-2025\/","title":{"rendered":"Fegiben 2025"},"content":{"rendered":"<p><strong>Fegiben 2025<\/strong><\/p>\n<p><strong>31 de maio \u00e0s 20:30h<\/strong> no Pavilh\u00e3o Gimnodesportivo da Barrosa<\/p>\n<p><strong>Organiza\u00e7\u00e3o:<\/strong> CUAB<\/p>\n<p>&nbsp;<\/p>\n<p><a href=\"https:\/\/www.cm-benavente.pt\/wp-content\/uploads\/2025\/05\/FEGIBEN-2025.jpg\"><img fetchpriority=\"high\" decoding=\"async\" class=\"alignnone size-large wp-image-73417\" src=\"https:\/\/www.cm-benavente.pt\/wp-content\/uploads\/2025\/05\/FEGIBEN-2025-724x1024.jpg\" alt=\"\" width=\"724\" height=\"1024\" srcset=\"https:\/\/www.cm-benavente.pt\/wp-content\/uploads\/2025\/05\/FEGIBEN-2025-724x1024.jpg 724w, https:\/\/www.cm-benavente.pt\/wp-content\/uploads\/2025\/05\/FEGIBEN-2025-212x300.jpg 212w, https:\/\/www.cm-benavente.pt\/wp-content\/uploads\/2025\/05\/FEGIBEN-2025-768x1086.jpg 768w, https:\/\/www.cm-benavente.pt\/wp-content\/uploads\/2025\/05\/FEGIBEN-2025-1086x1536.jpg 1086w, https:\/\/www.cm-benavente.pt\/wp-content\/uploads\/2025\/05\/FEGIBEN-2025-500x707.jpg 500w, https:\/\/www.cm-benavente.pt\/wp-content\/uploads\/2025\/05\/FEGIBEN-2025-800x1132.jpg 800w, https:\/\/www.cm-benavente.pt\/wp-content\/uploads\/2025\/05\/FEGIBEN-2025.jpg 1131w\" sizes=\"(max-width: 724px) 100vw, 724px\" \/><\/a><\/p>\n","protected":false},"excerpt":{"rendered":"<p>Fegiben 2025 31 de maio \u00e0s 20:30h no Pavilh\u00e3o Gimnodesportivo da Barrosa Organiza\u00e7\u00e3o: CUAB &nbsp;<\/p>\n","protected":false},"author":3,"featured_media":73418,"comment_status":"closed","ping_status":"closed","template":"","meta":{"_vp_format_video_url":"","_vp_image_focal_point":[]},"tags":[185,691,124,1430,877],"mec_category":[472,1113],"class_list":["post-73416","mec-events","type-mec-events","status-publish","has-post-thumbnail","hentry","tag-barrosa","tag-cuab","tag-desporto","tag-fegiben","tag-ginastica","mec_category-desporto","mec_category-ginastica"],"_links":{"self":[{"href":"https:\/\/www.cm-benavente.pt\/index.php\/wp-json\/wp\/v2\/mec-events\/73416","targetHints":{"allow":["GET"]}}],"collection":[{"href":"https:\/\/www.cm-benavente.pt\/index.php\/wp-json\/wp\/v2\/mec-events"}],"about":[{"href":"https:\/\/www.cm-benavente.pt\/index.php\/wp-json\/wp\/v2\/types\/mec-events"}],"author":[{"embeddable":true,"href":"https:\/\/www.cm-benavente.pt\/index.php\/wp-json\/wp\/v2\/users\/3"}],"replies":[{"embeddable":true,"href":"https:\/\/www.cm-benavente.pt\/index.php\/wp-json\/wp\/v2\/comments?post=73416"}],"version-history":[{"count":1,"href":"https:\/\/www.cm-benavente.pt\/index.php\/wp-json\/wp\/v2\/mec-events\/73416\/revisions"}],"predecessor-version":[{"id":73419,"href":"https:\/\/www.cm-benavente.pt\/index.php\/wp-json\/wp\/v2\/mec-events\/73416\/revisions\/73419"}],"wp:featuredmedia":[{"embeddable":true,"href":"https:\/\/www.cm-benavente.pt\/index.php\/wp-json\/wp\/v2\/media\/73418"}],"wp:attachment":[{"href":"https:\/\/www.cm-benavente.pt\/index.php\/wp-json\/wp\/v2\/media?parent=73416"}],"wp:term":[{"taxonomy":"post_tag","embeddable":true,"href":"https:\/\/www.cm-benavente.pt\/index.php\/wp-json\/wp\/v2\/tags?post=73416"},{"taxonomy":"mec_category","embeddable":true,"href":"https:\/\/www.cm-benavente.pt\/index.php\/wp-json\/wp\/v2\/mec_category?post=73416"}],"curies":[{"name":"wp","href":"https:\/\/api.w.org\/{rel}","templated":true}]}}

<p><strong>Fegiben 2025</strong></p>
<p><strong>31 de maio às 20:30h</strong> no Pavilhão Gimnodesportivo da Barrosa</p>
<p><strong>Organização:</strong> CUAB</p>
<p>&nbsp;</p>
<p><a href="https://www.cm-benavente.pt/wp-content/uploads/2025/05/FEGIBEN-2025.jpg"><img fetchpriority="high" decoding="async" class="alignnone size-large wp-image-73417" src="https://www.cm-benavente.pt/wp-content/uploads/2025/05/FEGIBEN-2025-724x1024.jpg" alt="" width="724" height="1024" srcset="https://www.cm-benavente.pt/wp-content/uploads/2025/05/FEGIBEN-2025-724x1024.jpg 724w, https://www.cm-benavente.pt/wp-content/uploads/2025/05/FEGIBEN-2025-212x300.jpg 212w, https://www.cm-benavente.pt/wp-content/uploads/2025/05/FEGIBEN-2025-768x1086.jpg 768w, https://www.cm-benavente.pt/wp-content/uploads/2025/05/FEGIBEN-2025-1086x1536.jpg 1086w, https://www.cm-benavente.pt/wp-content/uploads/2025/05/FEGIBEN-2025-500x707.jpg 500w, https://www.cm-benavente.pt/wp-content/uploads/2025/05/FEGIBEN-2025-800x1132.jpg 800w, https://www.cm-benavente.pt/wp-content/uploads/2025/05/FEGIBEN-2025.jpg 1131w" sizes="(max-width: 724px) 100vw, 724px" /></a></p>

<p>Fegiben 2025 31 de maio às 20:30h no Pavilhão Gimnodesportivo da Barrosa Organização: CUAB &nbsp;</p>
