{"id":73412,"date":"2025-05-19T14:11:15","date_gmt":"2025-05-19T14:11:15","guid":{"rendered":"https:\/\/www.cm-benavente.pt\/?post_type=mec-events&#038;p=73412"},"modified":"2025-05-23T08:55:24","modified_gmt":"2025-05-23T08:55:24","slug":"passeio-de-motas-e-motorizadas-sardinha-assada-de-benavente","status":"publish","type":"mec-events","link":"https:\/\/www.cm-benavente.pt\/index.php\/events\/passeio-de-motas-e-motorizadas-sardinha-assada-de-benavente\/","title":{"rendered":"Passeio de Motas e Motorizadas &#8211; Sardinha Assada de Benavente"},"content":{"rendered":"<p><strong>Passeio de Motas e Motorizadas &#8211; Sardinha Assada de Benavente<\/strong><\/p>\n<p><strong>01 de junho \u00e0s 08:00h<\/strong> no Largo do Calv\u00e1rio, Benavente<\/p>\n<p><strong>Programa:<\/strong><\/p>\n<p>08:00h &#8211; Concentra\u00e7\u00e3o no Largo do Calv\u00e1rio<br \/>\n09:00h &#8211; In\u00edcio do Passeio<br \/>\n11:00h &#8211; Refor\u00e7o<br \/>\n13:00h &#8211; Almo\u00e7o<\/p>\n<p><strong>Inscri\u00e7\u00f5es:<\/strong> at\u00e9 28 de maio | Condutor &#8211; 20 rodas \/ Acompanhante &#8211; 18 rodas \/ Inscri\u00e7\u00e3o no dia &#8211; 25 rodas \/ s\u00f3 almo\u00e7o &#8211; 15 rodas<\/p>\n<p><strong>Pr\u00e9mios:<\/strong> mota mais antiga (livrete), mota mais ferrugenta, maior grupo, grupo mais distante<\/p>\n<p><strong>Contactos:<\/strong> 913 989 061 ou 915 349 324<\/p>\n<p><strong>Organiza\u00e7\u00e3o:<\/strong> Comiss\u00e3o da Sardinha Assada &#8211; Festa da Amizade<\/p>\n<p>&nbsp;<\/p>\n<p><a href=\"https:\/\/www.cm-benavente.pt\/wp-content\/uploads\/2025\/05\/passeio-motas-SA-0106.jpg\"><img fetchpriority=\"high\" decoding=\"async\" class=\"alignnone size-large wp-image-73609\" src=\"https:\/\/www.cm-benavente.pt\/wp-content\/uploads\/2025\/05\/passeio-motas-SA-0106-1024x1024.jpg\" alt=\"\" width=\"800\" height=\"800\" srcset=\"https:\/\/www.cm-benavente.pt\/wp-content\/uploads\/2025\/05\/passeio-motas-SA-0106-1024x1024.jpg 1024w, https:\/\/www.cm-benavente.pt\/wp-content\/uploads\/2025\/05\/passeio-motas-SA-0106-300x300.jpg 300w, https:\/\/www.cm-benavente.pt\/wp-content\/uploads\/2025\/05\/passeio-motas-SA-0106-150x150.jpg 150w, https:\/\/www.cm-benavente.pt\/wp-content\/uploads\/2025\/05\/passeio-motas-SA-0106-768x768.jpg 768w, https:\/\/www.cm-benavente.pt\/wp-content\/uploads\/2025\/05\/passeio-motas-SA-0106-500x500.jpg 500w, https:\/\/www.cm-benavente.pt\/wp-content\/uploads\/2025\/05\/passeio-motas-SA-0106-800x800.jpg 800w, https:\/\/www.cm-benavente.pt\/wp-content\/uploads\/2025\/05\/passeio-motas-SA-0106.jpg 1080w\" sizes=\"(max-width: 800px) 100vw, 800px\" \/><\/a><\/p>\n<p>&nbsp;<\/p>\n<p>&nbsp;<\/p>\n<p>&nbsp;<\/p>\n","protected":false},"excerpt":{"rendered":"<p>Passeio de Motas e Motorizadas &#8211; Sardinha Assada de Benavente 01 de junho \u00e0s 08:00h no Largo do Calv\u00e1rio, Benavente Programa: 08:00h &#8211; Concentra\u00e7\u00e3o no Largo do Calv\u00e1rio 09:00h &#8211; In\u00edcio do Passeio 11:00h &#8211; Refor\u00e7o 13:00h &#8211; Almo\u00e7o Inscri\u00e7\u00f5es: at\u00e9 28 de maio | Condutor &#8211; 20 rodas \/ Acompanhante &#8211; 18 rodas \/ [&hellip;]<\/p>\n","protected":false},"author":3,"featured_media":73606,"comment_status":"closed","ping_status":"closed","template":"","meta":{"_vp_format_video_url":"","_vp_image_focal_point":[]},"tags":[16,604,1182,2094,110,603],"mec_category":[467],"class_list":["post-73412","mec-events","type-mec-events","status-publish","has-post-thumbnail","hentry","tag-benavente","tag-festa-da-amizade","tag-motas","tag-motorizadas","tag-passeio","tag-sardinha-assada","mec_category-geral"],"_links":{"self":[{"href":"https:\/\/www.cm-benavente.pt\/index.php\/wp-json\/wp\/v2\/mec-events\/73412","targetHints":{"allow":["GET"]}}],"collection":[{"href":"https:\/\/www.cm-benavente.pt\/index.php\/wp-json\/wp\/v2\/mec-events"}],"about":[{"href":"https:\/\/www.cm-benavente.pt\/index.php\/wp-json\/wp\/v2\/types\/mec-events"}],"author":[{"embeddable":true,"href":"https:\/\/www.cm-benavente.pt\/index.php\/wp-json\/wp\/v2\/users\/3"}],"replies":[{"embeddable":true,"href":"https:\/\/www.cm-benavente.pt\/index.php\/wp-json\/wp\/v2\/comments?post=73412"}],"version-history":[{"count":4,"href":"https:\/\/www.cm-benavente.pt\/index.php\/wp-json\/wp\/v2\/mec-events\/73412\/revisions"}],"predecessor-version":[{"id":73610,"href":"https:\/\/www.cm-benavente.pt\/index.php\/wp-json\/wp\/v2\/mec-events\/73412\/revisions\/73610"}],"wp:featuredmedia":[{"embeddable":true,"href":"https:\/\/www.cm-benavente.pt\/index.php\/wp-json\/wp\/v2\/media\/73606"}],"wp:attachment":[{"href":"https:\/\/www.cm-benavente.pt\/index.php\/wp-json\/wp\/v2\/media?parent=73412"}],"wp:term":[{"taxonomy":"post_tag","embeddable":true,"href":"https:\/\/www.cm-benavente.pt\/index.php\/wp-json\/wp\/v2\/tags?post=73412"},{"taxonomy":"mec_category","embeddable":true,"href":"https:\/\/www.cm-benavente.pt\/index.php\/wp-json\/wp\/v2\/mec_category?post=73412"}],"curies":[{"name":"wp","href":"https:\/\/api.w.org\/{rel}","templated":true}]}}

<p><strong>Passeio de Motas e Motorizadas &#8211; Sardinha Assada de Benavente</strong></p>
<p><strong>01 de junho às 08:00h</strong> no Largo do Calvário, Benavente</p>
<p><strong>Programa:</strong></p>
<p>08:00h &#8211; Concentração no Largo do Calvário<br />
09:00h &#8211; Início do Passeio<br />
11:00h &#8211; Reforço<br />
13:00h &#8211; Almoço</p>
<p><strong>Inscrições:</strong> até 28 de maio | Condutor &#8211; 20 rodas / Acompanhante &#8211; 18 rodas / Inscrição no dia &#8211; 25 rodas / só almoço &#8211; 15 rodas</p>
<p><strong>Prémios:</strong> mota mais antiga (livrete), mota mais ferrugenta, maior grupo, grupo mais distante</p>
<p><strong>Contactos:</strong> 913 989 061 ou 915 349 324</p>
<p><strong>Organização:</strong> Comissão da Sardinha Assada &#8211; Festa da Amizade</p>
<p>&nbsp;</p>
<p><a href="https://www.cm-benavente.pt/wp-content/uploads/2025/05/passeio-motas-SA-0106.jpg"><img fetchpriority="high" decoding="async" class="alignnone size-large wp-image-73609" src="https://www.cm-benavente.pt/wp-content/uploads/2025/05/passeio-motas-SA-0106-1024x1024.jpg" alt="" width="800" height="800" srcset="https://www.cm-benavente.pt/wp-content/uploads/2025/05/passeio-motas-SA-0106-1024x1024.jpg 1024w, https://www.cm-benavente.pt/wp-content/uploads/2025/05/passeio-motas-SA-0106-300x300.jpg 300w, https://www.cm-benavente.pt/wp-content/uploads/2025/05/passeio-motas-SA-0106-150x150.jpg 150w, https://www.cm-benavente.pt/wp-content/uploads/2025/05/passeio-motas-SA-0106-768x768.jpg 768w, https://www.cm-benavente.pt/wp-content/uploads/2025/05/passeio-motas-SA-0106-500x500.jpg 500w, https://www.cm-benavente.pt/wp-content/uploads/2025/05/passeio-motas-SA-0106-800x800.jpg 800w, https://www.cm-benavente.pt/wp-content/uploads/2025/05/passeio-motas-SA-0106.jpg 1080w" sizes="(max-width: 800px) 100vw, 800px" /></a></p>
<p>&nbsp;</p>
<p>&nbsp;</p>
<p>&nbsp;</p>

<p>Passeio de Motas e Motorizadas &#8211; Sardinha Assada de Benavente 01 de junho às 08:00h no Largo do Calvário, Benavente Programa: 08:00h &#8211; Concentração no Largo do Calvário 09:00h &#8211; Início do Passeio 11:00h &#8211; Reforço 13:00h &#8211; Almoço Inscrições: até 28 de maio | Condutor &#8211; 20 rodas / Acompanhante &#8211; 18 rodas / [&hellip;]</p>
