{"id":73399,"date":"2025-05-19T13:38:29","date_gmt":"2025-05-19T13:38:29","guid":{"rendered":"https:\/\/www.cm-benavente.pt\/?post_type=mec-events&#038;p=73399"},"modified":"2025-05-26T09:25:20","modified_gmt":"2025-05-26T09:25:20","slug":"vii-samora-equestre-vi-lusitano-summit","status":"publish","type":"mec-events","link":"https:\/\/www.cm-benavente.pt\/index.php\/events\/vii-samora-equestre-vi-lusitano-summit\/","title":{"rendered":"VII Samora Equestre | VI Lusitano Summit"},"content":{"rendered":"<p><strong>VII Samora Equestre | VI Lusitano Summit<\/strong><\/p>\n<p><strong>30 de maio a 01 de junho<\/strong> na Zona Ribeirinha de Samora Correia<\/p>\n<p>Durante 3 dias, vai poder ver:<br \/>\n&#8211; Concurso Poldro Mam\u00e3o \/ \u00c9gua Afilhada<br \/>\n&#8211; Pule de Equita\u00e7\u00e3o de Trabalho<br \/>\n&#8211; Espet\u00e1culos Equestres<br \/>\n&#8211; Cortejo Equestre<br \/>\n&#8211; Provas de Vinhos<br \/>\n&#8211; Noites tintoverano.pt<\/p>\n<p><strong>Organiza\u00e7\u00e3o:<\/strong> Junta de Freguesia de Samora Correia<\/p>\n<p>&nbsp;<\/p>\n<p><a href=\"https:\/\/www.cm-benavente.pt\/wp-content\/uploads\/2025\/05\/VII-Samora-Equestre.jpg\"><img fetchpriority=\"high\" decoding=\"async\" class=\"alignnone size-full wp-image-73400\" src=\"https:\/\/www.cm-benavente.pt\/wp-content\/uploads\/2025\/05\/VII-Samora-Equestre.jpg\" alt=\"\" width=\"768\" height=\"960\" srcset=\"https:\/\/www.cm-benavente.pt\/wp-content\/uploads\/2025\/05\/VII-Samora-Equestre.jpg 768w, https:\/\/www.cm-benavente.pt\/wp-content\/uploads\/2025\/05\/VII-Samora-Equestre-240x300.jpg 240w, https:\/\/www.cm-benavente.pt\/wp-content\/uploads\/2025\/05\/VII-Samora-Equestre-500x625.jpg 500w\" sizes=\"(max-width: 768px) 100vw, 768px\" \/><\/a><br \/>\n<a href=\"https:\/\/www.cm-benavente.pt\/wp-content\/uploads\/2025\/05\/VII-Samora-Equestre-programa.jpg\"><img decoding=\"async\" class=\"alignnone size-large wp-image-73683\" src=\"https:\/\/www.cm-benavente.pt\/wp-content\/uploads\/2025\/05\/VII-Samora-Equestre-programa-1024x1024.jpg\" alt=\"\" width=\"800\" height=\"800\" srcset=\"https:\/\/www.cm-benavente.pt\/wp-content\/uploads\/2025\/05\/VII-Samora-Equestre-programa-1024x1024.jpg 1024w, https:\/\/www.cm-benavente.pt\/wp-content\/uploads\/2025\/05\/VII-Samora-Equestre-programa-300x300.jpg 300w, https:\/\/www.cm-benavente.pt\/wp-content\/uploads\/2025\/05\/VII-Samora-Equestre-programa-150x150.jpg 150w, https:\/\/www.cm-benavente.pt\/wp-content\/uploads\/2025\/05\/VII-Samora-Equestre-programa-768x768.jpg 768w, https:\/\/www.cm-benavente.pt\/wp-content\/uploads\/2025\/05\/VII-Samora-Equestre-programa-500x500.jpg 500w, https:\/\/www.cm-benavente.pt\/wp-content\/uploads\/2025\/05\/VII-Samora-Equestre-programa-800x800.jpg 800w, https:\/\/www.cm-benavente.pt\/wp-content\/uploads\/2025\/05\/VII-Samora-Equestre-programa-1280x1280.jpg 1280w, https:\/\/www.cm-benavente.pt\/wp-content\/uploads\/2025\/05\/VII-Samora-Equestre-programa.jpg 1440w\" sizes=\"(max-width: 800px) 100vw, 800px\" \/><\/a><\/p>\n","protected":false},"excerpt":{"rendered":"<p>VII Samora Equestre | VI Lusitano Summit 30 de maio a 01 de junho na Zona Ribeirinha de Samora Correia Durante 3 dias, vai poder ver: &#8211; Concurso Poldro Mam\u00e3o \/ \u00c9gua Afilhada &#8211; Pule de Equita\u00e7\u00e3o de Trabalho &#8211; Espet\u00e1culos Equestres &#8211; Cortejo Equestre &#8211; Provas de Vinhos &#8211; Noites tintoverano.pt Organiza\u00e7\u00e3o: Junta de [&hellip;]<\/p>\n","protected":false},"author":3,"featured_media":73401,"comment_status":"closed","ping_status":"closed","template":"","meta":{"_vp_format_video_url":"","_vp_image_focal_point":[]},"tags":[620,340,2902,27,2061],"mec_category":[467],"class_list":["post-73399","mec-events","type-mec-events","status-publish","has-post-thumbnail","hentry","tag-cavalo","tag-junta-de-freguesia","tag-lusitano-summit","tag-samora-correia","tag-samora-equestre","mec_category-geral"],"_links":{"self":[{"href":"https:\/\/www.cm-benavente.pt\/index.php\/wp-json\/wp\/v2\/mec-events\/73399","targetHints":{"allow":["GET"]}}],"collection":[{"href":"https:\/\/www.cm-benavente.pt\/index.php\/wp-json\/wp\/v2\/mec-events"}],"about":[{"href":"https:\/\/www.cm-benavente.pt\/index.php\/wp-json\/wp\/v2\/types\/mec-events"}],"author":[{"embeddable":true,"href":"https:\/\/www.cm-benavente.pt\/index.php\/wp-json\/wp\/v2\/users\/3"}],"replies":[{"embeddable":true,"href":"https:\/\/www.cm-benavente.pt\/index.php\/wp-json\/wp\/v2\/comments?post=73399"}],"version-history":[{"count":3,"href":"https:\/\/www.cm-benavente.pt\/index.php\/wp-json\/wp\/v2\/mec-events\/73399\/revisions"}],"predecessor-version":[{"id":73685,"href":"https:\/\/www.cm-benavente.pt\/index.php\/wp-json\/wp\/v2\/mec-events\/73399\/revisions\/73685"}],"wp:featuredmedia":[{"embeddable":true,"href":"https:\/\/www.cm-benavente.pt\/index.php\/wp-json\/wp\/v2\/media\/73401"}],"wp:attachment":[{"href":"https:\/\/www.cm-benavente.pt\/index.php\/wp-json\/wp\/v2\/media?parent=73399"}],"wp:term":[{"taxonomy":"post_tag","embeddable":true,"href":"https:\/\/www.cm-benavente.pt\/index.php\/wp-json\/wp\/v2\/tags?post=73399"},{"taxonomy":"mec_category","embeddable":true,"href":"https:\/\/www.cm-benavente.pt\/index.php\/wp-json\/wp\/v2\/mec_category?post=73399"}],"curies":[{"name":"wp","href":"https:\/\/api.w.org\/{rel}","templated":true}]}}

<p><strong>VII Samora Equestre | VI Lusitano Summit</strong></p>
<p><strong>30 de maio a 01 de junho</strong> na Zona Ribeirinha de Samora Correia</p>
<p>Durante 3 dias, vai poder ver:<br />
&#8211; Concurso Poldro Mamão / Égua Afilhada<br />
&#8211; Pule de Equitação de Trabalho<br />
&#8211; Espetáculos Equestres<br />
&#8211; Cortejo Equestre<br />
&#8211; Provas de Vinhos<br />
&#8211; Noites tintoverano.pt</p>
<p><strong>Organização:</strong> Junta de Freguesia de Samora Correia</p>
<p>&nbsp;</p>
<p><a href="https://www.cm-benavente.pt/wp-content/uploads/2025/05/VII-Samora-Equestre.jpg"><img fetchpriority="high" decoding="async" class="alignnone size-full wp-image-73400" src="https://www.cm-benavente.pt/wp-content/uploads/2025/05/VII-Samora-Equestre.jpg" alt="" width="768" height="960" srcset="https://www.cm-benavente.pt/wp-content/uploads/2025/05/VII-Samora-Equestre.jpg 768w, https://www.cm-benavente.pt/wp-content/uploads/2025/05/VII-Samora-Equestre-240x300.jpg 240w, https://www.cm-benavente.pt/wp-content/uploads/2025/05/VII-Samora-Equestre-500x625.jpg 500w" sizes="(max-width: 768px) 100vw, 768px" /></a><br />
<a href="https://www.cm-benavente.pt/wp-content/uploads/2025/05/VII-Samora-Equestre-programa.jpg"><img decoding="async" class="alignnone size-large wp-image-73683" src="https://www.cm-benavente.pt/wp-content/uploads/2025/05/VII-Samora-Equestre-programa-1024x1024.jpg" alt="" width="800" height="800" srcset="https://www.cm-benavente.pt/wp-content/uploads/2025/05/VII-Samora-Equestre-programa-1024x1024.jpg 1024w, https://www.cm-benavente.pt/wp-content/uploads/2025/05/VII-Samora-Equestre-programa-300x300.jpg 300w, https://www.cm-benavente.pt/wp-content/uploads/2025/05/VII-Samora-Equestre-programa-150x150.jpg 150w, https://www.cm-benavente.pt/wp-content/uploads/2025/05/VII-Samora-Equestre-programa-768x768.jpg 768w, https://www.cm-benavente.pt/wp-content/uploads/2025/05/VII-Samora-Equestre-programa-500x500.jpg 500w, https://www.cm-benavente.pt/wp-content/uploads/2025/05/VII-Samora-Equestre-programa-800x800.jpg 800w, https://www.cm-benavente.pt/wp-content/uploads/2025/05/VII-Samora-Equestre-programa-1280x1280.jpg 1280w, https://www.cm-benavente.pt/wp-content/uploads/2025/05/VII-Samora-Equestre-programa.jpg 1440w" sizes="(max-width: 800px) 100vw, 800px" /></a></p>

<p>VII Samora Equestre | VI Lusitano Summit 30 de maio a 01 de junho na Zona Ribeirinha de Samora Correia Durante 3 dias, vai poder ver: &#8211; Concurso Poldro Mamão / Égua Afilhada &#8211; Pule de Equitação de Trabalho &#8211; Espetáculos Equestres &#8211; Cortejo Equestre &#8211; Provas de Vinhos &#8211; Noites tintoverano.pt Organização: Junta de [&hellip;]</p>
