{"id":73391,"date":"2025-05-19T13:17:17","date_gmt":"2025-05-19T13:17:17","guid":{"rendered":"https:\/\/www.cm-benavente.pt\/?post_type=mec-events&#038;p=73391"},"modified":"2025-05-19T13:17:17","modified_gmt":"2025-05-19T13:17:17","slug":"quinta-feira-da-espiga-arcas","status":"publish","type":"mec-events","link":"https:\/\/www.cm-benavente.pt\/index.php\/events\/quinta-feira-da-espiga-arcas\/","title":{"rendered":"Quinta-feira da Espiga &#8211; ARCAS"},"content":{"rendered":"<p><strong>Quinta-feira da Espiga &#8211; ARCAS<\/strong><\/p>\n<p><strong>29 de maio \u00e0s 08:00h<\/strong> no Pavilh\u00e3o da ARCAS, Samora Correia<\/p>\n<p><strong>Programa:<\/strong><\/p>\n<p>08:00h &#8211; Concentra\u00e7\u00e3o dos cavaleiros trajados a rigor<br \/>\n09:00h &#8211; In\u00edcio do passeio<br \/>\n13:30h &#8211; Almo\u00e7o<\/p>\n<p><strong>Seguido de:<\/strong> maneio de gado, atua\u00e7\u00e3o do Grupo Etnogr\u00e1fico &#8220;Samora e o Passado&#8221; e do Grupo de Sevilhanas &#8220;Sabor Flamenco&#8221; e anima\u00e7\u00e3o musical com Bruno China<\/p>\n<p><strong>Inscri\u00e7\u00f5es:<\/strong> redes sociais da ARCAS, arcas.samoracorreia@gmail.com ou 916 374 965<\/p>\n<p><strong>Entradas:<\/strong> 25 espigas (passeio, maneio e almo\u00e7o), 20 espigas (passeio e almo\u00e7o), 15 espigas (almo\u00e7o)<\/p>\n<p><strong>Organiza\u00e7\u00e3o:<\/strong> ARCAS<\/p>\n<p>&nbsp;<\/p>\n<p><a href=\"https:\/\/www.cm-benavente.pt\/wp-content\/uploads\/2025\/05\/5o-feira-da-espiga-ARCAS-2025-1350.jpg\"><img fetchpriority=\"high\" decoding=\"async\" class=\"alignnone size-large wp-image-73392\" src=\"https:\/\/www.cm-benavente.pt\/wp-content\/uploads\/2025\/05\/5o-feira-da-espiga-ARCAS-2025-1350-819x1024.jpg\" alt=\"\" width=\"800\" height=\"1000\" srcset=\"https:\/\/www.cm-benavente.pt\/wp-content\/uploads\/2025\/05\/5o-feira-da-espiga-ARCAS-2025-1350-819x1024.jpg 819w, https:\/\/www.cm-benavente.pt\/wp-content\/uploads\/2025\/05\/5o-feira-da-espiga-ARCAS-2025-1350-240x300.jpg 240w, https:\/\/www.cm-benavente.pt\/wp-content\/uploads\/2025\/05\/5o-feira-da-espiga-ARCAS-2025-1350-768x960.jpg 768w, https:\/\/www.cm-benavente.pt\/wp-content\/uploads\/2025\/05\/5o-feira-da-espiga-ARCAS-2025-1350-500x625.jpg 500w, https:\/\/www.cm-benavente.pt\/wp-content\/uploads\/2025\/05\/5o-feira-da-espiga-ARCAS-2025-1350-800x1000.jpg 800w, https:\/\/www.cm-benavente.pt\/wp-content\/uploads\/2025\/05\/5o-feira-da-espiga-ARCAS-2025-1350.jpg 1080w\" sizes=\"(max-width: 800px) 100vw, 800px\" \/><\/a><\/p>\n","protected":false},"excerpt":{"rendered":"<p>Quinta-feira da Espiga &#8211; ARCAS 29 de maio \u00e0s 08:00h no Pavilh\u00e3o da ARCAS, Samora Correia Programa: 08:00h &#8211; Concentra\u00e7\u00e3o dos cavaleiros trajados a rigor 09:00h &#8211; In\u00edcio do passeio 13:30h &#8211; Almo\u00e7o Seguido de: maneio de gado, atua\u00e7\u00e3o do Grupo Etnogr\u00e1fico &#8220;Samora e o Passado&#8221; e do Grupo de Sevilhanas &#8220;Sabor Flamenco&#8221; e anima\u00e7\u00e3o [&hellip;]<\/p>\n","protected":false},"author":3,"featured_media":73393,"comment_status":"closed","ping_status":"closed","template":"","meta":{"_vp_format_video_url":"","_vp_image_focal_point":[]},"tags":[1460,620,1381,110,1405,27],"mec_category":[467],"class_list":["post-73391","mec-events","type-mec-events","status-publish","has-post-thumbnail","hentry","tag-arcas","tag-cavalo","tag-espiga","tag-passeio","tag-quinta-feira","tag-samora-correia","mec_category-geral"],"_links":{"self":[{"href":"https:\/\/www.cm-benavente.pt\/index.php\/wp-json\/wp\/v2\/mec-events\/73391","targetHints":{"allow":["GET"]}}],"collection":[{"href":"https:\/\/www.cm-benavente.pt\/index.php\/wp-json\/wp\/v2\/mec-events"}],"about":[{"href":"https:\/\/www.cm-benavente.pt\/index.php\/wp-json\/wp\/v2\/types\/mec-events"}],"author":[{"embeddable":true,"href":"https:\/\/www.cm-benavente.pt\/index.php\/wp-json\/wp\/v2\/users\/3"}],"replies":[{"embeddable":true,"href":"https:\/\/www.cm-benavente.pt\/index.php\/wp-json\/wp\/v2\/comments?post=73391"}],"version-history":[{"count":1,"href":"https:\/\/www.cm-benavente.pt\/index.php\/wp-json\/wp\/v2\/mec-events\/73391\/revisions"}],"predecessor-version":[{"id":73394,"href":"https:\/\/www.cm-benavente.pt\/index.php\/wp-json\/wp\/v2\/mec-events\/73391\/revisions\/73394"}],"wp:featuredmedia":[{"embeddable":true,"href":"https:\/\/www.cm-benavente.pt\/index.php\/wp-json\/wp\/v2\/media\/73393"}],"wp:attachment":[{"href":"https:\/\/www.cm-benavente.pt\/index.php\/wp-json\/wp\/v2\/media?parent=73391"}],"wp:term":[{"taxonomy":"post_tag","embeddable":true,"href":"https:\/\/www.cm-benavente.pt\/index.php\/wp-json\/wp\/v2\/tags?post=73391"},{"taxonomy":"mec_category","embeddable":true,"href":"https:\/\/www.cm-benavente.pt\/index.php\/wp-json\/wp\/v2\/mec_category?post=73391"}],"curies":[{"name":"wp","href":"https:\/\/api.w.org\/{rel}","templated":true}]}}

<p><strong>Quinta-feira da Espiga &#8211; ARCAS</strong></p>
<p><strong>29 de maio às 08:00h</strong> no Pavilhão da ARCAS, Samora Correia</p>
<p><strong>Programa:</strong></p>
<p>08:00h &#8211; Concentração dos cavaleiros trajados a rigor<br />
09:00h &#8211; Início do passeio<br />
13:30h &#8211; Almoço</p>
<p><strong>Seguido de:</strong> maneio de gado, atuação do Grupo Etnográfico &#8220;Samora e o Passado&#8221; e do Grupo de Sevilhanas &#8220;Sabor Flamenco&#8221; e animação musical com Bruno China</p>
<p><strong>Inscrições:</strong> redes sociais da ARCAS, arcas.samoracorreia@gmail.com ou 916 374 965</p>
<p><strong>Entradas:</strong> 25 espigas (passeio, maneio e almoço), 20 espigas (passeio e almoço), 15 espigas (almoço)</p>
<p><strong>Organização:</strong> ARCAS</p>
<p>&nbsp;</p>
<p><a href="https://www.cm-benavente.pt/wp-content/uploads/2025/05/5o-feira-da-espiga-ARCAS-2025-1350.jpg"><img fetchpriority="high" decoding="async" class="alignnone size-large wp-image-73392" src="https://www.cm-benavente.pt/wp-content/uploads/2025/05/5o-feira-da-espiga-ARCAS-2025-1350-819x1024.jpg" alt="" width="800" height="1000" srcset="https://www.cm-benavente.pt/wp-content/uploads/2025/05/5o-feira-da-espiga-ARCAS-2025-1350-819x1024.jpg 819w, https://www.cm-benavente.pt/wp-content/uploads/2025/05/5o-feira-da-espiga-ARCAS-2025-1350-240x300.jpg 240w, https://www.cm-benavente.pt/wp-content/uploads/2025/05/5o-feira-da-espiga-ARCAS-2025-1350-768x960.jpg 768w, https://www.cm-benavente.pt/wp-content/uploads/2025/05/5o-feira-da-espiga-ARCAS-2025-1350-500x625.jpg 500w, https://www.cm-benavente.pt/wp-content/uploads/2025/05/5o-feira-da-espiga-ARCAS-2025-1350-800x1000.jpg 800w, https://www.cm-benavente.pt/wp-content/uploads/2025/05/5o-feira-da-espiga-ARCAS-2025-1350.jpg 1080w" sizes="(max-width: 800px) 100vw, 800px" /></a></p>

<p>Quinta-feira da Espiga &#8211; ARCAS 29 de maio às 08:00h no Pavilhão da ARCAS, Samora Correia Programa: 08:00h &#8211; Concentração dos cavaleiros trajados a rigor 09:00h &#8211; Início do passeio 13:30h &#8211; Almoço Seguido de: maneio de gado, atuação do Grupo Etnográfico &#8220;Samora e o Passado&#8221; e do Grupo de Sevilhanas &#8220;Sabor Flamenco&#8221; e animação [&hellip;]</p>
