{"id":73387,"date":"2025-05-19T13:08:12","date_gmt":"2025-05-19T13:08:12","guid":{"rendered":"https:\/\/www.cm-benavente.pt\/?post_type=mec-events&#038;p=73387"},"modified":"2025-05-19T13:08:12","modified_gmt":"2025-05-19T13:08:12","slug":"espaco-aberto-iris-fm-2","status":"publish","type":"mec-events","link":"https:\/\/www.cm-benavente.pt\/index.php\/events\/espaco-aberto-iris-fm-2\/","title":{"rendered":"Espa\u00e7o Aberto &#8211; \u00cdris FM"},"content":{"rendered":"<p><strong>Espa\u00e7o Aberto &#8211; \u00cdris FM<\/strong><\/p>\n<p><strong>28 de maio \u00e0s 21:30h<\/strong> no Centro Cultural de Samora Correia<\/p>\n<p><strong>Artistas convidados:<\/strong> Xana Carvalho, \u00c1gata, Jo\u00e3o Cani\u00e7o, S\u00f3nia Costa, Cl\u00e1udia Nayara, Katya, Jo\u00e3o Marcelo, Leandro, K\u00e1ssio e Dinis Brites<\/p>\n<p><strong>Apresenta\u00e7\u00e3o:<\/strong> Carlos Alberto Alves<\/p>\n<p><strong>Bilhetes:<\/strong> Centro Cultural de Samora Correia ou 918 738 414<\/p>\n<p><strong>Organiza\u00e7\u00e3o:<\/strong> R\u00e1dio \u00cdris FM<\/p>\n<p>&nbsp;<\/p>\n<p><a href=\"https:\/\/www.cm-benavente.pt\/wp-content\/uploads\/2025\/05\/espaco-aberto-iris-fm.jpg\"><img fetchpriority=\"high\" decoding=\"async\" class=\"alignnone size-large wp-image-73388\" src=\"https:\/\/www.cm-benavente.pt\/wp-content\/uploads\/2025\/05\/espaco-aberto-iris-fm-576x1024.jpg\" alt=\"\" width=\"576\" height=\"1024\" srcset=\"https:\/\/www.cm-benavente.pt\/wp-content\/uploads\/2025\/05\/espaco-aberto-iris-fm-576x1024.jpg 576w, https:\/\/www.cm-benavente.pt\/wp-content\/uploads\/2025\/05\/espaco-aberto-iris-fm-169x300.jpg 169w, https:\/\/www.cm-benavente.pt\/wp-content\/uploads\/2025\/05\/espaco-aberto-iris-fm-500x889.jpg 500w, https:\/\/www.cm-benavente.pt\/wp-content\/uploads\/2025\/05\/espaco-aberto-iris-fm.jpg 720w\" sizes=\"(max-width: 576px) 100vw, 576px\" \/><\/a><\/p>\n","protected":false},"excerpt":{"rendered":"<p>Espa\u00e7o Aberto &#8211; \u00cdris FM 28 de maio \u00e0s 21:30h no Centro Cultural de Samora Correia Artistas convidados: Xana Carvalho, \u00c1gata, Jo\u00e3o Cani\u00e7o, S\u00f3nia Costa, Cl\u00e1udia Nayara, Katya, Jo\u00e3o Marcelo, Leandro, K\u00e1ssio e Dinis Brites Apresenta\u00e7\u00e3o: Carlos Alberto Alves Bilhetes: Centro Cultural de Samora Correia ou 918 738 414 Organiza\u00e7\u00e3o: R\u00e1dio \u00cdris FM &nbsp;<\/p>\n","protected":false},"author":3,"featured_media":73389,"comment_status":"closed","ping_status":"closed","template":"","meta":{"_vp_format_video_url":"","_vp_image_focal_point":[]},"tags":[1397,1359,4,2632,1360,27],"mec_category":[464],"class_list":["post-73387","mec-events","type-mec-events","status-publish","has-post-thumbnail","hentry","tag-espaco-aberto","tag-iris-fm","tag-musica","tag-programa","tag-radio","tag-samora-correia","mec_category-musica"],"_links":{"self":[{"href":"https:\/\/www.cm-benavente.pt\/index.php\/wp-json\/wp\/v2\/mec-events\/73387","targetHints":{"allow":["GET"]}}],"collection":[{"href":"https:\/\/www.cm-benavente.pt\/index.php\/wp-json\/wp\/v2\/mec-events"}],"about":[{"href":"https:\/\/www.cm-benavente.pt\/index.php\/wp-json\/wp\/v2\/types\/mec-events"}],"author":[{"embeddable":true,"href":"https:\/\/www.cm-benavente.pt\/index.php\/wp-json\/wp\/v2\/users\/3"}],"replies":[{"embeddable":true,"href":"https:\/\/www.cm-benavente.pt\/index.php\/wp-json\/wp\/v2\/comments?post=73387"}],"version-history":[{"count":1,"href":"https:\/\/www.cm-benavente.pt\/index.php\/wp-json\/wp\/v2\/mec-events\/73387\/revisions"}],"predecessor-version":[{"id":73390,"href":"https:\/\/www.cm-benavente.pt\/index.php\/wp-json\/wp\/v2\/mec-events\/73387\/revisions\/73390"}],"wp:featuredmedia":[{"embeddable":true,"href":"https:\/\/www.cm-benavente.pt\/index.php\/wp-json\/wp\/v2\/media\/73389"}],"wp:attachment":[{"href":"https:\/\/www.cm-benavente.pt\/index.php\/wp-json\/wp\/v2\/media?parent=73387"}],"wp:term":[{"taxonomy":"post_tag","embeddable":true,"href":"https:\/\/www.cm-benavente.pt\/index.php\/wp-json\/wp\/v2\/tags?post=73387"},{"taxonomy":"mec_category","embeddable":true,"href":"https:\/\/www.cm-benavente.pt\/index.php\/wp-json\/wp\/v2\/mec_category?post=73387"}],"curies":[{"name":"wp","href":"https:\/\/api.w.org\/{rel}","templated":true}]}}

Espaço Aberto &#8211; Íris FM

<p><strong>Espaço Aberto &#8211; Íris FM</strong></p>
<p><strong>28 de maio às 21:30h</strong> no Centro Cultural de Samora Correia</p>
<p><strong>Artistas convidados:</strong> Xana Carvalho, Ágata, João Caniço, Sónia Costa, Cláudia Nayara, Katya, João Marcelo, Leandro, Kássio e Dinis Brites</p>
<p><strong>Apresentação:</strong> Carlos Alberto Alves</p>
<p><strong>Bilhetes:</strong> Centro Cultural de Samora Correia ou 918 738 414</p>
<p><strong>Organização:</strong> Rádio Íris FM</p>
<p>&nbsp;</p>
<p><a href="https://www.cm-benavente.pt/wp-content/uploads/2025/05/espaco-aberto-iris-fm.jpg"><img fetchpriority="high" decoding="async" class="alignnone size-large wp-image-73388" src="https://www.cm-benavente.pt/wp-content/uploads/2025/05/espaco-aberto-iris-fm-576x1024.jpg" alt="" width="576" height="1024" srcset="https://www.cm-benavente.pt/wp-content/uploads/2025/05/espaco-aberto-iris-fm-576x1024.jpg 576w, https://www.cm-benavente.pt/wp-content/uploads/2025/05/espaco-aberto-iris-fm-169x300.jpg 169w, https://www.cm-benavente.pt/wp-content/uploads/2025/05/espaco-aberto-iris-fm-500x889.jpg 500w, https://www.cm-benavente.pt/wp-content/uploads/2025/05/espaco-aberto-iris-fm.jpg 720w" sizes="(max-width: 576px) 100vw, 576px" /></a></p>

<p>Espaço Aberto &#8211; Íris FM 28 de maio às 21:30h no Centro Cultural de Samora Correia Artistas convidados: Xana Carvalho, Ágata, João Caniço, Sónia Costa, Cláudia Nayara, Katya, João Marcelo, Leandro, Kássio e Dinis Brites Apresentação: Carlos Alberto Alves Bilhetes: Centro Cultural de Samora Correia ou 918 738 414 Organização: Rádio Íris FM &nbsp;</p>
