{"id":73374,"date":"2025-05-19T10:38:20","date_gmt":"2025-05-19T10:38:20","guid":{"rendered":"https:\/\/www.cm-benavente.pt\/?post_type=mec-events&#038;p=73374"},"modified":"2025-05-19T10:38:20","modified_gmt":"2025-05-19T10:38:20","slug":"37o-aniversario-da-barrosa","status":"publish","type":"mec-events","link":"https:\/\/www.cm-benavente.pt\/index.php\/events\/37o-aniversario-da-barrosa\/","title":{"rendered":"37\u00ba Anivers\u00e1rio da Barrosa"},"content":{"rendered":"<p><strong>37\u00ba Anivers\u00e1rio da Barrosa<\/strong><\/p>\n<p><strong>19 a 24 de maio<\/strong> na Barrosa<\/p>\n<p><strong>Programa:<\/strong><\/p>\n<p><em><strong>19 a 23 de maio | Junta de Freguesia<\/strong><\/em><\/p>\n<p>09:30h \u00e0s 17:00h &#8211; VIII Feiro do Livro<\/p>\n<p><em><strong>24 de maio | Centro Social da Barrosa<\/strong><\/em><\/p>\n<p>10:00h \u00e0s 18:00h &#8211; VIII Feira do Livro e IV Mostra de Artesanato<br \/>\n09:00h &#8211; Caminhada<br \/>\n11:00h &#8211; Workshop &#8220;Medita\u00e7\u00e3o de Hipnoterapia&#8221;<br \/>\n14:00h \u00e0s 17:00h &#8211; Jogos tradicionais<br \/>\n14:30h &#8211; Workshop &#8220;Pasta de A\u00e7\u00facar&#8221;<br \/>\n15:30h &#8211; Concerto com Catarina Foguete<br \/>\n16:30h &#8211; Bolo de Anivers\u00e1rio<\/p>\n<p><strong>Organiza\u00e7\u00e3o:<\/strong> Junta de Freguesia da Barrosa<\/p>\n<p>&nbsp;<\/p>\n<p><a href=\"https:\/\/www.cm-benavente.pt\/wp-content\/uploads\/2025\/05\/dia-freguesia-barrosa-programa.jpg\"><img fetchpriority=\"high\" decoding=\"async\" class=\"alignnone size-large wp-image-73375\" src=\"https:\/\/www.cm-benavente.pt\/wp-content\/uploads\/2025\/05\/dia-freguesia-barrosa-programa-724x1024.jpg\" alt=\"\" width=\"724\" height=\"1024\" srcset=\"https:\/\/www.cm-benavente.pt\/wp-content\/uploads\/2025\/05\/dia-freguesia-barrosa-programa-724x1024.jpg 724w, https:\/\/www.cm-benavente.pt\/wp-content\/uploads\/2025\/05\/dia-freguesia-barrosa-programa-212x300.jpg 212w, https:\/\/www.cm-benavente.pt\/wp-content\/uploads\/2025\/05\/dia-freguesia-barrosa-programa-768x1086.jpg 768w, https:\/\/www.cm-benavente.pt\/wp-content\/uploads\/2025\/05\/dia-freguesia-barrosa-programa-1086x1536.jpg 1086w, https:\/\/www.cm-benavente.pt\/wp-content\/uploads\/2025\/05\/dia-freguesia-barrosa-programa-500x707.jpg 500w, https:\/\/www.cm-benavente.pt\/wp-content\/uploads\/2025\/05\/dia-freguesia-barrosa-programa-800x1132.jpg 800w, https:\/\/www.cm-benavente.pt\/wp-content\/uploads\/2025\/05\/dia-freguesia-barrosa-programa-1280x1810.jpg 1280w, https:\/\/www.cm-benavente.pt\/wp-content\/uploads\/2025\/05\/dia-freguesia-barrosa-programa.jpg 1414w\" sizes=\"(max-width: 724px) 100vw, 724px\" \/><\/a><\/p>\n","protected":false},"excerpt":{"rendered":"<p>37\u00ba Anivers\u00e1rio da Barrosa 19 a 24 de maio na Barrosa Programa: 19 a 23 de maio | Junta de Freguesia 09:30h \u00e0s 17:00h &#8211; VIII Feiro do Livro 24 de maio | Centro Social da Barrosa 10:00h \u00e0s 18:00h &#8211; VIII Feira do Livro e IV Mostra de Artesanato 09:00h &#8211; Caminhada 11:00h &#8211; [&hellip;]<\/p>\n","protected":false},"author":3,"featured_media":73376,"comment_status":"closed","ping_status":"closed","template":"","meta":{"_vp_format_video_url":"","_vp_image_focal_point":[]},"tags":[101,680,185,2874,819,340,79,4,1155],"mec_category":[467],"class_list":["post-73374","mec-events","type-mec-events","status-publish","has-post-thumbnail","hentry","tag-aniversario","tag-artesanato","tag-barrosa","tag-bolo","tag-feira","tag-junta-de-freguesia","tag-livro","tag-musica","tag-workshop","mec_category-geral"],"_links":{"self":[{"href":"https:\/\/www.cm-benavente.pt\/index.php\/wp-json\/wp\/v2\/mec-events\/73374","targetHints":{"allow":["GET"]}}],"collection":[{"href":"https:\/\/www.cm-benavente.pt\/index.php\/wp-json\/wp\/v2\/mec-events"}],"about":[{"href":"https:\/\/www.cm-benavente.pt\/index.php\/wp-json\/wp\/v2\/types\/mec-events"}],"author":[{"embeddable":true,"href":"https:\/\/www.cm-benavente.pt\/index.php\/wp-json\/wp\/v2\/users\/3"}],"replies":[{"embeddable":true,"href":"https:\/\/www.cm-benavente.pt\/index.php\/wp-json\/wp\/v2\/comments?post=73374"}],"version-history":[{"count":1,"href":"https:\/\/www.cm-benavente.pt\/index.php\/wp-json\/wp\/v2\/mec-events\/73374\/revisions"}],"predecessor-version":[{"id":73377,"href":"https:\/\/www.cm-benavente.pt\/index.php\/wp-json\/wp\/v2\/mec-events\/73374\/revisions\/73377"}],"wp:featuredmedia":[{"embeddable":true,"href":"https:\/\/www.cm-benavente.pt\/index.php\/wp-json\/wp\/v2\/media\/73376"}],"wp:attachment":[{"href":"https:\/\/www.cm-benavente.pt\/index.php\/wp-json\/wp\/v2\/media?parent=73374"}],"wp:term":[{"taxonomy":"post_tag","embeddable":true,"href":"https:\/\/www.cm-benavente.pt\/index.php\/wp-json\/wp\/v2\/tags?post=73374"},{"taxonomy":"mec_category","embeddable":true,"href":"https:\/\/www.cm-benavente.pt\/index.php\/wp-json\/wp\/v2\/mec_category?post=73374"}],"curies":[{"name":"wp","href":"https:\/\/api.w.org\/{rel}","templated":true}]}}

37º Aniversário da Barrosa

<p><strong>37º Aniversário da Barrosa</strong></p>
<p><strong>19 a 24 de maio</strong> na Barrosa</p>
<p><strong>Programa:</strong></p>
<p><em><strong>19 a 23 de maio | Junta de Freguesia</strong></em></p>
<p>09:30h às 17:00h &#8211; VIII Feiro do Livro</p>
<p><em><strong>24 de maio | Centro Social da Barrosa</strong></em></p>
<p>10:00h às 18:00h &#8211; VIII Feira do Livro e IV Mostra de Artesanato<br />
09:00h &#8211; Caminhada<br />
11:00h &#8211; Workshop &#8220;Meditação de Hipnoterapia&#8221;<br />
14:00h às 17:00h &#8211; Jogos tradicionais<br />
14:30h &#8211; Workshop &#8220;Pasta de Açúcar&#8221;<br />
15:30h &#8211; Concerto com Catarina Foguete<br />
16:30h &#8211; Bolo de Aniversário</p>
<p><strong>Organização:</strong> Junta de Freguesia da Barrosa</p>
<p>&nbsp;</p>
<p><a href="https://www.cm-benavente.pt/wp-content/uploads/2025/05/dia-freguesia-barrosa-programa.jpg"><img fetchpriority="high" decoding="async" class="alignnone size-large wp-image-73375" src="https://www.cm-benavente.pt/wp-content/uploads/2025/05/dia-freguesia-barrosa-programa-724x1024.jpg" alt="" width="724" height="1024" srcset="https://www.cm-benavente.pt/wp-content/uploads/2025/05/dia-freguesia-barrosa-programa-724x1024.jpg 724w, https://www.cm-benavente.pt/wp-content/uploads/2025/05/dia-freguesia-barrosa-programa-212x300.jpg 212w, https://www.cm-benavente.pt/wp-content/uploads/2025/05/dia-freguesia-barrosa-programa-768x1086.jpg 768w, https://www.cm-benavente.pt/wp-content/uploads/2025/05/dia-freguesia-barrosa-programa-1086x1536.jpg 1086w, https://www.cm-benavente.pt/wp-content/uploads/2025/05/dia-freguesia-barrosa-programa-500x707.jpg 500w, https://www.cm-benavente.pt/wp-content/uploads/2025/05/dia-freguesia-barrosa-programa-800x1132.jpg 800w, https://www.cm-benavente.pt/wp-content/uploads/2025/05/dia-freguesia-barrosa-programa-1280x1810.jpg 1280w, https://www.cm-benavente.pt/wp-content/uploads/2025/05/dia-freguesia-barrosa-programa.jpg 1414w" sizes="(max-width: 724px) 100vw, 724px" /></a></p>

<p>37º Aniversário da Barrosa 19 a 24 de maio na Barrosa Programa: 19 a 23 de maio | Junta de Freguesia 09:30h às 17:00h &#8211; VIII Feiro do Livro 24 de maio | Centro Social da Barrosa 10:00h às 18:00h &#8211; VIII Feira do Livro e IV Mostra de Artesanato 09:00h &#8211; Caminhada 11:00h &#8211; [&hellip;]</p>
