{"id":73369,"date":"2025-05-19T10:30:02","date_gmt":"2025-05-19T10:30:02","guid":{"rendered":"https:\/\/www.cm-benavente.pt\/?post_type=mec-events&#038;p=73369"},"modified":"2025-05-19T10:31:39","modified_gmt":"2025-05-19T10:31:39","slug":"iv-mostra-de-artesanato-da-barrosa","status":"publish","type":"mec-events","link":"https:\/\/www.cm-benavente.pt\/index.php\/events\/iv-mostra-de-artesanato-da-barrosa\/","title":{"rendered":"IV Mostra de Artesanato da Barrosa"},"content":{"rendered":"<p><strong>IV Mostra de Artesanato da Barrosa<\/strong><\/p>\n<p><strong>24 de maio das 10:00h \u00e0s 18:00h<\/strong> no Centro Social da Barrosa<\/p>\n<p><strong>Inscri\u00e7\u00f5es:<\/strong> limitadas ao espa\u00e7o dispon\u00edvel, presencialmente na Junta de Freguesia da Barrosa, pelo e-mail <a href=\"mailto:juntabarrosa@sapo.pt\">juntabarrosa@sapo.pt<\/a> ou pelos telefones <a href=\"tel:263580373\">263 580 373<\/a> ou <a href=\"tel:917110027\">918 110 027<\/a><\/p>\n<p><strong>Organiza\u00e7\u00e3o:<\/strong> Junta de Freguesia da Barrosa<\/p>\n<p>&nbsp;<\/p>\n<p><a href=\"https:\/\/www.cm-benavente.pt\/wp-content\/uploads\/2025\/05\/IV-mostra-artesanato-barrosa.jpg\"><img fetchpriority=\"high\" decoding=\"async\" class=\"alignnone size-large wp-image-73370\" src=\"https:\/\/www.cm-benavente.pt\/wp-content\/uploads\/2025\/05\/IV-mostra-artesanato-barrosa-683x1024.jpg\" alt=\"\" width=\"683\" height=\"1024\" srcset=\"https:\/\/www.cm-benavente.pt\/wp-content\/uploads\/2025\/05\/IV-mostra-artesanato-barrosa-683x1024.jpg 683w, https:\/\/www.cm-benavente.pt\/wp-content\/uploads\/2025\/05\/IV-mostra-artesanato-barrosa-200x300.jpg 200w, https:\/\/www.cm-benavente.pt\/wp-content\/uploads\/2025\/05\/IV-mostra-artesanato-barrosa-768x1152.jpg 768w, https:\/\/www.cm-benavente.pt\/wp-content\/uploads\/2025\/05\/IV-mostra-artesanato-barrosa-500x750.jpg 500w, https:\/\/www.cm-benavente.pt\/wp-content\/uploads\/2025\/05\/IV-mostra-artesanato-barrosa-800x1200.jpg 800w, https:\/\/www.cm-benavente.pt\/wp-content\/uploads\/2025\/05\/IV-mostra-artesanato-barrosa.jpg 1000w\" sizes=\"(max-width: 683px) 100vw, 683px\" \/><\/a><\/p>\n","protected":false},"excerpt":{"rendered":"<p>IV Mostra de Artesanato da Barrosa 24 de maio das 10:00h \u00e0s 18:00h no Centro Social da Barrosa Inscri\u00e7\u00f5es: limitadas ao espa\u00e7o dispon\u00edvel, presencialmente na Junta de Freguesia da Barrosa, pelo e-mail juntabarrosa@sapo.pt ou pelos telefones 263 580 373 ou 918 110 027 Organiza\u00e7\u00e3o: Junta de Freguesia da Barrosa &nbsp;<\/p>\n","protected":false},"author":3,"featured_media":73373,"comment_status":"closed","ping_status":"closed","template":"","meta":{"_vp_format_video_url":"","_vp_image_focal_point":[]},"tags":[680,769,185,340],"mec_category":[467],"class_list":["post-73369","mec-events","type-mec-events","status-publish","has-post-thumbnail","hentry","tag-artesanato","tag-artesao","tag-barrosa","tag-junta-de-freguesia","mec_category-geral"],"_links":{"self":[{"href":"https:\/\/www.cm-benavente.pt\/index.php\/wp-json\/wp\/v2\/mec-events\/73369","targetHints":{"allow":["GET"]}}],"collection":[{"href":"https:\/\/www.cm-benavente.pt\/index.php\/wp-json\/wp\/v2\/mec-events"}],"about":[{"href":"https:\/\/www.cm-benavente.pt\/index.php\/wp-json\/wp\/v2\/types\/mec-events"}],"author":[{"embeddable":true,"href":"https:\/\/www.cm-benavente.pt\/index.php\/wp-json\/wp\/v2\/users\/3"}],"replies":[{"embeddable":true,"href":"https:\/\/www.cm-benavente.pt\/index.php\/wp-json\/wp\/v2\/comments?post=73369"}],"version-history":[{"count":2,"href":"https:\/\/www.cm-benavente.pt\/index.php\/wp-json\/wp\/v2\/mec-events\/73369\/revisions"}],"predecessor-version":[{"id":73372,"href":"https:\/\/www.cm-benavente.pt\/index.php\/wp-json\/wp\/v2\/mec-events\/73369\/revisions\/73372"}],"wp:featuredmedia":[{"embeddable":true,"href":"https:\/\/www.cm-benavente.pt\/index.php\/wp-json\/wp\/v2\/media\/73373"}],"wp:attachment":[{"href":"https:\/\/www.cm-benavente.pt\/index.php\/wp-json\/wp\/v2\/media?parent=73369"}],"wp:term":[{"taxonomy":"post_tag","embeddable":true,"href":"https:\/\/www.cm-benavente.pt\/index.php\/wp-json\/wp\/v2\/tags?post=73369"},{"taxonomy":"mec_category","embeddable":true,"href":"https:\/\/www.cm-benavente.pt\/index.php\/wp-json\/wp\/v2\/mec_category?post=73369"}],"curies":[{"name":"wp","href":"https:\/\/api.w.org\/{rel}","templated":true}]}}

<p><strong>IV Mostra de Artesanato da Barrosa</strong></p>
<p><strong>24 de maio das 10:00h às 18:00h</strong> no Centro Social da Barrosa</p>
<p><strong>Inscrições:</strong> limitadas ao espaço disponível, presencialmente na Junta de Freguesia da Barrosa, pelo e-mail <a href="mailto:juntabarrosa@sapo.pt">juntabarrosa@sapo.pt</a> ou pelos telefones <a href="tel:263580373">263 580 373</a> ou <a href="tel:917110027">918 110 027</a></p>
<p><strong>Organização:</strong> Junta de Freguesia da Barrosa</p>
<p>&nbsp;</p>
<p><a href="https://www.cm-benavente.pt/wp-content/uploads/2025/05/IV-mostra-artesanato-barrosa.jpg"><img fetchpriority="high" decoding="async" class="alignnone size-large wp-image-73370" src="https://www.cm-benavente.pt/wp-content/uploads/2025/05/IV-mostra-artesanato-barrosa-683x1024.jpg" alt="" width="683" height="1024" srcset="https://www.cm-benavente.pt/wp-content/uploads/2025/05/IV-mostra-artesanato-barrosa-683x1024.jpg 683w, https://www.cm-benavente.pt/wp-content/uploads/2025/05/IV-mostra-artesanato-barrosa-200x300.jpg 200w, https://www.cm-benavente.pt/wp-content/uploads/2025/05/IV-mostra-artesanato-barrosa-768x1152.jpg 768w, https://www.cm-benavente.pt/wp-content/uploads/2025/05/IV-mostra-artesanato-barrosa-500x750.jpg 500w, https://www.cm-benavente.pt/wp-content/uploads/2025/05/IV-mostra-artesanato-barrosa-800x1200.jpg 800w, https://www.cm-benavente.pt/wp-content/uploads/2025/05/IV-mostra-artesanato-barrosa.jpg 1000w" sizes="(max-width: 683px) 100vw, 683px" /></a></p>

<p>IV Mostra de Artesanato da Barrosa 24 de maio das 10:00h às 18:00h no Centro Social da Barrosa Inscrições: limitadas ao espaço disponível, presencialmente na Junta de Freguesia da Barrosa, pelo e-mail juntabarrosa@sapo.pt ou pelos telefones 263 580 373 ou 918 110 027 Organização: Junta de Freguesia da Barrosa &nbsp;</p>
