{"id":73303,"date":"2025-05-19T09:23:41","date_gmt":"2025-05-19T09:23:41","guid":{"rendered":"https:\/\/www.cm-benavente.pt\/?post_type=mec-events&#038;p=73303"},"modified":"2025-05-20T15:57:59","modified_gmt":"2025-05-20T15:57:59","slug":"apresentacao-do-livro-o-gastronomo-de-benavente","status":"publish","type":"mec-events","link":"https:\/\/www.cm-benavente.pt\/index.php\/events\/apresentacao-do-livro-o-gastronomo-de-benavente\/","title":{"rendered":"ADIADO &#8211; Apresenta\u00e7\u00e3o do Livro &#8220;O Gastr\u00f3nomo de Benavente&#8221;"},"content":{"rendered":"<p><em><strong>ADIADO PARA DATA A DEFINIR<\/strong><\/em><\/p>\n<p><strong>Apresenta\u00e7\u00e3o do Livro &#8220;O Gastr\u00f3nomo de Benavente&#8221;<\/strong><\/p>\n<p><strong>23 de maio \u00e0s 21:00h<\/strong> na Biblioteca Odete e Carlos Gaspar, Samora Correia<\/p>\n<p><strong>Livro de:<\/strong> Domingos David Pereira<\/p>\n<p>Esta obra revisita as tradi\u00e7\u00f5es e a cozinha t\u00edpica das gentes de Benavente, tra\u00e7ando um retrato que combina mem\u00f3ria, hist\u00f3ria e cultura. Entre descri\u00e7\u00f5es de pratos emblem\u00e1ticos e hist\u00f3rias carregadas de humanidade, o livro reflete a ess\u00eancia e a resili\u00eancia de um povo que fez dos recursos simples a base para &#8220;manjares dignos&#8221;.<\/p>\n<p>Para Domingos David Pereira, a cozinha \u00e9 um reflexo das vidas que a moldaram, \u00e9 um espelho das hist\u00f3rias, lendas e viv\u00eancias de uma regi\u00e3o.<\/p>\n<p>Entre o mata-bicho do campino ao farnel esquecido, entremeando sabores, lendas e viv\u00eancias ou as paix\u00f5es urgentes que n\u00e3o esperam pelo descanso, o livro leva o leitor a uma imers\u00e3o nas ra\u00edzes culturais e emocionais de Benavente.<\/p>\n<p><strong>Entrada gratuita<\/strong><\/p>\n<p>&nbsp;<\/p>\n<p><a href=\"https:\/\/www.cm-benavente.pt\/wp-content\/uploads\/2025\/05\/Apresentacao-Livro-Gastronomo-de-Benavente_1080x1080.jpg\"><img fetchpriority=\"high\" decoding=\"async\" class=\"alignnone size-large wp-image-73304\" src=\"https:\/\/www.cm-benavente.pt\/wp-content\/uploads\/2025\/05\/Apresentacao-Livro-Gastronomo-de-Benavente_1080x1080-1024x1024.jpg\" alt=\"\" width=\"800\" height=\"800\" srcset=\"https:\/\/www.cm-benavente.pt\/wp-content\/uploads\/2025\/05\/Apresentacao-Livro-Gastronomo-de-Benavente_1080x1080-1024x1024.jpg 1024w, https:\/\/www.cm-benavente.pt\/wp-content\/uploads\/2025\/05\/Apresentacao-Livro-Gastronomo-de-Benavente_1080x1080-300x300.jpg 300w, https:\/\/www.cm-benavente.pt\/wp-content\/uploads\/2025\/05\/Apresentacao-Livro-Gastronomo-de-Benavente_1080x1080-150x150.jpg 150w, https:\/\/www.cm-benavente.pt\/wp-content\/uploads\/2025\/05\/Apresentacao-Livro-Gastronomo-de-Benavente_1080x1080-768x768.jpg 768w, https:\/\/www.cm-benavente.pt\/wp-content\/uploads\/2025\/05\/Apresentacao-Livro-Gastronomo-de-Benavente_1080x1080-500x500.jpg 500w, https:\/\/www.cm-benavente.pt\/wp-content\/uploads\/2025\/05\/Apresentacao-Livro-Gastronomo-de-Benavente_1080x1080-800x800.jpg 800w, https:\/\/www.cm-benavente.pt\/wp-content\/uploads\/2025\/05\/Apresentacao-Livro-Gastronomo-de-Benavente_1080x1080.jpg 1080w\" sizes=\"(max-width: 800px) 100vw, 800px\" \/><\/a><\/p>\n","protected":false},"excerpt":{"rendered":"<p>ADIADO PARA DATA A DEFINIR Apresenta\u00e7\u00e3o do Livro &#8220;O Gastr\u00f3nomo de Benavente&#8221; 23 de maio \u00e0s 21:00h na Biblioteca Odete e Carlos Gaspar, Samora Correia Livro de: Domingos David Pereira Esta obra revisita as tradi\u00e7\u00f5es e a cozinha t\u00edpica das gentes de Benavente, tra\u00e7ando um retrato que combina mem\u00f3ria, hist\u00f3ria e cultura. Entre descri\u00e7\u00f5es de [&hellip;]<\/p>\n","protected":false},"author":3,"featured_media":73305,"comment_status":"closed","ping_status":"closed","template":"","meta":{"_vp_format_video_url":"","_vp_image_focal_point":[]},"tags":[846,16,83,2897,2898,794,79,27],"mec_category":[757],"class_list":["post-73303","mec-events","type-mec-events","status-publish","has-post-thumbnail","hentry","tag-apresentacao","tag-benavente","tag-biblioteca","tag-domingos-david-pereira","tag-gastronomo","tag-literatura","tag-livro","tag-samora-correia","mec_category-literatura"],"_links":{"self":[{"href":"https:\/\/www.cm-benavente.pt\/index.php\/wp-json\/wp\/v2\/mec-events\/73303","targetHints":{"allow":["GET"]}}],"collection":[{"href":"https:\/\/www.cm-benavente.pt\/index.php\/wp-json\/wp\/v2\/mec-events"}],"about":[{"href":"https:\/\/www.cm-benavente.pt\/index.php\/wp-json\/wp\/v2\/types\/mec-events"}],"author":[{"embeddable":true,"href":"https:\/\/www.cm-benavente.pt\/index.php\/wp-json\/wp\/v2\/users\/3"}],"replies":[{"embeddable":true,"href":"https:\/\/www.cm-benavente.pt\/index.php\/wp-json\/wp\/v2\/comments?post=73303"}],"version-history":[{"count":3,"href":"https:\/\/www.cm-benavente.pt\/index.php\/wp-json\/wp\/v2\/mec-events\/73303\/revisions"}],"predecessor-version":[{"id":73550,"href":"https:\/\/www.cm-benavente.pt\/index.php\/wp-json\/wp\/v2\/mec-events\/73303\/revisions\/73550"}],"wp:featuredmedia":[{"embeddable":true,"href":"https:\/\/www.cm-benavente.pt\/index.php\/wp-json\/wp\/v2\/media\/73305"}],"wp:attachment":[{"href":"https:\/\/www.cm-benavente.pt\/index.php\/wp-json\/wp\/v2\/media?parent=73303"}],"wp:term":[{"taxonomy":"post_tag","embeddable":true,"href":"https:\/\/www.cm-benavente.pt\/index.php\/wp-json\/wp\/v2\/tags?post=73303"},{"taxonomy":"mec_category","embeddable":true,"href":"https:\/\/www.cm-benavente.pt\/index.php\/wp-json\/wp\/v2\/mec_category?post=73303"}],"curies":[{"name":"wp","href":"https:\/\/api.w.org\/{rel}","templated":true}]}}

ADIADO &#8211; Apresentação do Livro &#8220;O Gastrónomo de Benavente&#8221;

<p><em><strong>ADIADO PARA DATA A DEFINIR</strong></em></p>
<p><strong>Apresentação do Livro &#8220;O Gastrónomo de Benavente&#8221;</strong></p>
<p><strong>23 de maio às 21:00h</strong> na Biblioteca Odete e Carlos Gaspar, Samora Correia</p>
<p><strong>Livro de:</strong> Domingos David Pereira</p>
<p>Esta obra revisita as tradições e a cozinha típica das gentes de Benavente, traçando um retrato que combina memória, história e cultura. Entre descrições de pratos emblemáticos e histórias carregadas de humanidade, o livro reflete a essência e a resiliência de um povo que fez dos recursos simples a base para &#8220;manjares dignos&#8221;.</p>
<p>Para Domingos David Pereira, a cozinha é um reflexo das vidas que a moldaram, é um espelho das histórias, lendas e vivências de uma região.</p>
<p>Entre o mata-bicho do campino ao farnel esquecido, entremeando sabores, lendas e vivências ou as paixões urgentes que não esperam pelo descanso, o livro leva o leitor a uma imersão nas raízes culturais e emocionais de Benavente.</p>
<p><strong>Entrada gratuita</strong></p>
<p>&nbsp;</p>
<p><a href="https://www.cm-benavente.pt/wp-content/uploads/2025/05/Apresentacao-Livro-Gastronomo-de-Benavente_1080x1080.jpg"><img fetchpriority="high" decoding="async" class="alignnone size-large wp-image-73304" src="https://www.cm-benavente.pt/wp-content/uploads/2025/05/Apresentacao-Livro-Gastronomo-de-Benavente_1080x1080-1024x1024.jpg" alt="" width="800" height="800" srcset="https://www.cm-benavente.pt/wp-content/uploads/2025/05/Apresentacao-Livro-Gastronomo-de-Benavente_1080x1080-1024x1024.jpg 1024w, https://www.cm-benavente.pt/wp-content/uploads/2025/05/Apresentacao-Livro-Gastronomo-de-Benavente_1080x1080-300x300.jpg 300w, https://www.cm-benavente.pt/wp-content/uploads/2025/05/Apresentacao-Livro-Gastronomo-de-Benavente_1080x1080-150x150.jpg 150w, https://www.cm-benavente.pt/wp-content/uploads/2025/05/Apresentacao-Livro-Gastronomo-de-Benavente_1080x1080-768x768.jpg 768w, https://www.cm-benavente.pt/wp-content/uploads/2025/05/Apresentacao-Livro-Gastronomo-de-Benavente_1080x1080-500x500.jpg 500w, https://www.cm-benavente.pt/wp-content/uploads/2025/05/Apresentacao-Livro-Gastronomo-de-Benavente_1080x1080-800x800.jpg 800w, https://www.cm-benavente.pt/wp-content/uploads/2025/05/Apresentacao-Livro-Gastronomo-de-Benavente_1080x1080.jpg 1080w" sizes="(max-width: 800px) 100vw, 800px" /></a></p>

<p>ADIADO PARA DATA A DEFINIR Apresentação do Livro &#8220;O Gastrónomo de Benavente&#8221; 23 de maio às 21:00h na Biblioteca Odete e Carlos Gaspar, Samora Correia Livro de: Domingos David Pereira Esta obra revisita as tradições e a cozinha típica das gentes de Benavente, traçando um retrato que combina memória, história e cultura. Entre descrições de [&hellip;]</p>
