{"id":73148,"date":"2025-05-14T13:38:13","date_gmt":"2025-05-14T13:38:13","guid":{"rendered":"https:\/\/www.cm-benavente.pt\/?post_type=mec-events&#038;p=73148"},"modified":"2025-05-14T13:38:13","modified_gmt":"2025-05-14T13:38:13","slug":"16a-caminhada-amor-do-peito","status":"publish","type":"mec-events","link":"https:\/\/www.cm-benavente.pt\/index.php\/events\/16a-caminhada-amor-do-peito\/","title":{"rendered":"16\u00aa Caminhada Amor do Peito"},"content":{"rendered":"<p><strong>16\u00aa Caminhada Amor do Peito<\/strong><\/p>\n<p><strong>25 de maio \u00e0s 09:00h<\/strong> nos Bombeiros Volunt\u00e1rios de Vila Franca de Xira<\/p>\n<p><strong>Inscri\u00e7\u00e3o:<\/strong> 8 volunt\u00e1rios (valor reverte a favor dos doentes com cancro da mama) com oferta de t-shirt e saco mochila (poder\u00e3o ser obtidos na Retrosaria Lena em Alhandra ou nos Bombeiros de Vila Franca de Xira)<\/p>\n<p><strong>Programa:<\/strong><\/p>\n<p>09:00h &#8211; Inscri\u00e7\u00e3o no local da concentra\u00e7\u00e3o<br \/>\n09:30h &#8211; Concentra\u00e7\u00e3o dos participantes nas instala\u00e7\u00f5es dos Bombeiros Volunt\u00e1rios de Vila Franca de Xira<br \/>\n10:30h &#8211; In\u00edcio da Caminhada at\u00e9 ao Parque do Cevadeiro<br \/>\n11:00h &#8211; Largada de Bal\u00f5es<br \/>\n11:15h &#8211; Ligeira sess\u00e3o de exerc\u00edcio f\u00edsico (junto ao Pavilh\u00e3o Multiusos, Vila Franca de Xira)<\/p>\n<p><strong>Organiza\u00e7\u00e3o:<\/strong> Liga dos Amigos do Hospital de Vila Franca de Xira<\/p>\n<p>&nbsp;<\/p>\n<p><a href=\"https:\/\/www.cm-benavente.pt\/wp-content\/uploads\/2025\/05\/caminhada-amor-do-peito.jpg\"><img fetchpriority=\"high\" decoding=\"async\" class=\"alignnone size-full wp-image-73149\" src=\"https:\/\/www.cm-benavente.pt\/wp-content\/uploads\/2025\/05\/caminhada-amor-do-peito.jpg\" alt=\"\" width=\"497\" height=\"694\" srcset=\"https:\/\/www.cm-benavente.pt\/wp-content\/uploads\/2025\/05\/caminhada-amor-do-peito.jpg 497w, https:\/\/www.cm-benavente.pt\/wp-content\/uploads\/2025\/05\/caminhada-amor-do-peito-215x300.jpg 215w\" sizes=\"(max-width: 497px) 100vw, 497px\" \/><\/a><\/p>\n","protected":false},"excerpt":{"rendered":"<p>16\u00aa Caminhada Amor do Peito 25 de maio \u00e0s 09:00h nos Bombeiros Volunt\u00e1rios de Vila Franca de Xira Inscri\u00e7\u00e3o: 8 volunt\u00e1rios (valor reverte a favor dos doentes com cancro da mama) com oferta de t-shirt e saco mochila (poder\u00e3o ser obtidos na Retrosaria Lena em Alhandra ou nos Bombeiros de Vila Franca de Xira) Programa: [&hellip;]<\/p>\n","protected":false},"author":3,"featured_media":73150,"comment_status":"closed","ping_status":"closed","template":"","meta":{"_vp_format_video_url":"","_vp_image_focal_point":[]},"tags":[808,352,124,99,156],"mec_category":[472],"class_list":["post-73148","mec-events","type-mec-events","status-publish","has-post-thumbnail","hentry","tag-caminhada","tag-cancro-da-mama","tag-desporto","tag-saude","tag-vila-franca-de-xira","mec_category-desporto"],"_links":{"self":[{"href":"https:\/\/www.cm-benavente.pt\/index.php\/wp-json\/wp\/v2\/mec-events\/73148","targetHints":{"allow":["GET"]}}],"collection":[{"href":"https:\/\/www.cm-benavente.pt\/index.php\/wp-json\/wp\/v2\/mec-events"}],"about":[{"href":"https:\/\/www.cm-benavente.pt\/index.php\/wp-json\/wp\/v2\/types\/mec-events"}],"author":[{"embeddable":true,"href":"https:\/\/www.cm-benavente.pt\/index.php\/wp-json\/wp\/v2\/users\/3"}],"replies":[{"embeddable":true,"href":"https:\/\/www.cm-benavente.pt\/index.php\/wp-json\/wp\/v2\/comments?post=73148"}],"version-history":[{"count":1,"href":"https:\/\/www.cm-benavente.pt\/index.php\/wp-json\/wp\/v2\/mec-events\/73148\/revisions"}],"predecessor-version":[{"id":73151,"href":"https:\/\/www.cm-benavente.pt\/index.php\/wp-json\/wp\/v2\/mec-events\/73148\/revisions\/73151"}],"wp:featuredmedia":[{"embeddable":true,"href":"https:\/\/www.cm-benavente.pt\/index.php\/wp-json\/wp\/v2\/media\/73150"}],"wp:attachment":[{"href":"https:\/\/www.cm-benavente.pt\/index.php\/wp-json\/wp\/v2\/media?parent=73148"}],"wp:term":[{"taxonomy":"post_tag","embeddable":true,"href":"https:\/\/www.cm-benavente.pt\/index.php\/wp-json\/wp\/v2\/tags?post=73148"},{"taxonomy":"mec_category","embeddable":true,"href":"https:\/\/www.cm-benavente.pt\/index.php\/wp-json\/wp\/v2\/mec_category?post=73148"}],"curies":[{"name":"wp","href":"https:\/\/api.w.org\/{rel}","templated":true}]}}

16ª Caminhada Amor do Peito

<p><strong>16ª Caminhada Amor do Peito</strong></p>
<p><strong>25 de maio às 09:00h</strong> nos Bombeiros Voluntários de Vila Franca de Xira</p>
<p><strong>Inscrição:</strong> 8 voluntários (valor reverte a favor dos doentes com cancro da mama) com oferta de t-shirt e saco mochila (poderão ser obtidos na Retrosaria Lena em Alhandra ou nos Bombeiros de Vila Franca de Xira)</p>
<p><strong>Programa:</strong></p>
<p>09:00h &#8211; Inscrição no local da concentração<br />
09:30h &#8211; Concentração dos participantes nas instalações dos Bombeiros Voluntários de Vila Franca de Xira<br />
10:30h &#8211; Início da Caminhada até ao Parque do Cevadeiro<br />
11:00h &#8211; Largada de Balões<br />
11:15h &#8211; Ligeira sessão de exercício físico (junto ao Pavilhão Multiusos, Vila Franca de Xira)</p>
<p><strong>Organização:</strong> Liga dos Amigos do Hospital de Vila Franca de Xira</p>
<p>&nbsp;</p>
<p><a href="https://www.cm-benavente.pt/wp-content/uploads/2025/05/caminhada-amor-do-peito.jpg"><img fetchpriority="high" decoding="async" class="alignnone size-full wp-image-73149" src="https://www.cm-benavente.pt/wp-content/uploads/2025/05/caminhada-amor-do-peito.jpg" alt="" width="497" height="694" srcset="https://www.cm-benavente.pt/wp-content/uploads/2025/05/caminhada-amor-do-peito.jpg 497w, https://www.cm-benavente.pt/wp-content/uploads/2025/05/caminhada-amor-do-peito-215x300.jpg 215w" sizes="(max-width: 497px) 100vw, 497px" /></a></p>

<p>16ª Caminhada Amor do Peito 25 de maio às 09:00h nos Bombeiros Voluntários de Vila Franca de Xira Inscrição: 8 voluntários (valor reverte a favor dos doentes com cancro da mama) com oferta de t-shirt e saco mochila (poderão ser obtidos na Retrosaria Lena em Alhandra ou nos Bombeiros de Vila Franca de Xira) Programa: [&hellip;]</p>
